000
CDUS41 KCLE 200527
CLICLE


CLIMATE REPORT
NATIONAL WEATHER SERVICE CLEVELAND OH
1227 AM EST SAT DEC 20 2014


...................................

...THE CLEVELAND OH CLIMATE SUMMARY FOR DECEMBER 19 2014...

CLIMATE NORMAL PERIOD 1981 TO 2010
CLIMATE RECORD PERIOD 1871 TO 2014


WEATHER ITEM   OBSERVED TIME   RECORD YEAR NORMAL DEPARTURE LAST
                VALUE   (LST)  VALUE       VALUE  FROM      YEAR
                                                  NORMAL
..................................................................
TEMPERATURE (F)
 YESTERDAY
  MAXIMUM         32   1226 PM  61    1939  37     -5       47
  MINIMUM         29   1159 PM  -5    1884  25      4       29
  AVERAGE         31                        31      0       38

PRECIPITATION (IN)
  YESTERDAY        0.07                      0.10  -0.03      T
  MONTH TO DATE    1.46                      1.92  -0.46     1.01
  SINCE DEC 1      1.46                      1.92  -0.46     1.01
  SINCE JAN 1     43.56                     37.96   5.60    38.76

SNOWFALL (IN)
  YESTERDAY        0.9                       0.5    0.4      0.0
  MONTH TO DATE    0.9                       7.8   -6.9     11.9
  SINCE DEC 1      0.9                       7.8   -6.9     11.9
  SINCE JUL 1     20.3                      12.3    8.0     16.6
  SNOW DEPTH       1

DEGREE DAYS
 HEATING
  YESTERDAY       34                        34      0       27
  MONTH TO DATE  551                       587    -36      655
  SINCE DEC 1    551                       587    -36      655
  SINCE JUL 1   1885                      1682    203     1804

 COOLING
  YESTERDAY        0                         0      0        0
  MONTH TO DATE    0                         0      0        0
  SINCE DEC 1      0                         0      0        0
  SINCE JAN 1    657                       817   -160      889
..................................................................


WIND (MPH)
  HIGHEST WIND SPEED    15   HIGHEST WIND DIRECTION     W (250)
  HIGHEST GUST SPEED    20   HIGHEST GUST DIRECTION    SW (240)
  AVERAGE WIND SPEED     7.6


SKY COVER
  POSSIBLE SUNSHINE  MM
  AVERAGE SKY COVER 1.0


WEATHER CONDITIONS
 THE FOLLOWING WEATHER WAS RECORDED YESTERDAY.
  LT FREEZING RAIN
  SNOW
  LIGHT SNOW
  FOG


RELATIVE HUMIDITY (PERCENT)
 HIGHEST    92          1200 AM
 LOWEST     66          1200 PM
 AVERAGE    79

..........................................................


THE CLEVELAND OH CLIMATE NORMALS FOR TODAY
                         NORMAL    RECORD    YEAR
 MAXIMUM TEMPERATURE (F)   37        62      1895
 MINIMUM TEMPERATURE (F)   25        -4      1963
                                             1884
                                             1871


SUNRISE AND SUNSET
DECEMBER 20 2014......SUNRISE   750 AM EST   SUNSET   501 PM EST
DECEMBER 21 2014......SUNRISE   750 AM EST   SUNSET   501 PM EST


-  INDICATES NEGATIVE NUMBERS.
R  INDICATES RECORD WAS SET OR TIED.
MM INDICATES DATA IS MISSING.
T  INDICATES TRACE AMOUNT.




$$
