000
CDUS41 KCLE 220534
CLICLE


CLIMATE REPORT
NATIONAL WEATHER SERVICE CLEVELAND OH
1234 AM EST SAT NOV 22 2014


...................................

...THE CLEVELAND OH CLIMATE SUMMARY FOR NOVEMBER 21 2014...

CLIMATE NORMAL PERIOD 1981 TO 2010
CLIMATE RECORD PERIOD 1871 TO 2014


WEATHER ITEM   OBSERVED TIME   RECORD YEAR NORMAL DEPARTURE LAST
                VALUE   (LST)  VALUE       VALUE  FROM      YEAR
                                                  NORMAL
..................................................................
TEMPERATURE (F)
 YESTERDAY
  MAXIMUM         24    215 PM  70    1930  48    -24       46
                                      1906
  MINIMUM         16   1157 PM   3    1880  35    -19       40
  AVERAGE         20                        42    -22       43

PRECIPITATION (IN)
  YESTERDAY        0.10                      0.12  -0.02     0.09
  MONTH TO DATE    2.30                      2.54  -0.24     2.54
  SINCE SEP 1      9.61                      9.42   0.19     9.20
  SINCE JAN 1     40.72                     34.96   5.76    37.41

SNOWFALL (IN)
  YESTERDAY        2.1                       0.2    1.9      0.0
  MONTH TO DATE   12.4                       2.3   10.1      3.1
  SINCE SEP 1     12.4                       2.5    9.9      3.1
  SINCE JUL 1     12.4                       2.5    9.9      3.1
  SNOW DEPTH       4

DEGREE DAYS
 HEATING
  YESTERDAY       45                        23     22       22
  MONTH TO DATE  604                       408    196      433
  SINCE SEP 1   1079                       856    223      837
  SINCE JUL 1   1104                       868    236      844

 COOLING
  YESTERDAY        0                         0      0        0
  MONTH TO DATE    0                         0      0        0
  SINCE SEP 1     67                       101    -34      127
  SINCE JAN 1    657                       816   -159      889
..................................................................


WIND (MPH)
  HIGHEST WIND SPEED    17   HIGHEST WIND DIRECTION     W (290)
  HIGHEST GUST SPEED    22   HIGHEST GUST DIRECTION     W (270)
  AVERAGE WIND SPEED     8.6


SKY COVER
  POSSIBLE SUNSHINE  MM
  AVERAGE SKY COVER 0.6


WEATHER CONDITIONS
 THE FOLLOWING WEATHER WAS RECORDED YESTERDAY.
  SNOW
  LIGHT SNOW


RELATIVE HUMIDITY (PERCENT)
 HIGHEST    91           300 AM
 LOWEST     54           300 PM
 AVERAGE    73

..........................................................


THE CLEVELAND OH CLIMATE NORMALS FOR TODAY
                         NORMAL    RECORD    YEAR
 MAXIMUM TEMPERATURE (F)   48        73      1934
 MINIMUM TEMPERATURE (F)   35         0      1880


SUNRISE AND SUNSET
NOVEMBER 22 2014......SUNRISE   724 AM EST   SUNSET   503 PM EST
NOVEMBER 23 2014......SUNRISE   725 AM EST   SUNSET   502 PM EST


-  INDICATES NEGATIVE NUMBERS.
R  INDICATES RECORD WAS SET OR TIED.
MM INDICATES DATA IS MISSING.
T  INDICATES TRACE AMOUNT.




$$
