000
CDUS41 KCLE 140545
CLICLE


CLIMATE REPORT
NATIONAL WEATHER SERVICE CLEVELAND OH
145 AM EDT THU AUG 14 2014


...................................

...THE CLEVELAND OH CLIMATE SUMMARY FOR AUGUST 13 2014...

CLIMATE NORMAL PERIOD 1981 TO 2010
CLIMATE RECORD PERIOD 1871 TO 2014


WEATHER ITEM   OBSERVED TIME   RECORD YEAR NORMAL DEPARTURE LAST
                VALUE   (LST)  VALUE       VALUE  FROM      YEAR
                                                  NORMAL
..................................................................
TEMPERATURE (F)
 YESTERDAY
  MAXIMUM         73    601 PM  95    2002  81     -8       72
                                      1995
                                      1918
  MINIMUM         59    931 PM  47    1982  64     -5       62
                                      1967
  AVERAGE         66                        72     -6       67

PRECIPITATION (IN)
  YESTERDAY        0.11                      0.12  -0.01     0.04
  MONTH TO DATE    2.92                      1.51   1.41     1.47
  SINCE JUN 1     13.17                      8.40   4.77    14.28
  SINCE JAN 1     29.44                     23.54   5.90    26.87

SNOWFALL (IN)
  YESTERDAY        0.0                       0.0    0.0      0.0
  MONTH TO DATE    0.0                       0.0    0.0      0.0
  SINCE JUN 1      0.0                       0.0    0.0      0.0
  SINCE JUL 1      0.0                       0.0    0.0      0.0
  SNOW DEPTH       0

DEGREE DAYS
 HEATING
  YESTERDAY        0                         0      0        0
  MONTH TO DATE    0                         0      0        0
  SINCE JUN 1     34                        46    -12       42
  SINCE JUL 1     14                         4     10        3

 COOLING
  YESTERDAY        1                         8     -7        2
  MONTH TO DATE   63                       104    -41       70
  SINCE JUN 1    397                       537   -140      520
  SINCE JAN 1    463                       596   -133      634
..................................................................


WIND (MPH)
  HIGHEST WIND SPEED    22   HIGHEST WIND DIRECTION     W (290)
  HIGHEST GUST SPEED    30   HIGHEST GUST DIRECTION     W (280)
  AVERAGE WIND SPEED     9.8


SKY COVER
  POSSIBLE SUNSHINE  MM
  AVERAGE SKY COVER 0.6


WEATHER CONDITIONS
 THE FOLLOWING WEATHER WAS RECORDED YESTERDAY.
  LIGHT RAIN
  FOG


RELATIVE HUMIDITY (PERCENT)
 HIGHEST    97           600 AM
 LOWEST     44           400 PM
 AVERAGE    71

..........................................................


THE CLEVELAND OH CLIMATE NORMALS FOR TODAY
                         NORMAL    RECORD    YEAR
 MAXIMUM TEMPERATURE (F)   81        97      1944
 MINIMUM TEMPERATURE (F)   64        46      1964


SUNRISE AND SUNSET
AUGUST 14 2014........SUNRISE   635 AM EDT   SUNSET   828 PM EDT
AUGUST 15 2014........SUNRISE   636 AM EDT   SUNSET   827 PM EDT


-  INDICATES NEGATIVE NUMBERS.
R  INDICATES RECORD WAS SET OR TIED.
MM INDICATES DATA IS MISSING.
T  INDICATES TRACE AMOUNT.




$$
