843
CDUS41 KCLE 092116
CLICLE


CLIMATE REPORT
NATIONAL WEATHER SERVICE CLEVELAND OH
512 PM EDT SAT MAY 9 2015


...................................

...THE CLEVELAND OH CLIMATE SUMMARY FOR MAY 9 2015...
VALID TODAY AS OF 0500 PM LOCAL TIME.

CLIMATE NORMAL PERIOD 1981 TO 2010
CLIMATE RECORD PERIOD 1871 TO 2015


WEATHER ITEM   OBSERVED TIME   RECORD YEAR NORMAL DEPARTURE LAST
                VALUE   (LST)  VALUE       VALUE  FROM      YEAR
                                                  NORMAL
..................................................................
TEMPERATURE (F)
 TODAY
  MAXIMUM         88R   241 PM  88    1979  68     20       82
  MINIMUM         61    427 AM  29    1983  48     13       62
  AVERAGE         75                        58     17       72

PRECIPITATION (IN)
  TODAY            0.00                      0.11  -0.11     0.15
  MONTH TO DATE    0.08                      1.00  -0.92     0.28
  SINCE MAR 1      4.82                      7.42  -2.60     7.44
  SINCE JAN 1      9.62                     12.48  -2.86    12.47

SNOWFALL (IN)
  TODAY            0.0                       0.0    0.0      0.0
  MONTH TO DATE    0.0                       0.1   -0.1      0.0
  SINCE MAR 1      5.7                      16.0  -10.3     16.4
  SINCE JUL 1     67.1                      68.2   -1.1     86.1
  SNOW DEPTH       0

DEGREE DAYS
 HEATING
  TODAY            0                         8     -8        0
  MONTH TO DATE   31                        84    -53       82
  SINCE MAR 1   1436                      1378     58     1516
  SINCE JUL 1   6386                      5595    791     6197

 COOLING
  TODAY           10                         1      9        7
  MONTH TO DATE   28                         9     19       16
  SINCE MAR 1     29                        20      9       23
  SINCE JAN 1     29                        20      9       23
..................................................................


WIND (MPH)
  HIGHEST WIND SPEED    21   HIGHEST WIND DIRECTION     S (190)
  HIGHEST GUST SPEED    32   HIGHEST GUST DIRECTION     S (190)


SKY COVER
  POSSIBLE SUNSHINE  MM
  AVERAGE SKY COVER 0.6


WEATHER CONDITIONS
 THE FOLLOWING WEATHER WAS RECORDED TODAY.
  NO SIGNIFICANT WEATHER WAS OBSERVED.


RELATIVE HUMIDITY (PERCENT)
 HIGHEST    84           500 AM
 LOWEST     34           400 PM
 AVERAGE    59

..........................................................


THE CLEVELAND OH CLIMATE NORMALS FOR TOMORROW
                         NORMAL    RECORD    YEAR
 MAXIMUM TEMPERATURE (F)   68        90      1953
 MINIMUM TEMPERATURE (F)   48        25      1966


SUNRISE AND SUNSET
MAY  9 2015...........SUNRISE   615 AM EDT   SUNSET   833 PM EDT
MAY 10 2015...........SUNRISE   614 AM EDT   SUNSET   834 PM EDT


-  INDICATES NEGATIVE NUMBERS.
R  INDICATES RECORD WAS SET OR TIED.
MM INDICATES DATA IS MISSING.
T  INDICATES TRACE AMOUNT.




$$
