000
CDUS41 KCLE 240527
CLICLE


CLIMATE REPORT
NATIONAL WEATHER SERVICE CLEVELAND OH
125 AM EDT SUN MAY 24 2015


...................................

...THE CLEVELAND OH CLIMATE SUMMARY FOR MAY 23 2015...

CLIMATE NORMAL PERIOD 1981 TO 2010
CLIMATE RECORD PERIOD 1871 TO 2015


WEATHER ITEM   OBSERVED TIME   RECORD YEAR NORMAL DEPARTURE LAST
                VALUE   (LST)  VALUE       VALUE  FROM      YEAR
                                                  NORMAL
..................................................................
TEMPERATURE (F)
 YESTERDAY
  MAXIMUM         72    244 PM  90    1991  72      0       63
  MINIMUM         39    444 AM  34    1961  52    -13       51
  AVERAGE         56                        62     -6       57

PRECIPITATION (IN)
  YESTERDAY        0.00                      0.13  -0.13     0.00
  MONTH TO DATE    1.15                      2.67  -1.52     3.97
  SINCE MAR 1      5.89                      9.09  -3.20    11.13
  SINCE JAN 1     10.69                     14.15  -3.46    16.16

SNOWFALL (IN)
  YESTERDAY        0.0                       0.0    0.0      0.0
  MONTH TO DATE    0.0                       0.1   -0.1      0.0
  SINCE MAR 1      5.7                      16.0  -10.3     16.4
  SINCE JUL 1     67.1                      68.2   -1.1     86.1
  SNOW DEPTH       0

DEGREE DAYS
 HEATING
  YESTERDAY        9                         5      4        8
  MONTH TO DATE  127                       176    -49      167
  SINCE MAR 1   1532                      1470     62     1601
  SINCE JUL 1   6482                      5687    795     6282

 COOLING
  YESTERDAY        0                         2     -2        0
  MONTH TO DATE   73                        30     43       41
  SINCE MAR 1     74                        41     33       48
  SINCE JAN 1     74                        41     33       48
..................................................................


WIND (MPH)
  HIGHEST WIND SPEED    13   HIGHEST WIND DIRECTION     N (360)
  HIGHEST GUST SPEED    16   HIGHEST GUST DIRECTION    SW (230)
  AVERAGE WIND SPEED     5.8


SKY COVER
  POSSIBLE SUNSHINE  MM
  AVERAGE SKY COVER 0.3


WEATHER CONDITIONS
 THE FOLLOWING WEATHER WAS RECORDED YESTERDAY.
  NO SIGNIFICANT WEATHER WAS OBSERVED.


RELATIVE HUMIDITY (PERCENT)
 HIGHEST    76           500 AM
 LOWEST     27           300 PM
 AVERAGE    52

..........................................................


THE CLEVELAND OH CLIMATE NORMALS FOR TODAY
                         NORMAL    RECORD    YEAR
 MAXIMUM TEMPERATURE (F)   72        89      1950
 MINIMUM TEMPERATURE (F)   53        32      1963


SUNRISE AND SUNSET
MAY 24 2015...........SUNRISE   601 AM EDT   SUNSET   848 PM EDT
MAY 25 2015...........SUNRISE   600 AM EDT   SUNSET   849 PM EDT


-  INDICATES NEGATIVE NUMBERS.
R  INDICATES RECORD WAS SET OR TIED.
MM INDICATES DATA IS MISSING.
T  INDICATES TRACE AMOUNT.




$$
