000
CDUS41 KCLE 130533
CLICLE


CLIMATE REPORT
NATIONAL WEATHER SERVICE CLEVELAND OH
133 AM EDT WED SEP 13 2017


...................................

...THE CLEVELAND OH CLIMATE SUMMARY FOR SEPTEMBER 12 2017...

CLIMATE NORMAL PERIOD 1981 TO 2010
CLIMATE RECORD PERIOD 1871 TO 2017


WEATHER ITEM   OBSERVED TIME   RECORD YEAR NORMAL DEPARTURE LAST
                VALUE   (LST)  VALUE       VALUE  FROM      YEAR
                                                  NORMAL
..................................................................
TEMPERATURE (F)
 YESTERDAY
  MAXIMUM         77   1153 AM  98    1952  76      1       80
  MINIMUM         53    342 AM  40    1943  58     -5       55
                                      1941
  AVERAGE         65                        66     -1       68

PRECIPITATION (IN)
  YESTERDAY        0.00                      0.13  -0.13     0.00
  MONTH TO DATE    0.76                      1.47  -0.71     2.20
  SINCE SEP 1      0.76                      1.47  -0.71     2.20
  SINCE JAN 1     32.39                     27.01   5.38    25.57

SNOWFALL (IN)
  YESTERDAY        0.0                       0.0    0.0      0.0
  MONTH TO DATE    0.0                       0.0    0.0      0.0
  SINCE SEP 1      0.0                       0.0    0.0      0.0
  SINCE JUL 1      0.0                       0.0    0.0      0.0
  SNOW DEPTH       0

DEGREE DAYS
 HEATING
  YESTERDAY        0                         2     -2        0
  MONTH TO DATE   28                        15     13        0
  SINCE SEP 1     28                        15     13        0
  SINCE JUL 1     30                        27      3        0

 COOLING
  YESTERDAY        0                         3     -3        3
  MONTH TO DATE   18                        52    -34      109
  SINCE SEP 1     18                        52    -34      109
  SINCE JAN 1    909                       767    142     1193
..................................................................


WIND (MPH)
  HIGHEST WIND SPEED    15   HIGHEST WIND DIRECTION    NE (30)
  HIGHEST GUST SPEED    20   HIGHEST GUST DIRECTION    NE (30)
  AVERAGE WIND SPEED     5.6


SKY COVER
  POSSIBLE SUNSHINE  MM
  AVERAGE SKY COVER 0.8


WEATHER CONDITIONS
 THE FOLLOWING WEATHER WAS RECORDED YESTERDAY.
  NO SIGNIFICANT WEATHER WAS OBSERVED.


RELATIVE HUMIDITY (PERCENT)
 HIGHEST    93           300 AM
 LOWEST     46          1100 AM
 AVERAGE    70

..........................................................


THE CLEVELAND OH CLIMATE NORMALS FOR TODAY
                         NORMAL    RECORD    YEAR
 MAXIMUM TEMPERATURE (F)   75        96      1952
 MINIMUM TEMPERATURE (F)   57        38      1964


SUNRISE AND SUNSET
SEPTEMBER 13 2017.....SUNRISE   706 AM EDT   SUNSET   740 PM EDT
SEPTEMBER 14 2017.....SUNRISE   707 AM EDT   SUNSET   738 PM EDT


-  INDICATES NEGATIVE NUMBERS.
R  INDICATES RECORD WAS SET OR TIED.
MM INDICATES DATA IS MISSING.
T  INDICATES TRACE AMOUNT.




$$
