000
CDUS41 KCLE 150545
CLICLE


CLIMATE REPORT
NATIONAL WEATHER SERVICE CLEVELAND OH
145 AM EDT WED OCT 15 2014


...................................

...THE CLEVELAND OH CLIMATE SUMMARY FOR OCTOBER 14 2014...

CLIMATE NORMAL PERIOD 1981 TO 2010
CLIMATE RECORD PERIOD 1871 TO 2014


WEATHER ITEM   OBSERVED TIME   RECORD YEAR NORMAL DEPARTURE LAST
                VALUE   (LST)  VALUE       VALUE  FROM      YEAR
                                                  NORMAL
..................................................................
TEMPERATURE (F)
 YESTERDAY
  MAXIMUM         77    416 PM  84    1989  63     14       64
                                      1899
  MINIMUM         58   1159 PM  30    1988  46     12       50
  AVERAGE         68                        54     14       57

PRECIPITATION (IN)
  YESTERDAY        0.30                      0.09   0.21     0.00
  MONTH TO DATE    0.99                      1.46  -0.47     2.48
  SINCE SEP 1      5.46                      5.27   0.19     4.44
  SINCE JAN 1     36.57                     30.81   5.76    32.65

SNOWFALL (IN)
  YESTERDAY        0.0                       0.0    0.0      0.0
  MONTH TO DATE    0.0                       0.0    0.0      0.0
  SINCE SEP 1      0.0                       0.0    0.0      0.0
  SINCE JUL 1      0.0                       0.0    0.0      0.0
  SNOW DEPTH       0

DEGREE DAYS
 HEATING
  YESTERDAY        0                        11    -11        8
  MONTH TO DATE  141                       127     14       54
  SINCE SEP 1    259                       218     41      141
  SINCE JUL 1    284                       230     54      148

 COOLING
  YESTERDAY        3                         0      3        0
  MONTH TO DATE    4                        10     -6       34
  SINCE SEP 1     67                        99    -32      127
  SINCE JAN 1    657                       814   -157      889
..................................................................


WIND (MPH)
  HIGHEST WIND SPEED    31   HIGHEST WIND DIRECTION     S (170)
  HIGHEST GUST SPEED    42   HIGHEST GUST DIRECTION     S (160)
  AVERAGE WIND SPEED    14.2


SKY COVER
  POSSIBLE SUNSHINE  MM
  AVERAGE SKY COVER 0.9


WEATHER CONDITIONS
 THE FOLLOWING WEATHER WAS RECORDED YESTERDAY.
  RAIN
  LIGHT RAIN
  FOG


RELATIVE HUMIDITY (PERCENT)
 HIGHEST    93          1000 PM
 LOWEST     50           300 PM
 AVERAGE    72

..........................................................


THE CLEVELAND OH CLIMATE NORMALS FOR TODAY
                         NORMAL    RECORD    YEAR
 MAXIMUM TEMPERATURE (F)   63        86      1947
 MINIMUM TEMPERATURE (F)   46        29      1876


SUNRISE AND SUNSET
OCTOBER 15 2014.......SUNRISE   739 AM EDT   SUNSET   646 PM EDT
OCTOBER 16 2014.......SUNRISE   740 AM EDT   SUNSET   645 PM EDT


-  INDICATES NEGATIVE NUMBERS.
R  INDICATES RECORD WAS SET OR TIED.
MM INDICATES DATA IS MISSING.
T  INDICATES TRACE AMOUNT.




$$
