000
CDUS41 KCLE 192121
CLICLE


CLIMATE REPORT
NATIONAL WEATHER SERVICE CLEVELAND OH
519 PM EDT THU MAY 19 2016


...................................

...THE CLEVELAND OH CLIMATE SUMMARY FOR MAY 19 2016...
VALID TODAY AS OF 0500 PM LOCAL TIME.

CLIMATE NORMAL PERIOD 1981 TO 2010
CLIMATE RECORD PERIOD 1871 TO 2016


WEATHER ITEM   OBSERVED TIME   RECORD YEAR NORMAL DEPARTURE LAST
                VALUE   (LST)  VALUE       VALUE  FROM      YEAR
                                                  NORMAL
..................................................................
TEMPERATURE (F)
 TODAY
  MAXIMUM         70   1203 PM  88    1998  70      0       69
                                      1996
                                      1911
  MINIMUM         41    533 AM  33    1976  51    -10       51
  AVERAGE         56                        61     -5       60

PRECIPITATION (IN)
  TODAY            0.00                      0.13  -0.13     0.00
  MONTH TO DATE    2.47                      2.18   0.29     1.14
  SINCE MAR 1     10.50                      8.60   1.90     5.88
  SINCE JAN 1     15.09                     13.66   1.43    10.68

SNOWFALL (IN)
  TODAY            0.0                       0.0    0.0      0.0
  MONTH TO DATE    T                         0.1   -0.1      0.0
  SINCE MAR 1     11.0                      16.0   -5.0      5.7
  SINCE JUL 1     32.8                      68.2  -35.4     67.1
  SNOW DEPTH       0

DEGREE DAYS
 HEATING
  TODAY            9                         6      3        5
  MONTH TO DATE  182                       154     28       78
  SINCE MAR 1   1325                      1448   -123     1483
  SINCE JUL 1   4916                      5665   -749     6433

 COOLING
  TODAY            0                         2     -2        0
  MONTH TO DATE    6                        22    -16       73
  SINCE MAR 1      6                        33    -27       74
  SINCE JAN 1      6                        33    -27       74
..................................................................


WIND (MPH)
  HIGHEST WIND SPEED    12   HIGHEST WIND DIRECTION     N (360)
  HIGHEST GUST SPEED    17   HIGHEST GUST DIRECTION     N (350)


SKY COVER
  POSSIBLE SUNSHINE  MM
  AVERAGE SKY COVER 0.1


WEATHER CONDITIONS
 THE FOLLOWING WEATHER WAS RECORDED TODAY.
  FOG
  HAZE


RELATIVE HUMIDITY (PERCENT)
 HIGHEST    89           200 AM
 LOWEST     32           200 PM
 AVERAGE    61

..........................................................


THE CLEVELAND OH CLIMATE NORMALS FOR TOMORROW
                         NORMAL    RECORD    YEAR
 MAXIMUM TEMPERATURE (F)   71        91      1962
                                             1959
 MINIMUM TEMPERATURE (F)   51        34      1981
                                             1888


SUNRISE AND SUNSET
MAY 19 2016...........SUNRISE   604 AM EDT   SUNSET   844 PM EDT
MAY 20 2016...........SUNRISE   604 AM EDT   SUNSET   845 PM EDT


-  INDICATES NEGATIVE NUMBERS.
R  INDICATES RECORD WAS SET OR TIED.
MM INDICATES DATA IS MISSING.
T  INDICATES TRACE AMOUNT.




$$
