000
CDUS41 KCLE 082111
CLICLE


CLIMATE REPORT
NATIONAL WEATHER SERVICE CLEVELAND OH
510 PM EDT THU JUN 8 2017


...................................

...THE CLEVELAND OH CLIMATE SUMMARY FOR JUNE 8 2017...
VALID TODAY AS OF 0500 PM LOCAL TIME.

CLIMATE NORMAL PERIOD 1981 TO 2010
CLIMATE RECORD PERIOD 1871 TO 2017


WEATHER ITEM   OBSERVED TIME   RECORD YEAR NORMAL DEPARTURE LAST
                VALUE   (LST)  VALUE       VALUE  FROM      YEAR
                                                  NORMAL
..................................................................
TEMPERATURE (F)
 TODAY
  MAXIMUM         73    145 PM  98    1933  77     -4       68
  MINIMUM         50    330 AM  39    1977  58     -8       52
  AVERAGE         62                        67     -5       60

PRECIPITATION (IN)
  TODAY            0.00                      0.12  -0.12     0.02
  MONTH TO DATE    0.17                      0.93  -0.76     0.51
  SINCE JUN 1      0.17                      0.93  -0.76     0.51
  SINCE JAN 1     22.23                     16.07   6.16    16.44

SNOWFALL (IN)
  TODAY            0.0                       0.0    0.0      0.0
  MONTH TO DATE    0.0                       0.0    0.0      0.0
  SINCE JUN 1      0.0                       0.0    0.0      0.0
  SINCE JUL 1     37.3                      68.1  -30.8     32.8
  SNOW DEPTH       0

DEGREE DAYS
 HEATING
  TODAY            3                         2      1        5
  MONTH TO DATE   15                        21     -6        7
  SINCE JUN 1     15                        21     -6        7
  SINCE JUL 1   4565                      5741  -1176     4953

 COOLING
  TODAY            0                         4     -4        0
  MONTH TO DATE   19                        30    -11       49
  SINCE JUN 1     19                        30    -11       49
  SINCE JAN 1    107                        89     18      130
..................................................................


WIND (MPH)
  HIGHEST WIND SPEED    14   HIGHEST WIND DIRECTION     N (360)
  HIGHEST GUST SPEED    17   HIGHEST GUST DIRECTION     N (10)


SKY COVER
  POSSIBLE SUNSHINE  MM
  AVERAGE SKY COVER 0.4


WEATHER CONDITIONS
 THE FOLLOWING WEATHER WAS RECORDED TODAY.
  NO SIGNIFICANT WEATHER WAS OBSERVED.


RELATIVE HUMIDITY (PERCENT)
 HIGHEST    89           300 AM
 LOWEST     44           400 PM
 AVERAGE    67

..........................................................


THE CLEVELAND OH CLIMATE NORMALS FOR TOMORROW
                         NORMAL    RECORD    YEAR
 MAXIMUM TEMPERATURE (F)   77        93      2008
 MINIMUM TEMPERATURE (F)   58        41      1949


SUNRISE AND SUNSET
JUNE  8 2017..........SUNRISE   554 AM EDT   SUNSET   859 PM EDT
JUNE  9 2017..........SUNRISE   554 AM EDT   SUNSET   900 PM EDT


-  INDICATES NEGATIVE NUMBERS.
R  INDICATES RECORD WAS SET OR TIED.
MM INDICATES DATA IS MISSING.
T  INDICATES TRACE AMOUNT.




$$
