000
CDUS41 KCLE 081112
CLICLE


CLIMATE REPORT
NATIONAL WEATHER SERVICE CLEVELAND OH
711 AM EDT SAT APR 8 2017


...................................

...THE CLEVELAND OH CLIMATE SUMMARY FOR APRIL 7 2017...

CLIMATE NORMAL PERIOD 1981 TO 2010
CLIMATE RECORD PERIOD 1871 TO 2017


WEATHER ITEM   OBSERVED TIME   RECORD YEAR NORMAL DEPARTURE LAST
                VALUE   (LST)  VALUE       VALUE  FROM      YEAR
                                                  NORMAL
..................................................................
TEMPERATURE (F)
 YESTERDAY
  MAXIMUM         46    549 PM  83    1929  56    -10       52
                                      1893
  MINIMUM         32   1155 PM  17    1982  38     -6       32
  AVERAGE         39                        47     -8       42

PRECIPITATION (IN)
  YESTERDAY        0.22                      0.13   0.09     1.03
  MONTH TO DATE    1.52                      0.84   0.68     1.59
  SINCE MAR 1      5.54                      3.77   1.77     5.76
  SINCE JAN 1     13.00                      8.83   4.17    10.35

SNOWFALL (IN)
  YESTERDAY        0.9                       0.2    0.7      1.9
  MONTH TO DATE    2.8                       1.5    1.3      3.2
  SINCE MAR 1     12.1                      14.1   -2.0      6.4
  SINCE JUL 1     37.3                      66.3  -29.0     28.2
  SNOW DEPTH       0

DEGREE DAYS
 HEATING
  YESTERDAY       26                        19      7       23
  MONTH TO DATE  105                       139    -34      165
  SINCE MAR 1    896                       965    -69      788
  SINCE JUL 1   4207                      5182   -975     4379

 COOLING
  YESTERDAY        0                         0      0        0
  MONTH TO DATE    0                         0      0        0
  SINCE MAR 1      0                         1     -1        0
  SINCE JAN 1      0                         1     -1        0
..................................................................


WIND (MPH)
  HIGHEST WIND SPEED    31   HIGHEST WIND DIRECTION    NW (320)
  HIGHEST GUST SPEED    43   HIGHEST GUST DIRECTION    NW (330)
  AVERAGE WIND SPEED    17.2


SKY COVER
  POSSIBLE SUNSHINE  MM
  AVERAGE SKY COVER 0.7


WEATHER CONDITIONS
 THE FOLLOWING WEATHER WAS RECORDED YESTERDAY.
  SNOW
  LIGHT SNOW
  FOG


RELATIVE HUMIDITY (PERCENT)
 HIGHEST    89           800 AM
 LOWEST     37           500 PM
 AVERAGE    63

..........................................................


THE CLEVELAND OH CLIMATE NORMALS FOR TODAY
                         NORMAL    RECORD    YEAR
 MAXIMUM TEMPERATURE (F)   56        80      2001
 MINIMUM TEMPERATURE (F)   38        11      1982


SUNRISE AND SUNSET
APRIL  8 2017.........SUNRISE   659 AM EDT   SUNSET   800 PM EDT
APRIL  9 2017.........SUNRISE   657 AM EDT   SUNSET   802 PM EDT


-  INDICATES NEGATIVE NUMBERS.
R  INDICATES RECORD WAS SET OR TIED.
MM INDICATES DATA IS MISSING.
T  INDICATES TRACE AMOUNT.




$$
