000
CDUS41 KCLE 110545
CLICLE


CLIMATE REPORT
NATIONAL WEATHER SERVICE CLEVELAND OH
145 AM EDT TUE JUL 11 2017


...................................

...THE CLEVELAND OH CLIMATE SUMMARY FOR JULY 10 2017...

CLIMATE NORMAL PERIOD 1981 TO 2010
CLIMATE RECORD PERIOD 1871 TO 2017


WEATHER ITEM   OBSERVED TIME   RECORD YEAR NORMAL DEPARTURE LAST
                VALUE   (LST)  VALUE       VALUE  FROM      YEAR
                                                  NORMAL
..................................................................
TEMPERATURE (F)
 YESTERDAY
  MAXIMUM         76    536 PM  97    1936  83     -7       82
  MINIMUM         63    252 AM  46    1963  64     -1       65
  AVERAGE         70                        74     -4       74

PRECIPITATION (IN)
  YESTERDAY        0.70                      0.11   0.59     0.00
  MONTH TO DATE    1.30                      1.09   0.21     0.93
  SINCE JUN 1      7.15                      4.52   2.63     3.05
  SINCE JAN 1     29.21                     19.66   9.55    18.98

SNOWFALL (IN)
  YESTERDAY        0.0                       0.0    0.0      0.0
  MONTH TO DATE    0.0                       0.0    0.0      0.0
  SINCE JUN 1      0.0                       0.0    0.0      0.0
  SINCE JUL 1      0.0                       0.0    0.0      0.0
  SNOW DEPTH       0

DEGREE DAYS
 HEATING
  YESTERDAY        0                         0      0        0
  MONTH TO DATE    0                         0      0        0
  SINCE JUN 1     17                        42    -25       13
  SINCE JUL 1      0                         0      0        0

 COOLING
  YESTERDAY        5                         9     -4        9
  MONTH TO DATE   87                        85      2       90
  SINCE JUN 1    324                       253     71      317
  SINCE JAN 1    412                       312    100      398
..................................................................


WIND (MPH)
  HIGHEST WIND SPEED    18   HIGHEST WIND DIRECTION     S (200)
  HIGHEST GUST SPEED    25   HIGHEST GUST DIRECTION     S (200)
  AVERAGE WIND SPEED     9.3


SKY COVER
  POSSIBLE SUNSHINE  MM
  AVERAGE SKY COVER 0.8


WEATHER CONDITIONS
 THE FOLLOWING WEATHER WAS RECORDED YESTERDAY.
  THUNDERSTORM
  RAIN
  LIGHT RAIN
  FOG


RELATIVE HUMIDITY (PERCENT)
 HIGHEST    90           200 PM
 LOWEST     53          1200 AM
 AVERAGE    72

..........................................................


THE CLEVELAND OH CLIMATE NORMALS FOR TODAY
                         NORMAL    RECORD    YEAR
 MAXIMUM TEMPERATURE (F)   83        99      1936
 MINIMUM TEMPERATURE (F)   64        48      1996


SUNRISE AND SUNSET
JULY 11 2017..........SUNRISE   604 AM EDT   SUNSET   901 PM EDT
JULY 12 2017..........SUNRISE   605 AM EDT   SUNSET   901 PM EDT


-  INDICATES NEGATIVE NUMBERS.
R  INDICATES RECORD WAS SET OR TIED.
MM INDICATES DATA IS MISSING.
T  INDICATES TRACE AMOUNT.




$$
