000
CDUS41 KCLE 090545
CLICLE


CLIMATE REPORT
NATIONAL WEATHER SERVICE CLEVELAND OH
145 AM EDT FRI SEP 9 2016


...................................

...THE CLEVELAND OH CLIMATE SUMMARY FOR SEPTEMBER 8 2016...

CLIMATE NORMAL PERIOD 1981 TO 2010
CLIMATE RECORD PERIOD 1871 TO 2016


WEATHER ITEM   OBSERVED TIME   RECORD YEAR NORMAL DEPARTURE LAST
                VALUE   (LST)  VALUE       VALUE  FROM      YEAR
                                                  NORMAL
..................................................................
TEMPERATURE (F)
 YESTERDAY
  MAXIMUM         87   1234 PM  95    1978  77     10       88
  MINIMUM         75   1159 PM  41    1951  59     16       73
  AVERAGE         81                        68     13       81

PRECIPITATION (IN)
  YESTERDAY        0.25                      0.12   0.13     0.00
  MONTH TO DATE    0.95                      0.96  -0.01     1.66
  SINCE SEP 1      0.95                      0.96  -0.01     1.66
  SINCE JAN 1     24.32                     26.50  -2.18    29.38

SNOWFALL (IN)
  YESTERDAY        0.0                       0.0    0.0      0.0
  MONTH TO DATE    0.0                       0.0    0.0      0.0
  SINCE SEP 1      0.0                       0.0    0.0      0.0
  SINCE JUL 1      0.0                       0.0    0.0      0.0
  SNOW DEPTH       0

DEGREE DAYS
 HEATING
  YESTERDAY        0                         1     -1        0
  MONTH TO DATE    0                         8     -8        0
  SINCE SEP 1      0                         8     -8        0
  SINCE JUL 1      0                        20    -20       14

 COOLING
  YESTERDAY       16                         4     12       16
  MONTH TO DATE   80                        37     43      107
  SINCE SEP 1     80                        37     43      107
  SINCE JAN 1   1164                       752    412      776
..................................................................


WIND (MPH)
  HIGHEST WIND SPEED    20   HIGHEST WIND DIRECTION    SW (210)
  HIGHEST GUST SPEED    26   HIGHEST GUST DIRECTION     S (200)
  AVERAGE WIND SPEED     9.8


SKY COVER
  POSSIBLE SUNSHINE  MM
  AVERAGE SKY COVER 0.8


WEATHER CONDITIONS
 THE FOLLOWING WEATHER WAS RECORDED YESTERDAY.
  HEAVY RAIN
  RAIN
  LIGHT RAIN


RELATIVE HUMIDITY (PERCENT)
 HIGHEST    82           800 PM
 LOWEST     57           100 PM
 AVERAGE    70

..........................................................


THE CLEVELAND OH CLIMATE NORMALS FOR TODAY
                         NORMAL    RECORD    YEAR
 MAXIMUM TEMPERATURE (F)   77        94      1959
 MINIMUM TEMPERATURE (F)   59        44      1986


SUNRISE AND SUNSET
SEPTEMBER  9 2016.....SUNRISE   702 AM EDT   SUNSET   746 PM EDT
SEPTEMBER 10 2016.....SUNRISE   703 AM EDT   SUNSET   744 PM EDT


-  INDICATES NEGATIVE NUMBERS.
R  INDICATES RECORD WAS SET OR TIED.
MM INDICATES DATA IS MISSING.
T  INDICATES TRACE AMOUNT.




$$
