000
CDUS41 KCLE 240527
CLICLE


CLIMATE REPORT
NATIONAL WEATHER SERVICE CLEVELAND OH
1227 AM EST TUE FEB 24 2015


...................................

...THE CLEVELAND OH CLIMATE SUMMARY FOR FEBRUARY 23 2015...

CLIMATE NORMAL PERIOD 1981 TO 2010
CLIMATE RECORD PERIOD 1871 TO 2015


WEATHER ITEM   OBSERVED TIME   RECORD YEAR NORMAL DEPARTURE LAST
                VALUE   (LST)  VALUE       VALUE  FROM      YEAR
                                                  NORMAL
..................................................................
TEMPERATURE (F)
 YESTERDAY
  MAXIMUM         15   1233 AM  66    2000  39    -24       39
  MINIMUM         -5R   744 AM  -4    1873  25    -30       25
  AVERAGE          5                        32    -27       32

PRECIPITATION (IN)
  YESTERDAY        0.03                      0.09  -0.06     0.02
  MONTH TO DATE    1.85                      1.89  -0.04     2.81
  SINCE DEC 1      6.74                      7.71  -0.97     8.91
  SINCE JAN 1      4.79                      4.61   0.18     4.81

SNOWFALL (IN)
  YESTERDAY        0.8                       0.5    0.3       T
  MONTH TO DATE   24.6                      12.3   12.3     18.8
  SINCE DEC 1     40.6                      45.1   -4.5     60.0
  SINCE JUL 1     60.0                      49.6   10.4     64.7
  SNOW DEPTH      10

DEGREE DAYS
 HEATING
  YESTERDAY       60                        33     27       33
  MONTH TO DATE 1140                       803    337      946
  SINCE DEC 1   3342                      2960    382     3295
  SINCE JUL 1   4676                      4055    621     4444

 COOLING
  YESTERDAY        0                         0      0        0
  MONTH TO DATE    0                         0      0        0
  SINCE DEC 1      0                         0      0        0
  SINCE JAN 1      0                         0      0        0
..................................................................


WIND (MPH)
  HIGHEST WIND SPEED    23   HIGHEST WIND DIRECTION     N (350)
  HIGHEST GUST SPEED    28   HIGHEST GUST DIRECTION     N (360)
  AVERAGE WIND SPEED     8.7


SKY COVER
  POSSIBLE SUNSHINE  MM
  AVERAGE SKY COVER 0.3


WEATHER CONDITIONS
 THE FOLLOWING WEATHER WAS RECORDED YESTERDAY.
  LIGHT SNOW
  FOG
  HAZE
  BLOWING SNOW


RELATIVE HUMIDITY (PERCENT)
 HIGHEST    88           100 AM
 LOWEST     44          1200 PM
 AVERAGE    66

..........................................................


THE CLEVELAND OH CLIMATE NORMALS FOR TODAY
                         NORMAL    RECORD    YEAR
 MAXIMUM TEMPERATURE (F)   40        69      1961
 MINIMUM TEMPERATURE (F)   25        -7      1889


SUNRISE AND SUNSET
FEBRUARY 24 2015......SUNRISE   710 AM EST   SUNSET   612 PM EST
FEBRUARY 25 2015......SUNRISE   708 AM EST   SUNSET   613 PM EST


-  INDICATES NEGATIVE NUMBERS.
R  INDICATES RECORD WAS SET OR TIED.
MM INDICATES DATA IS MISSING.
T  INDICATES TRACE AMOUNT.




$$
