000
CDUS41 KCLE 120531
CLICLE


CLIMATE REPORT
NATIONAL WEATHER SERVICE CLEVELAND OH
130 AM EDT THU MAY 12 2016


...................................

...THE CLEVELAND OH CLIMATE SUMMARY FOR MAY 11 2016...

CLIMATE NORMAL PERIOD 1981 TO 2010
CLIMATE RECORD PERIOD 1871 TO 2016


WEATHER ITEM   OBSERVED TIME   RECORD YEAR NORMAL DEPARTURE LAST
                VALUE   (LST)  VALUE       VALUE  FROM      YEAR
                                                  NORMAL
..................................................................
TEMPERATURE (F)
 YESTERDAY
  MAXIMUM         75    111 PM  88    2015  68      7       88
  MINIMUM         57   1218 AM  33    1977  49      8       65
                                      1966
  AVERAGE         66                        58      8       77

PRECIPITATION (IN)
  YESTERDAY        0.00                      0.11  -0.11     0.85
  MONTH TO DATE    1.19                      1.22  -0.03     0.94
  SINCE MAR 1      9.22                      7.64   1.58     5.68
  SINCE JAN 1     13.81                     12.70   1.11    10.48

SNOWFALL (IN)
  YESTERDAY        0.0                       0.0    0.0      0.0
  MONTH TO DATE    0.0                       0.1   -0.1      0.0
  SINCE MAR 1     11.0                      16.0   -5.0      5.7
  SINCE JUL 1     32.8                      68.2  -35.4     67.1
  SNOW DEPTH       0

DEGREE DAYS
 HEATING
  YESTERDAY        0                         8     -8        0
  MONTH TO DATE  103                       100      3       31
  SINCE MAR 1   1246                      1394   -148     1436
  SINCE JUL 1   4837                      5611   -774     6386

 COOLING
  YESTERDAY        1                         1      0       12
  MONTH TO DATE    1                        11    -10       50
  SINCE MAR 1      1                        22    -21       51
  SINCE JAN 1      1                        22    -21       51
..................................................................


WIND (MPH)
  HIGHEST WIND SPEED    15   HIGHEST WIND DIRECTION     N (10)
  HIGHEST GUST SPEED    17   HIGHEST GUST DIRECTION     N (10)
  AVERAGE WIND SPEED     5.8


SKY COVER
  POSSIBLE SUNSHINE  MM
  AVERAGE SKY COVER 0.8


WEATHER CONDITIONS
 THE FOLLOWING WEATHER WAS RECORDED YESTERDAY.
  FOG


RELATIVE HUMIDITY (PERCENT)
 HIGHEST    90           300 AM
 LOWEST     61          1200 PM
 AVERAGE    76

..........................................................


THE CLEVELAND OH CLIMATE NORMALS FOR TODAY
                         NORMAL    RECORD    YEAR
 MAXIMUM TEMPERATURE (F)   68        89      1881
 MINIMUM TEMPERATURE (F)   49        32      1976


SUNRISE AND SUNSET
MAY 12 2016...........SUNRISE   611 AM EDT   SUNSET   837 PM EDT
MAY 13 2016...........SUNRISE   610 AM EDT   SUNSET   838 PM EDT


-  INDICATES NEGATIVE NUMBERS.
R  INDICATES RECORD WAS SET OR TIED.
MM INDICATES DATA IS MISSING.
T  INDICATES TRACE AMOUNT.




$$
