000
CDUS41 KCLE 260527
CLICLE


CLIMATE REPORT
NATIONAL WEATHER SERVICE CLEVELAND OH
1226 AM EST THU FEB 26 2015


...................................

...THE CLEVELAND OH CLIMATE SUMMARY FOR FEBRUARY 25 2015...

CLIMATE NORMAL PERIOD 1981 TO 2010
CLIMATE RECORD PERIOD 1871 TO 2015


WEATHER ITEM   OBSERVED TIME   RECORD YEAR NORMAL DEPARTURE LAST
                VALUE   (LST)  VALUE       VALUE  FROM      YEAR
                                                  NORMAL
..................................................................
TEMPERATURE (F)
 YESTERDAY
  MAXIMUM         23    602 AM  70    1930  40    -17       24
  MINIMUM         10   1054 PM  -5    1993  25    -15       18
  AVERAGE         17                        32    -15       21

PRECIPITATION (IN)
  YESTERDAY        T                         0.09  -0.09     0.07
  MONTH TO DATE    1.85                      2.07  -0.22     2.88
  SINCE DEC 1      6.74                      7.89  -1.15     8.98
  SINCE JAN 1      4.79                      4.79   0.00     4.88

SNOWFALL (IN)
  YESTERDAY        T                         0.6   -0.6      1.4
  MONTH TO DATE   24.6                      13.4   11.2     20.2
  SINCE DEC 1     40.6                      46.2   -5.6     61.4
  SINCE JUL 1     60.0                      50.7    9.3     66.1
  SNOW DEPTH       9

DEGREE DAYS
 HEATING
  YESTERDAY       48                        32     16       44
  MONTH TO DATE 1243                       868    375     1030
  SINCE DEC 1   3445                      3025    420     3379
  SINCE JUL 1   4779                      4120    659     4528

 COOLING
  YESTERDAY        0                         0      0        0
  MONTH TO DATE    0                         0      0        0
  SINCE DEC 1      0                         0      0        0
  SINCE JAN 1      0                         0      0        0
..................................................................


WIND (MPH)
  HIGHEST WIND SPEED    20   HIGHEST WIND DIRECTION     N (340)
  HIGHEST GUST SPEED    27   HIGHEST GUST DIRECTION    SW (240)
  AVERAGE WIND SPEED     9.8


SKY COVER
  POSSIBLE SUNSHINE  MM
  AVERAGE SKY COVER 0.7


WEATHER CONDITIONS
 THE FOLLOWING WEATHER WAS RECORDED YESTERDAY.
  LIGHT SNOW


RELATIVE HUMIDITY (PERCENT)
 HIGHEST    74           600 AM
 LOWEST     49           100 PM
 AVERAGE    62

..........................................................


THE CLEVELAND OH CLIMATE NORMALS FOR TODAY
                         NORMAL    RECORD    YEAR
 MAXIMUM TEMPERATURE (F)   40        74      2000
 MINIMUM TEMPERATURE (F)   25       -15      1963


SUNRISE AND SUNSET
FEBRUARY 26 2015......SUNRISE   707 AM EST   SUNSET   614 PM EST
FEBRUARY 27 2015......SUNRISE   705 AM EST   SUNSET   615 PM EST


-  INDICATES NEGATIVE NUMBERS.
R  INDICATES RECORD WAS SET OR TIED.
MM INDICATES DATA IS MISSING.
T  INDICATES TRACE AMOUNT.




$$
