000
CDUS41 KCLE 262214
CLICLE


CLIMATE REPORT
NATIONAL WEATHER SERVICE CLEVELAND OH
514 PM EST SUN NOV 26 2017


...................................

...THE CLEVELAND OH CLIMATE SUMMARY FOR NOVEMBER 26 2017...
VALID TODAY AS OF 0500 PM LOCAL TIME.

CLIMATE NORMAL PERIOD 1981 TO 2010
CLIMATE RECORD PERIOD 1871 TO 2017


WEATHER ITEM   OBSERVED TIME   RECORD YEAR NORMAL DEPARTURE LAST
                VALUE   (LST)  VALUE       VALUE  FROM      YEAR
                                                  NORMAL
..................................................................
TEMPERATURE (F)
 TODAY
  MAXIMUM         43    328 PM  70    1896  46     -3       46
  MINIMUM         32    816 AM   9    1880  33     -1       38
  AVERAGE         38                        40     -2       42

PRECIPITATION (IN)
  TODAY            0.00                      0.11  -0.11     0.08
  MONTH TO DATE    5.82                      3.15   2.67     1.55
  SINCE SEP 1     10.31                     10.03   0.28     9.89
  SINCE JAN 1     41.94                     35.57   6.37    33.26

SNOWFALL (IN)
  TODAY            0.0                       0.2   -0.2      0.0
  MONTH TO DATE    0.8                       3.4   -2.6      0.9
  SINCE SEP 1      0.8                       3.6   -2.8      0.9
  SINCE JUL 1      0.8                       3.6   -2.8      0.9
  SNOW DEPTH       0

DEGREE DAYS
 HEATING
  TODAY           27                        25      2       23
  MONTH TO DATE  564                       530     34      424
  SINCE SEP 1    822                       978   -156      653
  SINCE JUL 1    824                       990   -166      653

 COOLING
  TODAY            0                         0      0        0
  MONTH TO DATE    0                         0      0        8
  SINCE SEP 1    222                       101    121      236
  SINCE JAN 1   1113                       816    297     1320
..................................................................


WIND (MPH)
  HIGHEST WIND SPEED    22   HIGHEST WIND DIRECTION    NW (330)
  HIGHEST GUST SPEED    27   HIGHEST GUST DIRECTION    NW (330)


SKY COVER
  POSSIBLE SUNSHINE  MM
  AVERAGE SKY COVER 0.6


WEATHER CONDITIONS
 THE FOLLOWING WEATHER WAS RECORDED TODAY.
  NO SIGNIFICANT WEATHER WAS OBSERVED.


RELATIVE HUMIDITY (PERCENT)
 HIGHEST    70           200 AM
 LOWEST     49           200 PM
 AVERAGE    60

..........................................................


THE CLEVELAND OH CLIMATE NORMALS FOR TOMORROW
                         NORMAL    RECORD    YEAR
 MAXIMUM TEMPERATURE (F)   46        71      1990
 MINIMUM TEMPERATURE (F)   33         6      1880


SUNRISE AND SUNSET
NOVEMBER 26 2017......SUNRISE   729 AM EST   SUNSET   500 PM EST
NOVEMBER 27 2017......SUNRISE   730 AM EST   SUNSET   500 PM EST


-  INDICATES NEGATIVE NUMBERS.
R  INDICATES RECORD WAS SET OR TIED.
MM INDICATES DATA IS MISSING.
T  INDICATES TRACE AMOUNT.




$$
