000
CDUS41 KCLE 080552
CLICLE


CLIMATE REPORT
NATIONAL WEATHER SERVICE CLEVELAND OH
1251 AM EST WED MAR 8 2017


...................................

...THE CLEVELAND OH CLIMATE SUMMARY FOR MARCH 7 2017...

CLIMATE NORMAL PERIOD 1981 TO 2010
CLIMATE RECORD PERIOD 1871 TO 2017


WEATHER ITEM   OBSERVED TIME   RECORD YEAR NORMAL DEPARTURE LAST
                VALUE   (LST)  VALUE       VALUE  FROM      YEAR
                                                  NORMAL
..................................................................
TEMPERATURE (F)
 YESTERDAY
  MAXIMUM         61    133 PM  76    2000  43     18       64
                                      1983
  MINIMUM         44   1159 PM   3    1960  27     17       38
  AVERAGE         53                        35     18       51

PRECIPITATION (IN)
  YESTERDAY        0.54                      0.08   0.46     0.01
  MONTH TO DATE    1.75                      0.59   1.16     0.66
  SINCE MAR 1      1.75                      0.59   1.16     0.66
  SINCE JAN 1      9.21                      5.65   3.56     5.25

SNOWFALL (IN)
  YESTERDAY        0.0                       0.5   -0.5      0.0
  MONTH TO DATE    5.2                       3.3    1.9      3.2
  SINCE MAR 1      5.2                       3.3    1.9      3.2
  SINCE JUL 1     30.4                      55.5  -25.1     25.0
  SNOW DEPTH       0

DEGREE DAYS
 HEATING
  YESTERDAY       12                        30    -18       14
  MONTH TO DATE  184                       214    -30      223
  SINCE MAR 1    184                       214    -30      223
  SINCE JUL 1   3495                      4431   -936     3814

 COOLING
  YESTERDAY        0                         0      0        0
  MONTH TO DATE    0                         0      0        0
  SINCE MAR 1      0                         0      0        0
  SINCE JAN 1      0                         0      0        0
..................................................................


WIND (MPH)
  HIGHEST WIND SPEED    26   HIGHEST WIND DIRECTION     S (200)
  HIGHEST GUST SPEED    36   HIGHEST GUST DIRECTION     S (200)
  AVERAGE WIND SPEED    15.4


SKY COVER
  POSSIBLE SUNSHINE  MM
  AVERAGE SKY COVER 1.0


WEATHER CONDITIONS
 THE FOLLOWING WEATHER WAS RECORDED YESTERDAY.
  THUNDERSTORM
  RAIN
  LIGHT RAIN


RELATIVE HUMIDITY (PERCENT)
 HIGHEST    86           400 PM
 LOWEST     53          1100 PM
 AVERAGE    70

..........................................................


THE CLEVELAND OH CLIMATE NORMALS FOR TODAY
                         NORMAL    RECORD    YEAR
 MAXIMUM TEMPERATURE (F)   43        79      2000
 MINIMUM TEMPERATURE (F)   28        -1      1960


SUNRISE AND SUNSET
MARCH  8 2017.........SUNRISE   650 AM EST   SUNSET   626 PM EST
MARCH  9 2017.........SUNRISE   649 AM EST   SUNSET   628 PM EST


-  INDICATES NEGATIVE NUMBERS.
R  INDICATES RECORD WAS SET OR TIED.
MM INDICATES DATA IS MISSING.
T  INDICATES TRACE AMOUNT.




$$
