000
CDUS41 KCLE 090537
CLICLE


CLIMATE REPORT
NATIONAL WEATHER SERVICE CLEVELAND OH
136 AM EDT SUN APR 9 2017


...................................

...THE CLEVELAND OH CLIMATE SUMMARY FOR APRIL 8 2017...

CLIMATE NORMAL PERIOD 1981 TO 2010
CLIMATE RECORD PERIOD 1871 TO 2017


WEATHER ITEM   OBSERVED TIME   RECORD YEAR NORMAL DEPARTURE LAST
                VALUE   (LST)  VALUE       VALUE  FROM      YEAR
                                                  NORMAL
..................................................................
TEMPERATURE (F)
 YESTERDAY
  MAXIMUM         59    408 PM  80    2001  56      3       42
  MINIMUM         29    612 AM  11    1982  38     -9       32
  AVERAGE         44                        47     -3       37

PRECIPITATION (IN)
  YESTERDAY        0.00                      0.12  -0.12     0.16
  MONTH TO DATE    1.52                      0.96   0.56     1.75
  SINCE MAR 1      5.54                      3.89   1.65     5.92
  SINCE JAN 1     13.00                      8.95   4.05    10.51

SNOWFALL (IN)
  YESTERDAY        0.0                       0.1   -0.1      0.6
  MONTH TO DATE    2.8                       1.6    1.2      3.8
  SINCE MAR 1     12.1                      14.2   -2.1      7.0
  SINCE JUL 1     37.3                      66.4  -29.1     28.8
  SNOW DEPTH       0

DEGREE DAYS
 HEATING
  YESTERDAY       21                        18      3       28
  MONTH TO DATE  126                       157    -31      193
  SINCE MAR 1    917                       983    -66      816
  SINCE JUL 1   4228                      5200   -972     4407

 COOLING
  YESTERDAY        0                         0      0        0
  MONTH TO DATE    0                         0      0        0
  SINCE MAR 1      0                         1     -1        0
  SINCE JAN 1      0                         1     -1        0
..................................................................


WIND (MPH)
  HIGHEST WIND SPEED    10   HIGHEST WIND DIRECTION    NW (300)
  HIGHEST GUST SPEED    13   HIGHEST GUST DIRECTION     W (290)
  AVERAGE WIND SPEED     5.8


SKY COVER
  POSSIBLE SUNSHINE  MM
  AVERAGE SKY COVER 0.1


WEATHER CONDITIONS
 THE FOLLOWING WEATHER WAS RECORDED YESTERDAY.
  NO SIGNIFICANT WEATHER WAS OBSERVED.


RELATIVE HUMIDITY (PERCENT)
 HIGHEST    78           600 AM
 LOWEST     20           600 PM
 AVERAGE    49

..........................................................


THE CLEVELAND OH CLIMATE NORMALS FOR TODAY
                         NORMAL    RECORD    YEAR
 MAXIMUM TEMPERATURE (F)   57        81      1931
 MINIMUM TEMPERATURE (F)   38        17      1972


SUNRISE AND SUNSET
APRIL  9 2017.........SUNRISE   657 AM EDT   SUNSET   802 PM EDT
APRIL 10 2017.........SUNRISE   655 AM EDT   SUNSET   803 PM EDT


-  INDICATES NEGATIVE NUMBERS.
R  INDICATES RECORD WAS SET OR TIED.
MM INDICATES DATA IS MISSING.
T  INDICATES TRACE AMOUNT.




$$
