589
CDUS41 KCLE 160535
CLICLE


CLIMATE REPORT
NATIONAL WEATHER SERVICE CLEVELAND OH
134 AM EDT MON MAY 16 2016


...................................

...THE CLEVELAND OH CLIMATE SUMMARY FOR MAY 15 2016...

CLIMATE NORMAL PERIOD 1981 TO 2010
CLIMATE RECORD PERIOD 1871 TO 2016


WEATHER ITEM   OBSERVED TIME   RECORD YEAR NORMAL DEPARTURE LAST
                VALUE   (LST)  VALUE       VALUE  FROM      YEAR
                                                  NORMAL
..................................................................
TEMPERATURE (F)
 YESTERDAY
  MAXIMUM         50    350 PM  89    1962  69    -19       79
  MINIMUM         38    847 AM  35    1977  50    -12       51
                                      1964
  AVERAGE         44                        60    -16       65

PRECIPITATION (IN)
  YESTERDAY        0.20                      0.12   0.08     0.15
  MONTH TO DATE    2.47                      1.69   0.78     1.10
  SINCE MAR 1     10.50                      8.11   2.39     5.84
  SINCE JAN 1     15.09                     13.17   1.92    10.64

SNOWFALL (IN)
  YESTERDAY        T                         0.0    0.0      0.0
  MONTH TO DATE    T                         0.1   -0.1      0.0
  SINCE MAR 1     11.0                      16.0   -5.0      5.7
  SINCE JUL 1     32.8                      68.2  -35.4     67.1
  SNOW DEPTH       0

DEGREE DAYS
 HEATING
  YESTERDAY       21                         7     14        0
  MONTH TO DATE  141                       129     12       73
  SINCE MAR 1   1284                      1423   -139     1478
  SINCE JUL 1   4875                      5640   -765     6428

 COOLING
  YESTERDAY        0                         1     -1        0
  MONTH TO DATE    6                        15     -9       50
  SINCE MAR 1      6                        26    -20       51
  SINCE JAN 1      6                        26    -20       51
..................................................................


WIND (MPH)
  HIGHEST WIND SPEED    23   HIGHEST WIND DIRECTION    NW (300)
  HIGHEST GUST SPEED    23   HIGHEST GUST DIRECTION    NW (300)
  AVERAGE WIND SPEED    12.2


SKY COVER
  POSSIBLE SUNSHINE  MM
  AVERAGE SKY COVER 0.9


WEATHER CONDITIONS
 THE FOLLOWING WEATHER WAS RECORDED YESTERDAY.
  THUNDERSTORM
  RAIN
  LIGHT RAIN
  FOG


RELATIVE HUMIDITY (PERCENT)
 HIGHEST    85          1200 AM
 LOWEST     42           300 PM
 AVERAGE    64

..........................................................


THE CLEVELAND OH CLIMATE NORMALS FOR TODAY
                         NORMAL    RECORD    YEAR
 MAXIMUM TEMPERATURE (F)   70        89      1991
 MINIMUM TEMPERATURE (F)   50        29      1984


SUNRISE AND SUNSET
MAY 16 2016...........SUNRISE   607 AM EDT   SUNSET   841 PM EDT
MAY 17 2016...........SUNRISE   606 AM EDT   SUNSET   842 PM EDT


-  INDICATES NEGATIVE NUMBERS.
R  INDICATES RECORD WAS SET OR TIED.
MM INDICATES DATA IS MISSING.
T  INDICATES TRACE AMOUNT.




$$
