000
CDUS41 KCLE 100545
CLICLE


CLIMATE REPORT
NATIONAL WEATHER SERVICE CLEVELAND OH
145 AM EDT TUE OCT 10 2017


...................................

...THE CLEVELAND OH CLIMATE SUMMARY FOR OCTOBER 9 2017...

CLIMATE NORMAL PERIOD 1981 TO 2010
CLIMATE RECORD PERIOD 1871 TO 2017


WEATHER ITEM   OBSERVED TIME   RECORD YEAR NORMAL DEPARTURE LAST
                VALUE   (LST)  VALUE       VALUE  FROM      YEAR
                                                  NORMAL
..................................................................
TEMPERATURE (F)
 YESTERDAY
  MAXIMUM         71    421 PM  86    1949  65      6       61
  MINIMUM         63   1159 PM  30    1876  47     16       50
  AVERAGE         67                        56     11       56

PRECIPITATION (IN)
  YESTERDAY        0.90                      0.10   0.80     0.00
  MONTH TO DATE    2.68                      0.96   1.72     0.34
  SINCE SEP 1      3.49                      4.77  -1.28     5.72
  SINCE JAN 1     35.12                     30.31   4.81    29.09

SNOWFALL (IN)
  YESTERDAY        0.0                       0.0    0.0      0.0
  MONTH TO DATE    0.0                       0.0    0.0      0.0
  SINCE SEP 1      0.0                       0.0    0.0      0.0
  SINCE JUL 1      0.0                       0.0    0.0      0.0
  SNOW DEPTH       0

DEGREE DAYS
 HEATING
  YESTERDAY        0                        10    -10        9
  MONTH TO DATE   10                        75    -65       19
  SINCE SEP 1     58                       166   -108       30
  SINCE JUL 1     60                       178   -118       30

 COOLING
  YESTERDAY        2                         1      1        0
  MONTH TO DATE   37                         9     28       15
  SINCE SEP 1    214                        98    116      200
  SINCE JAN 1   1105                       813    292     1284
..................................................................


WIND (MPH)
  HIGHEST WIND SPEED    22   HIGHEST WIND DIRECTION     N (340)
  HIGHEST GUST SPEED    26   HIGHEST GUST DIRECTION     N (340)
  AVERAGE WIND SPEED     6.4


SKY COVER
  POSSIBLE SUNSHINE  MM
  AVERAGE SKY COVER 0.8


WEATHER CONDITIONS
 THE FOLLOWING WEATHER WAS RECORDED YESTERDAY.
  HEAVY RAIN
  RAIN
  LIGHT RAIN
  FOG


RELATIVE HUMIDITY (PERCENT)
 HIGHEST   100           900 PM
 LOWEST     84           300 PM
 AVERAGE    92

..........................................................


THE CLEVELAND OH CLIMATE NORMALS FOR TODAY
                         NORMAL    RECORD    YEAR
 MAXIMUM TEMPERATURE (F)   64        86      1949
 MINIMUM TEMPERATURE (F)   47        30      1895


SUNRISE AND SUNSET
OCTOBER 10 2017.......SUNRISE   734 AM EDT   SUNSET   654 PM EDT
OCTOBER 11 2017.......SUNRISE   735 AM EDT   SUNSET   652 PM EDT


-  INDICATES NEGATIVE NUMBERS.
R  INDICATES RECORD WAS SET OR TIED.
MM INDICATES DATA IS MISSING.
T  INDICATES TRACE AMOUNT.




$$
