000
CDUS41 KCLE 080545
CLICLE


CLIMATE REPORT
NATIONAL WEATHER SERVICE CLEVELAND OH
145 AM EDT THU JUN 8 2017


...................................

...THE CLEVELAND OH CLIMATE SUMMARY FOR JUNE 7 2017...

CLIMATE NORMAL PERIOD 1981 TO 2010
CLIMATE RECORD PERIOD 1871 TO 2017


WEATHER ITEM   OBSERVED TIME   RECORD YEAR NORMAL DEPARTURE LAST
                VALUE   (LST)  VALUE       VALUE  FROM      YEAR
                                                  NORMAL
..................................................................
TEMPERATURE (F)
 YESTERDAY
  MAXIMUM         66    652 PM  91    2005  76    -10       69
                                      1999
                                      1933
  MINIMUM         54   1159 PM  39    1977  57     -3       56
  AVERAGE         60                        67     -7       63

PRECIPITATION (IN)
  YESTERDAY        0.03                      0.12  -0.09      T
  MONTH TO DATE    0.17                      0.81  -0.64     0.49
  SINCE JUN 1      0.17                      0.81  -0.64     0.49
  SINCE JAN 1     22.23                     15.95   6.28    16.42

SNOWFALL (IN)
  YESTERDAY        0.0                       0.0    0.0      0.0
  MONTH TO DATE    0.0                       0.0    0.0      0.0
  SINCE JUN 1      0.0                       0.0    0.0      0.0
  SINCE JUL 1     37.3                      68.1  -30.8     32.8
  SNOW DEPTH       0

DEGREE DAYS
 HEATING
  YESTERDAY        5                         2      3        2
  MONTH TO DATE   12                        19     -7        2
  SINCE JUN 1     12                        19     -7        2
  SINCE JUL 1   4562                      5739  -1177     4948

 COOLING
  YESTERDAY        0                         4     -4        0
  MONTH TO DATE   19                        26     -7       49
  SINCE JUN 1     19                        26     -7       49
  SINCE JAN 1    107                        85     22      130
..................................................................


WIND (MPH)
  HIGHEST WIND SPEED    24   HIGHEST WIND DIRECTION     N (20)
  HIGHEST GUST SPEED    28   HIGHEST GUST DIRECTION    NE (30)
  AVERAGE WIND SPEED    11.0


SKY COVER
  POSSIBLE SUNSHINE  MM
  AVERAGE SKY COVER 0.7


WEATHER CONDITIONS
 THE FOLLOWING WEATHER WAS RECORDED YESTERDAY.
  LIGHT RAIN
  FOG


RELATIVE HUMIDITY (PERCENT)
 HIGHEST    77           500 AM
 LOWEST     58           700 PM
 AVERAGE    68

..........................................................


THE CLEVELAND OH CLIMATE NORMALS FOR TODAY
                         NORMAL    RECORD    YEAR
 MAXIMUM TEMPERATURE (F)   77        98      1933
 MINIMUM TEMPERATURE (F)   58        39      1977


SUNRISE AND SUNSET
JUNE  8 2017..........SUNRISE   554 AM EDT   SUNSET   859 PM EDT
JUNE  9 2017..........SUNRISE   554 AM EDT   SUNSET   900 PM EDT


-  INDICATES NEGATIVE NUMBERS.
R  INDICATES RECORD WAS SET OR TIED.
MM INDICATES DATA IS MISSING.
T  INDICATES TRACE AMOUNT.




$$
