000
CDUS41 KCLE 300545
CLICLE


CLIMATE REPORT
NATIONAL WEATHER SERVICE CLEVELAND OH
145 AM EDT MON JUN 30 2014


...................................

...THE CLEVELAND OH CLIMATE SUMMARY FOR JUNE 29 2014...

CLIMATE NORMAL PERIOD 1981 TO 2010
CLIMATE RECORD PERIOD 1871 TO 2014


WEATHER ITEM   OBSERVED TIME   RECORD YEAR NORMAL DEPARTURE LAST
                VALUE   (LST)  VALUE       VALUE  FROM      YEAR
                                                  NORMAL
..................................................................
TEMPERATURE (F)
 YESTERDAY
  MAXIMUM         86    250 PM  94    2012  82      4       75
                                      1952
  MINIMUM         68    345 PM  51    1985  63      5       63
                                      1885
  AVERAGE         77                        72      5       69

PRECIPITATION (IN)
  YESTERDAY        0.31                      0.11   0.20     0.28
  MONTH TO DATE    6.26                      3.32   2.94     7.87
  SINCE JUN 1      6.26                      3.32   2.94     7.87
  SINCE JAN 1     22.53                     18.46   4.07    20.46

SNOWFALL (IN)
  YESTERDAY        0.0                       0.0    0.0      0.0
  MONTH TO DATE    0.0                       0.0    0.0      0.0
  SINCE JUN 1      0.0                       0.0    0.0      0.0
  SINCE JUL 1     86.1                      68.1   18.0     51.7
  SNOW DEPTH       0

DEGREE DAYS
 HEATING
  YESTERDAY        0                         0      0        0
  MONTH TO DATE   20                        41    -21       39
  SINCE JUN 1     20                        41    -21       39
  SINCE JUL 1   6315                      5761    554     5809

 COOLING
  YESTERDAY       12                         8      4        4
  MONTH TO DATE  168                       159      9      158
  SINCE JUN 1    168                       159      9      158
  SINCE JAN 1    234                       218     16      272
..................................................................


WIND (MPH)
  HIGHEST WIND SPEED    32   HIGHEST WIND DIRECTION     W (260)
  HIGHEST GUST SPEED    39   HIGHEST GUST DIRECTION     W (260)
  AVERAGE WIND SPEED     9.7


SKY COVER
  POSSIBLE SUNSHINE  MM
  AVERAGE SKY COVER 0.8


WEATHER CONDITIONS
 THE FOLLOWING WEATHER WAS RECORDED YESTERDAY.
  THUNDERSTORM
  HEAVY RAIN
  LIGHT RAIN
  FOG


RELATIVE HUMIDITY (PERCENT)
 HIGHEST    87           600 AM
 LOWEST     61           100 PM
 AVERAGE    74

..........................................................


THE CLEVELAND OH CLIMATE NORMALS FOR TODAY
                         NORMAL    RECORD    YEAR
 MAXIMUM TEMPERATURE (F)   82        95      1941
 MINIMUM TEMPERATURE (F)   63        48      1988


SUNRISE AND SUNSET
JUNE 30 2014..........SUNRISE   557 AM EDT   SUNSET   905 PM EDT
JULY  1 2014..........SUNRISE   558 AM EDT   SUNSET   905 PM EDT


-  INDICATES NEGATIVE NUMBERS.
R  INDICATES RECORD WAS SET OR TIED.
MM INDICATES DATA IS MISSING.
T  INDICATES TRACE AMOUNT.




$$
