000
CDUS41 KCLE 102226
CLICLE


CLIMATE REPORT
NATIONAL WEATHER SERVICE CLEVELAND OH
526 PM EST MON NOV 10 2014


...................................

...THE CLEVELAND OH CLIMATE SUMMARY FOR NOVEMBER 10 2014...
VALID TODAY AS OF 0500 PM LOCAL TIME.

CLIMATE NORMAL PERIOD 1981 TO 2010
CLIMATE RECORD PERIOD 1871 TO 2014


WEATHER ITEM   OBSERVED TIME   RECORD YEAR NORMAL DEPARTURE LAST
                VALUE   (LST)  VALUE       VALUE  FROM      YEAR
                                                  NORMAL
..................................................................
TEMPERATURE (F)
 TODAY
  MAXIMUM         60    359 PM  71    1998  53      7       53
  MINIMUM         43    753 AM  19    1991  39      4       35
  AVERAGE         52                        46      6       44

PRECIPITATION (IN)
  TODAY            0.00                      0.12  -0.12     0.00
  MONTH TO DATE    1.39                      1.17   0.22     1.09
  SINCE SEP 1      8.70                      8.05   0.65     7.75
  SINCE JAN 1     39.81                     33.59   6.22    35.96

SNOWFALL (IN)
  TODAY            0.0                       0.1   -0.1      0.0
  MONTH TO DATE    T                         0.8   -0.8      0.1
  SINCE SEP 1      T                         1.0   -1.0      0.1
  SINCE JUL 1      T                         1.0   -1.0      0.1
  SNOW DEPTH       0

DEGREE DAYS
 HEATING
  TODAY           13                        19     -6       21
  MONTH TO DATE  201                       175     26      184
  SINCE SEP 1    676                       623     53      588
  SINCE JUL 1    701                       635     66      595

 COOLING
  TODAY            0                         0      0        0
  MONTH TO DATE    0                         0      0        0
  SINCE SEP 1     67                       101    -34      127
  SINCE JAN 1    657                       816   -159      889
..................................................................


WIND (MPH)
  HIGHEST WIND SPEED    21   HIGHEST WIND DIRECTION     S (160)
  HIGHEST GUST SPEED    25   HIGHEST GUST DIRECTION     S (160)


SKY COVER
  POSSIBLE SUNSHINE  MM
  AVERAGE SKY COVER 0.8


WEATHER CONDITIONS
 THE FOLLOWING WEATHER WAS RECORDED TODAY.
  NO SIGNIFICANT WEATHER WAS OBSERVED.


RELATIVE HUMIDITY (PERCENT)
 HIGHEST    70           800 AM
 LOWEST     35           200 PM
 AVERAGE    53

..........................................................


THE CLEVELAND OH CLIMATE NORMALS FOR TOMORROW
                         NORMAL    RECORD    YEAR
 MAXIMUM TEMPERATURE (F)   53        73      1915
 MINIMUM TEMPERATURE (F)   39        21      1957


SUNRISE AND SUNSET
NOVEMBER 10 2014......SUNRISE   710 AM EST   SUNSET   512 PM EST
NOVEMBER 11 2014......SUNRISE   711 AM EST   SUNSET   511 PM EST


-  INDICATES NEGATIVE NUMBERS.
R  INDICATES RECORD WAS SET OR TIED.
MM INDICATES DATA IS MISSING.
T  INDICATES TRACE AMOUNT.




$$
