402
CDUS41 KCLE 270529
CLICLE


CLIMATE REPORT
NATIONAL WEATHER SERVICE CLEVELAND OH
1226 AM EST SUN NOV 27 2016


...................................

...THE CLEVELAND OH CLIMATE SUMMARY FOR NOVEMBER 26 2016...

CLIMATE NORMAL PERIOD 1981 TO 2010
CLIMATE RECORD PERIOD 1871 TO 2016


WEATHER ITEM   OBSERVED TIME   RECORD YEAR NORMAL DEPARTURE LAST
                VALUE   (LST)  VALUE       VALUE  FROM      YEAR
                                                  NORMAL
..................................................................
TEMPERATURE (F)
 YESTERDAY
  MAXIMUM         46   1247 PM  70    1896  46      0       64
  MINIMUM         38    101 AM   9    1880  33      5       49
  AVERAGE         42                        40      2       57

PRECIPITATION (IN)
  YESTERDAY        0.08                      0.11  -0.03     0.00
  MONTH TO DATE    1.55                      3.15  -1.60     1.57
  SINCE SEP 1      9.89                     10.03  -0.14     8.65
  SINCE JAN 1     33.26                     35.57  -2.31    36.37

SNOWFALL (IN)
  YESTERDAY        0.0                       0.2   -0.2      0.0
  MONTH TO DATE    0.9                       3.4   -2.5      0.8
  SINCE SEP 1      0.9                       3.6   -2.7      0.9
  SINCE JUL 1      0.9                       3.6   -2.7      0.9
  SNOW DEPTH       0

DEGREE DAYS
 HEATING
  YESTERDAY       23                        25     -2        8
  MONTH TO DATE  424                       530   -106      406
  SINCE SEP 1    653                       978   -325      756
  SINCE JUL 1    653                       990   -337      770

 COOLING
  YESTERDAY        0                         0      0        0
  MONTH TO DATE    8                         0      8        4
  SINCE SEP 1    236                       101    135      162
  SINCE JAN 1   1320                       816    504      831
..................................................................


WIND (MPH)
  HIGHEST WIND SPEED    22   HIGHEST WIND DIRECTION     W (280)
  HIGHEST GUST SPEED    27   HIGHEST GUST DIRECTION     W (290)
  AVERAGE WIND SPEED    11.4


SKY COVER
  POSSIBLE SUNSHINE  MM
  AVERAGE SKY COVER 1.0


WEATHER CONDITIONS
 THE FOLLOWING WEATHER WAS RECORDED YESTERDAY.
  LIGHT RAIN
  FOG
  HAZE


RELATIVE HUMIDITY (PERCENT)
 HIGHEST    85          1200 AM
 LOWEST     58           100 PM
 AVERAGE    72

..........................................................


THE CLEVELAND OH CLIMATE NORMALS FOR TODAY
                         NORMAL    RECORD    YEAR
 MAXIMUM TEMPERATURE (F)   46        71      1990
 MINIMUM TEMPERATURE (F)   33         6      1880


SUNRISE AND SUNSET
NOVEMBER 27 2016......SUNRISE   730 AM EST   SUNSET   500 PM EST
NOVEMBER 28 2016......SUNRISE   731 AM EST   SUNSET   459 PM EST


-  INDICATES NEGATIVE NUMBERS.
R  INDICATES RECORD WAS SET OR TIED.
MM INDICATES DATA IS MISSING.
T  INDICATES TRACE AMOUNT.




$$
