000
CDUS41 KCLE 030526
CLICLE


CLIMATE REPORT
NATIONAL WEATHER SERVICE CLEVELAND OH
1226 AM EST TUE JAN 3 2017


...................................

...THE CLEVELAND OH CLIMATE SUMMARY FOR JANUARY 2 2017...

CLIMATE NORMAL PERIOD 1981 TO 2010
CLIMATE RECORD PERIOD 1871 TO 2017


WEATHER ITEM   OBSERVED TIME   RECORD YEAR NORMAL DEPARTURE LAST
                VALUE   (LST)  VALUE       VALUE  FROM      YEAR
                                                  NORMAL
..................................................................
TEMPERATURE (F)
 YESTERDAY
  MAXIMUM         50   1159 PM  66    1876  35     15       33
  MINIMUM         34    225 AM -12    1879  22     12       25
  AVERAGE         42                        28     14       29

PRECIPITATION (IN)
  YESTERDAY        T                         0.10  -0.10     0.00
  MONTH TO DATE    T                         0.20  -0.20      T
  SINCE DEC 1      2.65                      3.30  -0.65     2.96
  SINCE JAN 1      T                         0.20  -0.20      T

SNOWFALL (IN)
  YESTERDAY        0.0                       0.6   -0.6      0.0
  MONTH TO DATE    0.0                       1.2   -1.2       T
  SINCE DEC 1      9.6                      15.3   -5.7      0.3
  SINCE JUL 1     10.5                      19.8   -9.3      1.2
  SNOW DEPTH       0

DEGREE DAYS
 HEATING
  YESTERDAY       23                        37    -14       36
  MONTH TO DATE   53                        73    -20       73
  SINCE DEC 1   1060                      1085    -25      720
  SINCE JUL 1   1776                      2180   -404     1585

 COOLING
  YESTERDAY        0                         0      0        0
  MONTH TO DATE    0                         0      0        0
  SINCE DEC 1      0                         0      0        0
  SINCE JAN 1      0                         0      0        0
..................................................................


WIND (MPH)
  HIGHEST WIND SPEED    16   HIGHEST WIND DIRECTION    SE (140)
  HIGHEST GUST SPEED    19   HIGHEST GUST DIRECTION    SE (130)
  AVERAGE WIND SPEED     6.5


SKY COVER
  POSSIBLE SUNSHINE  MM
  AVERAGE SKY COVER 1.0


WEATHER CONDITIONS
 THE FOLLOWING WEATHER WAS RECORDED YESTERDAY.
  LIGHT RAIN
  FOG


RELATIVE HUMIDITY (PERCENT)
 HIGHEST    86           600 PM
 LOWEST     59           600 AM
 AVERAGE    73

..........................................................


THE CLEVELAND OH CLIMATE NORMALS FOR TODAY
                         NORMAL    RECORD    YEAR
 MAXIMUM TEMPERATURE (F)   35        65      1874
 MINIMUM TEMPERATURE (F)   22       -16      1879


SUNRISE AND SUNSET
JANUARY  3 2017.......SUNRISE   754 AM EST   SUNSET   511 PM EST
JANUARY  4 2017.......SUNRISE   754 AM EST   SUNSET   512 PM EST


-  INDICATES NEGATIVE NUMBERS.
R  INDICATES RECORD WAS SET OR TIED.
MM INDICATES DATA IS MISSING.
T  INDICATES TRACE AMOUNT.




$$
