000
CDUS41 KCLE 140549
CLICLE


CLIMATE REPORT
NATIONAL WEATHER SERVICE CLEVELAND OH
1249 AM EST FRI NOV 14 2014


...................................

...THE CLEVELAND OH CLIMATE SUMMARY FOR NOVEMBER 13 2014...

CLIMATE NORMAL PERIOD 1981 TO 2010
CLIMATE RECORD PERIOD 1871 TO 2014


WEATHER ITEM   OBSERVED TIME   RECORD YEAR NORMAL DEPARTURE LAST
                VALUE   (LST)  VALUE       VALUE  FROM      YEAR
                                                  NORMAL
..................................................................
TEMPERATURE (F)
 YESTERDAY
  MAXIMUM         33    418 PM  72    1989  52    -19       37
                                      1909
  MINIMUM         27   1159 PM  15    1911  38    -11       27
  AVERAGE         30                        45    -15       32

PRECIPITATION (IN)
  YESTERDAY        0.27                      0.12   0.15     0.00
  MONTH TO DATE    1.69                      1.53   0.16     1.72
  SINCE SEP 1      9.00                      8.41   0.59     8.38
  SINCE JAN 1     40.11                     33.95   6.16    36.59

SNOWFALL (IN)
  YESTERDAY        3.6                       0.1    3.5      0.0
  MONTH TO DATE    3.6                       1.2    2.4      3.1
  SINCE SEP 1      3.6                       1.4    2.2      3.1
  SINCE JUL 1      3.6                       1.4    2.2      3.1
  SNOW DEPTH       0

DEGREE DAYS
 HEATING
  YESTERDAY       35                        20     15       33
  MONTH TO DATE  275                       234     41      273
  SINCE SEP 1    750                       682     68      677
  SINCE JUL 1    775                       694     81      684

 COOLING
  YESTERDAY        0                         0      0        0
  MONTH TO DATE    0                         0      0        0
  SINCE SEP 1     67                       101    -34      127
  SINCE JAN 1    657                       816   -159      889
..................................................................


WIND (MPH)
  HIGHEST WIND SPEED    22   HIGHEST WIND DIRECTION     W (280)
  HIGHEST GUST SPEED    27   HIGHEST GUST DIRECTION     W (280)
  AVERAGE WIND SPEED    10.6


SKY COVER
  POSSIBLE SUNSHINE  MM
  AVERAGE SKY COVER 1.0


WEATHER CONDITIONS
 THE FOLLOWING WEATHER WAS RECORDED YESTERDAY.
  SNOW
  LIGHT SNOW
  FOG


RELATIVE HUMIDITY (PERCENT)
 HIGHEST    92           900 PM
 LOWEST     61           400 PM
 AVERAGE    77

..........................................................


THE CLEVELAND OH CLIMATE NORMALS FOR TODAY
                         NORMAL    RECORD    YEAR
 MAXIMUM TEMPERATURE (F)   52        72      1994
                                             1909
 MINIMUM TEMPERATURE (F)   38        13      1986


SUNRISE AND SUNSET
NOVEMBER 14 2014......SUNRISE   715 AM EST   SUNSET   509 PM EST
NOVEMBER 15 2014......SUNRISE   716 AM EST   SUNSET   508 PM EST


-  INDICATES NEGATIVE NUMBERS.
R  INDICATES RECORD WAS SET OR TIED.
MM INDICATES DATA IS MISSING.
T  INDICATES TRACE AMOUNT.




$$
