000
CDUS41 KCLE 010528
CLICLE


CLIMATE REPORT
NATIONAL WEATHER SERVICE CLEVELAND OH
1227 AM EST FRI DEC 1 2017


...................................

...THE CLEVELAND OH CLIMATE SUMMARY FOR NOVEMBER 30 2017...

CLIMATE NORMAL PERIOD 1981 TO 2010
CLIMATE RECORD PERIOD 1871 TO 2017


WEATHER ITEM   OBSERVED TIME   RECORD YEAR NORMAL DEPARTURE LAST
                VALUE   (LST)  VALUE       VALUE  FROM      YEAR
                                                  NORMAL
..................................................................
TEMPERATURE (F)
 YESTERDAY
  MAXIMUM         55   1143 AM  71    1934  44     11       62
  MINIMUM         34   1224 AM   3    1976  32      2       43
  AVERAGE         45                        38      7       53

PRECIPITATION (IN)
  YESTERDAY        0.13                      0.11   0.02     0.41
  MONTH TO DATE    5.95                      3.62   2.33     2.11
  SINCE SEP 1     10.44                     10.50  -0.06    10.45
  SINCE JAN 1     42.07                     36.04   6.03    33.82

SNOWFALL (IN)
  YESTERDAY        0.0                       0.2   -0.2      0.0
  MONTH TO DATE    0.8                       4.3   -3.5      0.9
  SINCE SEP 1      0.8                       4.5   -3.7      0.9
  SINCE JUL 1      0.8                       4.5   -3.7      0.9
  SNOW DEPTH       0

DEGREE DAYS
 HEATING
  YESTERDAY       20                        27     -7       12
  MONTH TO DATE  630                       636     -6      487
  SINCE SEP 1    888                      1083   -195      716
  SINCE JUL 1    890                      1095   -205      716

 COOLING
  YESTERDAY        0                         0      0        0
  MONTH TO DATE    0                         1     -1        8
  SINCE SEP 1    222                       102    120      236
  SINCE JAN 1   1113                       817    296     1320
..................................................................


WIND (MPH)
  HIGHEST WIND SPEED    22   HIGHEST WIND DIRECTION     W (250)
  HIGHEST GUST SPEED    27   HIGHEST GUST DIRECTION     W (250)
  AVERAGE WIND SPEED    10.2


SKY COVER
  POSSIBLE SUNSHINE  MM
  AVERAGE SKY COVER 0.6


WEATHER CONDITIONS
 THE FOLLOWING WEATHER WAS RECORDED YESTERDAY.
  LIGHT RAIN
  FOG


RELATIVE HUMIDITY (PERCENT)
 HIGHEST    93           200 PM
 LOWEST     47          1100 AM
 AVERAGE    70

..........................................................


THE CLEVELAND OH CLIMATE NORMALS FOR TODAY
                         NORMAL    RECORD    YEAR
 MAXIMUM TEMPERATURE (F)   44        65      1970
 MINIMUM TEMPERATURE (F)   32         7      1929
                                             1874


SUNRISE AND SUNSET
DECEMBER  1 2017......SUNRISE   734 AM EST   SUNSET   459 PM EST
DECEMBER  2 2017......SUNRISE   735 AM EST   SUNSET   458 PM EST


-  INDICATES NEGATIVE NUMBERS.
R  INDICATES RECORD WAS SET OR TIED.
MM INDICATES DATA IS MISSING.
T  INDICATES TRACE AMOUNT.




$$
