000
CDUS41 KCLE 300546
CLICLE


CLIMATE REPORT
NATIONAL WEATHER SERVICE CLEVELAND OH
145 AM EDT TUE AUG 30 2016


...................................

...THE CLEVELAND OH CLIMATE SUMMARY FOR AUGUST 29 2016...

CLIMATE NORMAL PERIOD 1981 TO 2010
CLIMATE RECORD PERIOD 1871 TO 2016


WEATHER ITEM   OBSERVED TIME   RECORD YEAR NORMAL DEPARTURE LAST
                VALUE   (LST)  VALUE       VALUE  FROM      YEAR
                                                  NORMAL
..................................................................
TEMPERATURE (F)
 YESTERDAY
  MAXIMUM         84    130 PM  98    1953  79      5       84
  MINIMUM         65   1159 PM  38    1982  61      4       58
  AVERAGE         75                        70      5       71

PRECIPITATION (IN)
  YESTERDAY        0.00                      0.11  -0.11     0.04
  MONTH TO DATE    3.50                      3.29   0.21     2.51
  SINCE JUN 1      7.44                     10.18  -2.74    13.75
  SINCE JAN 1     23.37                     25.32  -1.95    27.38

SNOWFALL (IN)
  YESTERDAY        0.0                       0.0    0.0      0.0
  MONTH TO DATE    0.0                       0.0    0.0      0.0
  SINCE JUN 1      0.0                       0.0    0.0      0.0
  SINCE JUL 1      0.0                       0.0    0.0      0.0
  SNOW DEPTH       0

DEGREE DAYS
 HEATING
  YESTERDAY        0                         1     -1        0
  MONTH TO DATE    0                         1     -1       11
  SINCE JUN 1     13                        47    -34       44
  SINCE JUL 1      0                         5     -5       14

 COOLING
  YESTERDAY       10                         6      4        6
  MONTH TO DATE  383                       212    171      169
  SINCE JUN 1    982                       645    337      526
  SINCE JAN 1   1063                       704    359      647
..................................................................


WIND (MPH)
  HIGHEST WIND SPEED    17   HIGHEST WIND DIRECTION     E (70)
  HIGHEST GUST SPEED    20   HIGHEST GUST DIRECTION    NE (50)
  AVERAGE WIND SPEED     8.0


SKY COVER
  POSSIBLE SUNSHINE  MM
  AVERAGE SKY COVER 0.3


WEATHER CONDITIONS
 THE FOLLOWING WEATHER WAS RECORDED YESTERDAY.
  NO SIGNIFICANT WEATHER WAS OBSERVED.


RELATIVE HUMIDITY (PERCENT)
 HIGHEST    84          1200 AM
 LOWEST     45           400 PM
 AVERAGE    65

..........................................................


THE CLEVELAND OH CLIMATE NORMALS FOR TODAY
                         NORMAL    RECORD    YEAR
 MAXIMUM TEMPERATURE (F)   79        96      1953
 MINIMUM TEMPERATURE (F)   61        45      1976
                                             1968


SUNRISE AND SUNSET
AUGUST 30 2016........SUNRISE   652 AM EDT   SUNSET   803 PM EDT
AUGUST 31 2016........SUNRISE   653 AM EDT   SUNSET   801 PM EDT


-  INDICATES NEGATIVE NUMBERS.
R  INDICATES RECORD WAS SET OR TIED.
MM INDICATES DATA IS MISSING.
T  INDICATES TRACE AMOUNT.




$$
