000
CDUS41 KCLE 202110
CLICLE


CLIMATE REPORT
NATIONAL WEATHER SERVICE CLEVELAND OH
510 PM EDT FRI OCT 20 2017


...................................

...THE CLEVELAND OH CLIMATE SUMMARY FOR OCTOBER 20 2017...
VALID TODAY AS OF 0500 PM LOCAL TIME.

CLIMATE NORMAL PERIOD 1981 TO 2010
CLIMATE RECORD PERIOD 1871 TO 2017


WEATHER ITEM   OBSERVED TIME   RECORD YEAR NORMAL DEPARTURE LAST
                VALUE   (LST)  VALUE       VALUE  FROM      YEAR
                                                  NORMAL
..................................................................
TEMPERATURE (F)
 TODAY
  MAXIMUM         75    324 PM  83    1953  61     14       64
  MINIMUM         44    713 AM  27    1992  44      0       56
                                      1972
  AVERAGE         60                        52      8       60

PRECIPITATION (IN)
  TODAY            0.00                      0.09  -0.09     1.02
  MONTH TO DATE    2.94                      2.01   0.93     1.71
  SINCE SEP 1      3.75                      5.82  -2.07     7.09
  SINCE JAN 1     35.38                     31.36   4.02    30.46

SNOWFALL (IN)
  TODAY            0.0                       0.0    0.0      0.0
  MONTH TO DATE    0.0                       0.0    0.0      0.0
  SINCE SEP 1      0.0                       0.0    0.0      0.0
  SINCE JUL 1      0.0                       0.0    0.0      0.0
  SNOW DEPTH       0

DEGREE DAYS
 HEATING
  TODAY            5                        13     -8        5
  MONTH TO DATE   53                       198   -145       77
  SINCE SEP 1    101                       289   -188       88
  SINCE JUL 1    103                       301   -198       88

 COOLING
  TODAY            0                         0      0        0
  MONTH TO DATE   44                        10     34       43
  SINCE SEP 1    221                        99    122      228
  SINCE JAN 1   1112                       814    298     1312
..................................................................


WIND (MPH)
  HIGHEST WIND SPEED    10   HIGHEST WIND DIRECTION     S (180)
  HIGHEST GUST SPEED    13   HIGHEST GUST DIRECTION     S (170)


SKY COVER
  POSSIBLE SUNSHINE  MM
  AVERAGE SKY COVER 0.3


WEATHER CONDITIONS
 THE FOLLOWING WEATHER WAS RECORDED TODAY.
  HAZE


RELATIVE HUMIDITY (PERCENT)
 HIGHEST    93           300 AM
 LOWEST     29           100 PM
 AVERAGE    61

..........................................................


THE CLEVELAND OH CLIMATE NORMALS FOR TOMORROW
                         NORMAL    RECORD    YEAR
 MAXIMUM TEMPERATURE (F)   61        83      1953
 MINIMUM TEMPERATURE (F)   44        26      1952


SUNRISE AND SUNSET
OCTOBER 20 2017.......SUNRISE   745 AM EDT   SUNSET   638 PM EDT
OCTOBER 21 2017.......SUNRISE   746 AM EDT   SUNSET   637 PM EDT


-  INDICATES NEGATIVE NUMBERS.
R  INDICATES RECORD WAS SET OR TIED.
MM INDICATES DATA IS MISSING.
T  INDICATES TRACE AMOUNT.




$$
