584
CDUS41 KCLE 310545
CLICLE


CLIMATE REPORT
NATIONAL WEATHER SERVICE CLEVELAND OH
145 AM EDT TUE MAY 31 2016


...................................

...THE CLEVELAND OH CLIMATE SUMMARY FOR MAY 30 2016...

CLIMATE NORMAL PERIOD 1981 TO 2010
CLIMATE RECORD PERIOD 1871 TO 2016


WEATHER ITEM   OBSERVED TIME   RECORD YEAR NORMAL DEPARTURE LAST
                VALUE   (LST)  VALUE       VALUE  FROM      YEAR
                                                  NORMAL
..................................................................
TEMPERATURE (F)
 YESTERDAY
  MAXIMUM         83    336 PM  92    1879  74      9       83
  MINIMUM         63    521 AM  32    1961  55      8       57
  AVERAGE         73                        64      9       70

PRECIPITATION (IN)
  YESTERDAY        0.00                      0.12  -0.12     1.41
  MONTH TO DATE    3.31                      3.53  -0.22     3.21
  SINCE MAR 1     11.34                      9.95   1.39     7.95
  SINCE JAN 1     15.93                     15.01   0.92    12.75

SNOWFALL (IN)
  YESTERDAY        0.0                       0.0    0.0      0.0
  MONTH TO DATE    T                         0.1   -0.1      0.0
  SINCE MAR 1     11.0                      16.0   -5.0      5.7
  SINCE JUL 1     32.8                      68.2  -35.4     67.1
  SNOW DEPTH       0

DEGREE DAYS
 HEATING
  YESTERDAY        0                         4     -4        0
  MONTH TO DATE  211                       207      4      127
  SINCE MAR 1   1354                      1501   -147     1532
  SINCE JUL 1   4945                      5718   -773     6482

 COOLING
  YESTERDAY        8                         3      5        5
  MONTH TO DATE   75                        48     27      120
  SINCE MAR 1     75                        59     16      121
  SINCE JAN 1     75                        59     16      121
..................................................................


WIND (MPH)
  HIGHEST WIND SPEED    16   HIGHEST WIND DIRECTION    NW (300)
  HIGHEST GUST SPEED    20   HIGHEST GUST DIRECTION    NW (300)
  AVERAGE WIND SPEED     6.2


SKY COVER
  POSSIBLE SUNSHINE  MM
  AVERAGE SKY COVER 0.4


WEATHER CONDITIONS
 THE FOLLOWING WEATHER WAS RECORDED YESTERDAY.
  NO SIGNIFICANT WEATHER WAS OBSERVED.


RELATIVE HUMIDITY (PERCENT)
 HIGHEST    93           200 AM
 LOWEST     34           400 PM
 AVERAGE    64

..........................................................


THE CLEVELAND OH CLIMATE NORMALS FOR TODAY
                         NORMAL    RECORD    YEAR
 MAXIMUM TEMPERATURE (F)   74        92      1944
 MINIMUM TEMPERATURE (F)   55        39      1996
                                             1984


SUNRISE AND SUNSET
MAY 31 2016...........SUNRISE   557 AM EDT   SUNSET   854 PM EDT
JUNE  1 2016..........SUNRISE   556 AM EDT   SUNSET   855 PM EDT


-  INDICATES NEGATIVE NUMBERS.
R  INDICATES RECORD WAS SET OR TIED.
MM INDICATES DATA IS MISSING.
T  INDICATES TRACE AMOUNT.




$$
