000
CDUS41 KCLE 210536
CLICLE


CLIMATE REPORT
NATIONAL WEATHER SERVICE CLEVELAND OH
126 AM EDT WED JUN 21 2017


...................................

...THE CLEVELAND OH CLIMATE SUMMARY FOR JUNE 20 2017...

CLIMATE NORMAL PERIOD 1981 TO 2010
CLIMATE RECORD PERIOD 1871 TO 2017


WEATHER ITEM   OBSERVED TIME   RECORD YEAR NORMAL DEPARTURE LAST
                VALUE   (LST)  VALUE       VALUE  FROM      YEAR
                                                  NORMAL
..................................................................
TEMPERATURE (F)
 YESTERDAY
  MAXIMUM         80    542 PM  96    1988  80      0       93
  MINIMUM         60    545 AM  46    2004  61     -1       73
                                      1982
                                      1947
  AVERAGE         70                        71     -1       83

PRECIPITATION (IN)
  YESTERDAY        0.16                      0.11   0.05     0.00
  MONTH TO DATE    1.56                      2.31  -0.75     1.77
  SINCE JUN 1      1.56                      2.31  -0.75     1.77
  SINCE JAN 1     23.62                     17.45   6.17    17.70

SNOWFALL (IN)
  YESTERDAY        0.0                       0.0    0.0      0.0
  MONTH TO DATE    0.0                       0.0    0.0      0.0
  SINCE JUN 1      0.0                       0.0    0.0      0.0
  SINCE JUL 1     37.3                      68.1  -30.8     32.8
  SNOW DEPTH       0

DEGREE DAYS
 HEATING
  YESTERDAY        0                         1     -1        0
  MONTH TO DATE   15                        36    -21       13
  SINCE JUN 1     15                        36    -21       13
  SINCE JUL 1   4565                      5756  -1191     4959

 COOLING
  YESTERDAY        5                         6     -1       18
  MONTH TO DATE  173                        93     80      156
  SINCE JUN 1    173                        93     80      156
  SINCE JAN 1    261                       152    109      237
..................................................................


WIND (MPH)
  HIGHEST WIND SPEED    24   HIGHEST WIND DIRECTION     W (270)
  HIGHEST GUST SPEED    29   HIGHEST GUST DIRECTION     W (260)
  AVERAGE WIND SPEED    10.6


SKY COVER
  POSSIBLE SUNSHINE  MM
  AVERAGE SKY COVER 0.4


WEATHER CONDITIONS
 THE FOLLOWING WEATHER WAS RECORDED YESTERDAY.
  THUNDERSTORM
  HEAVY RAIN
  LIGHT RAIN


RELATIVE HUMIDITY (PERCENT)
 HIGHEST    84           200 AM
 LOWEST     39           500 PM
 AVERAGE    62

..........................................................


THE CLEVELAND OH CLIMATE NORMALS FOR TODAY
                         NORMAL    RECORD    YEAR
 MAXIMUM TEMPERATURE (F)   80        95      1941
 MINIMUM TEMPERATURE (F)   62        44      1992


SUNRISE AND SUNSET
JUNE 21 2017..........SUNRISE   554 AM EDT   SUNSET   904 PM EDT
JUNE 22 2017..........SUNRISE   554 AM EDT   SUNSET   905 PM EDT


-  INDICATES NEGATIVE NUMBERS.
R  INDICATES RECORD WAS SET OR TIED.
MM INDICATES DATA IS MISSING.
T  INDICATES TRACE AMOUNT.




$$
