000
CDUS41 KCLE 130532
CLICLE


CLIMATE REPORT
NATIONAL WEATHER SERVICE CLEVELAND OH
131 AM EDT MON MAR 13 2017


...................................

...THE CLEVELAND OH CLIMATE SUMMARY FOR MARCH 12 2017...

CLIMATE NORMAL PERIOD 1981 TO 2010
CLIMATE RECORD PERIOD 1871 TO 2017


WEATHER ITEM   OBSERVED TIME   RECORD YEAR NORMAL DEPARTURE LAST
                VALUE   (LST)  VALUE       VALUE  FROM      YEAR
                                                  NORMAL
..................................................................
TEMPERATURE (F)
 YESTERDAY
  MAXIMUM         29    242 PM  75    1990  45    -16       61
  MINIMUM         22    839 PM  -5    1948  29     -7       29
  AVERAGE         26                        37    -11       45

PRECIPITATION (IN)
  YESTERDAY        T                         0.09  -0.09     0.00
  MONTH TO DATE    1.80                      1.03   0.77     1.50
  SINCE MAR 1      1.80                      1.03   0.77     1.50
  SINCE JAN 1      9.26                      6.09   3.17     6.09

SNOWFALL (IN)
  YESTERDAY        T                         0.4   -0.4      0.0
  MONTH TO DATE    5.7                       5.7    0.0      3.2
  SINCE MAR 1      5.7                       5.7    0.0      3.2
  SINCE JUL 1     30.9                      57.9  -27.0     25.0
  SNOW DEPTH       0

DEGREE DAYS
 HEATING
  YESTERDAY       39                        28     11       20
  MONTH TO DATE  340                       357    -17      290
  SINCE MAR 1    340                       357    -17      290
  SINCE JUL 1   3651                      4574   -923     3881

 COOLING
  YESTERDAY        0                         0      0        0
  MONTH TO DATE    0                         0      0        0
  SINCE MAR 1      0                         0      0        0
  SINCE JAN 1      0                         0      0        0
..................................................................


WIND (MPH)
  HIGHEST WIND SPEED    15   HIGHEST WIND DIRECTION     N (10)
  HIGHEST GUST SPEED    20   HIGHEST GUST DIRECTION     N (10)
  AVERAGE WIND SPEED     8.1


SKY COVER
  POSSIBLE SUNSHINE  MM
  AVERAGE SKY COVER 0.8


WEATHER CONDITIONS
 THE FOLLOWING WEATHER WAS RECORDED YESTERDAY.
  LIGHT SNOW


RELATIVE HUMIDITY (PERCENT)
 HIGHEST    60           400 AM
 LOWEST     35           100 PM
 AVERAGE    48

..........................................................


THE CLEVELAND OH CLIMATE NORMALS FOR TODAY
                         NORMAL    RECORD    YEAR
 MAXIMUM TEMPERATURE (F)   45        76      1990
 MINIMUM TEMPERATURE (F)   29         3      1960


SUNRISE AND SUNSET
MARCH 13 2017.........SUNRISE   742 AM EDT   SUNSET   732 PM EDT
MARCH 14 2017.........SUNRISE   740 AM EDT   SUNSET   733 PM EDT


-  INDICATES NEGATIVE NUMBERS.
R  INDICATES RECORD WAS SET OR TIED.
MM INDICATES DATA IS MISSING.
T  INDICATES TRACE AMOUNT.




$$
