000
CDUS41 KCLE 240525
CLICLE


CLIMATE REPORT
NATIONAL WEATHER SERVICE CLEVELAND OH
125 AM EDT WED JUN 24 2015


...................................

...THE CLEVELAND OH CLIMATE SUMMARY FOR JUNE 23 2015...

CLIMATE NORMAL PERIOD 1981 TO 2010
CLIMATE RECORD PERIOD 1871 TO 2015


WEATHER ITEM   OBSERVED TIME   RECORD YEAR NORMAL DEPARTURE LAST
                VALUE   (LST)  VALUE       VALUE  FROM      YEAR
                                                  NORMAL
..................................................................
TEMPERATURE (F)
 YESTERDAY
  MAXIMUM         79    320 AM  94    1948  81     -2       87
  MINIMUM         65   1150 PM  41    1963  62      3       63
  AVERAGE         72                        71      1       75

PRECIPITATION (IN)
  YESTERDAY        0.98                      0.11   0.87     0.11
  MONTH TO DATE    5.27                      2.65   2.62     1.87
  SINCE JUN 1      5.27                      2.65   2.62     1.87
  SINCE JAN 1     18.90                     17.79   1.11    18.14

SNOWFALL (IN)
  YESTERDAY        0.0                       0.0    0.0      0.0
  MONTH TO DATE    0.0                       0.0    0.0      0.0
  SINCE JUN 1      0.0                       0.0    0.0      0.0
  SINCE JUL 1     67.1                      68.1   -1.0     86.1
  SNOW DEPTH       0

DEGREE DAYS
 HEATING
  YESTERDAY        0                         1     -1        0
  MONTH TO DATE   28                        39    -11       20
  SINCE JUN 1     28                        39    -11       20
  SINCE JUL 1   6521                      5759    762     6315

 COOLING
  YESTERDAY        7                         7      0       10
  MONTH TO DATE  132                       114     18      114
  SINCE JUN 1    132                       114     18      114
  SINCE JAN 1    253                       173     80      180
..................................................................


WIND (MPH)
  HIGHEST WIND SPEED    31   HIGHEST WIND DIRECTION     N (340)
  HIGHEST GUST SPEED    37   HIGHEST GUST DIRECTION     N (340)
  AVERAGE WIND SPEED    11.1


SKY COVER
  POSSIBLE SUNSHINE  MM
  AVERAGE SKY COVER 0.6


WEATHER CONDITIONS
 THE FOLLOWING WEATHER WAS RECORDED YESTERDAY.
  THUNDERSTORM
  HEAVY RAIN
  RAIN
  LIGHT RAIN
  FOG


RELATIVE HUMIDITY (PERCENT)
 HIGHEST    90           400 AM
 LOWEST     50          1100 AM
 AVERAGE    70

..........................................................


THE CLEVELAND OH CLIMATE NORMALS FOR TODAY
                         NORMAL    RECORD    YEAR
 MAXIMUM TEMPERATURE (F)   81        96      1952
 MINIMUM TEMPERATURE (F)   62        44      1915


SUNRISE AND SUNSET
JUNE 24 2015..........SUNRISE   555 AM EDT   SUNSET   905 PM EDT
JUNE 25 2015..........SUNRISE   555 AM EDT   SUNSET   905 PM EDT


-  INDICATES NEGATIVE NUMBERS.
R  INDICATES RECORD WAS SET OR TIED.
MM INDICATES DATA IS MISSING.
T  INDICATES TRACE AMOUNT.




$$
