723
CDUS41 KCLE 120545
CLICLE


CLIMATE REPORT
NATIONAL WEATHER SERVICE CLEVELAND OH
145 AM EDT MON JUN 12 2017


...................................

...THE CLEVELAND OH CLIMATE SUMMARY FOR JUNE 11 2017...

CLIMATE NORMAL PERIOD 1981 TO 2010
CLIMATE RECORD PERIOD 1871 TO 2017


WEATHER ITEM   OBSERVED TIME   RECORD YEAR NORMAL DEPARTURE LAST
                VALUE   (LST)  VALUE       VALUE  FROM      YEAR
                                                  NORMAL
..................................................................
TEMPERATURE (F)
 YESTERDAY
  MAXIMUM         91    335 PM  94    2016  78     13       94
  MINIMUM         69    507 AM  31    1972  59     10       74
  AVERAGE         80                        68     12       84

PRECIPITATION (IN)
  YESTERDAY        0.00                      0.12  -0.12     0.00
  MONTH TO DATE    0.17                      1.29  -1.12     0.51
  SINCE JUN 1      0.17                      1.29  -1.12     0.51
  SINCE JAN 1     22.23                     16.43   5.80    16.44

SNOWFALL (IN)
  YESTERDAY        0.0                       0.0    0.0      0.0
  MONTH TO DATE    0.0                       0.0    0.0      0.0
  SINCE JUN 1      0.0                       0.0    0.0      0.0
  SINCE JUL 1     37.3                      68.1  -30.8     32.8
  SNOW DEPTH       0

DEGREE DAYS
 HEATING
  YESTERDAY        0                         2     -2        0
  MONTH TO DATE   15                        27    -12       10
  SINCE JUN 1     15                        27    -12       10
  SINCE JUL 1   4565                      5747  -1182     4956

 COOLING
  YESTERDAY       15                         5     10       19
  MONTH TO DATE   48                        43      5       77
  SINCE JUN 1     48                        43      5       77
  SINCE JAN 1    136                       102     34      158
..................................................................


WIND (MPH)
  HIGHEST WIND SPEED    22   HIGHEST WIND DIRECTION     S (200)
  HIGHEST GUST SPEED    32   HIGHEST GUST DIRECTION    SW (220)
  AVERAGE WIND SPEED    12.7


SKY COVER
  POSSIBLE SUNSHINE  MM
  AVERAGE SKY COVER 0.1


WEATHER CONDITIONS
 THE FOLLOWING WEATHER WAS RECORDED YESTERDAY.
  NO SIGNIFICANT WEATHER WAS OBSERVED.


RELATIVE HUMIDITY (PERCENT)
 HIGHEST    70           500 AM
 LOWEST     34           500 PM
 AVERAGE    52

..........................................................


THE CLEVELAND OH CLIMATE NORMALS FOR TODAY
                         NORMAL    RECORD    YEAR
 MAXIMUM TEMPERATURE (F)   78        93      1954
 MINIMUM TEMPERATURE (F)   59        42      1980


SUNRISE AND SUNSET
JUNE 12 2017..........SUNRISE   553 AM EDT   SUNSET   901 PM EDT
JUNE 13 2017..........SUNRISE   553 AM EDT   SUNSET   902 PM EDT


-  INDICATES NEGATIVE NUMBERS.
R  INDICATES RECORD WAS SET OR TIED.
MM INDICATES DATA IS MISSING.
T  INDICATES TRACE AMOUNT.




$$
