000
CDUS41 KCLE 180525
CLICLE


CLIMATE REPORT
NATIONAL WEATHER SERVICE CLEVELAND OH
1225 AM EST FRI NOV 18 2016


...................................

...THE CLEVELAND OH CLIMATE SUMMARY FOR NOVEMBER 17 2016...

CLIMATE NORMAL PERIOD 1981 TO 2010
CLIMATE RECORD PERIOD 1871 TO 2016


WEATHER ITEM   OBSERVED TIME   RECORD YEAR NORMAL DEPARTURE LAST
                VALUE   (LST)  VALUE       VALUE  FROM      YEAR
                                                  NORMAL
..................................................................
TEMPERATURE (F)
 YESTERDAY
  MAXIMUM         64    314 PM  72    1954  50     14       67
                                      1931
  MINIMUM         34    431 AM  14    2014  37     -3       45
                                      1959
  AVERAGE         49                        44      5       56

PRECIPITATION (IN)
  YESTERDAY        0.00                      0.13  -0.13     0.00
  MONTH TO DATE    0.72                      2.04  -1.32     1.27
  SINCE SEP 1      9.06                      8.92   0.14     8.35
  SINCE JAN 1     32.43                     34.46  -2.03    36.07

SNOWFALL (IN)
  YESTERDAY        0.0                       0.1   -0.1      0.0
  MONTH TO DATE    0.0                       1.7   -1.7      0.0
  SINCE SEP 1      0.0                       1.9   -1.9      0.1
  SINCE JUL 1      0.0                       1.9   -1.9      0.1
  SNOW DEPTH       0

DEGREE DAYS
 HEATING
  YESTERDAY       16                        22     -6        9
  MONTH TO DATE  220                       318    -98      218
  SINCE SEP 1    449                       766   -317      568
  SINCE JUL 1    449                       778   -329      582

 COOLING
  YESTERDAY        0                         0      0        0
  MONTH TO DATE    7                         0      7        4
  SINCE SEP 1    235                       101    134      162
  SINCE JAN 1   1319                       816    503      831
..................................................................


WIND (MPH)
  HIGHEST WIND SPEED    18   HIGHEST WIND DIRECTION     S (180)
  HIGHEST GUST SPEED    25   HIGHEST GUST DIRECTION     S (170)
  AVERAGE WIND SPEED     9.2


SKY COVER
  POSSIBLE SUNSHINE  MM
  AVERAGE SKY COVER 0.2


WEATHER CONDITIONS
 THE FOLLOWING WEATHER WAS RECORDED YESTERDAY.
  FOG
  HAZE


RELATIVE HUMIDITY (PERCENT)
 HIGHEST    92           100 AM
 LOWEST     48           400 PM
 AVERAGE    70

..........................................................


THE CLEVELAND OH CLIMATE NORMALS FOR TODAY
                         NORMAL    RECORD    YEAR
 MAXIMUM TEMPERATURE (F)   50        71      2015
                                             1954
 MINIMUM TEMPERATURE (F)   36        10      2014
                                             1959


SUNRISE AND SUNSET
NOVEMBER 18 2016......SUNRISE   720 AM EST   SUNSET   505 PM EST
NOVEMBER 19 2016......SUNRISE   721 AM EST   SUNSET   504 PM EST


-  INDICATES NEGATIVE NUMBERS.
R  INDICATES RECORD WAS SET OR TIED.
MM INDICATES DATA IS MISSING.
T  INDICATES TRACE AMOUNT.




$$
