000
CDUS41 KCLE 010545
CLICLE


CLIMATE REPORT
NATIONAL WEATHER SERVICE CLEVELAND OH
145 AM EDT TUE AUG 1 2017


...................................

...THE CLEVELAND OH CLIMATE SUMMARY FOR JULY 31 2017...

CLIMATE NORMAL PERIOD 1981 TO 2010
CLIMATE RECORD PERIOD 1871 TO 2017


WEATHER ITEM   OBSERVED TIME   RECORD YEAR NORMAL DEPARTURE LAST
                VALUE   (LST)  VALUE       VALUE  FROM      YEAR
                                                  NORMAL
..................................................................
TEMPERATURE (F)
 YESTERDAY
  MAXIMUM         87    405 PM  97    1955  82      5       85
  MINIMUM         62    354 AM  51    1891  64     -2       68
  AVERAGE         75                        73      2       77

PRECIPITATION (IN)
  YESTERDAY        0.00                      0.12  -0.12     0.09
  MONTH TO DATE    2.47                      3.46  -0.99     1.82
  SINCE JUN 1      8.32                      6.89   1.43     3.94
  SINCE JAN 1     30.38                     22.03   8.35    19.87

SNOWFALL (IN)
  YESTERDAY        0.0                       0.0    0.0      0.0
  MONTH TO DATE    0.0                       0.0    0.0      0.0
  SINCE JUN 1      0.0                       0.0    0.0      0.0
  SINCE JUL 1      0.0                       0.0    0.0      0.0
  SNOW DEPTH       0

DEGREE DAYS
 HEATING
  YESTERDAY        0                         0      0        0
  MONTH TO DATE    0                         0      0        0
  SINCE JUN 1     17                        46    -29       13
  SINCE JUL 1      0                         4     -4        0

 COOLING
  YESTERDAY       10                         8      2       12
  MONTH TO DATE  322                       265     57      372
  SINCE JUN 1    559                       433    126      599
  SINCE JAN 1    647                       492    155      680
..................................................................


WIND (MPH)
  HIGHEST WIND SPEED    16   HIGHEST WIND DIRECTION     N (360)
  HIGHEST GUST SPEED    21   HIGHEST GUST DIRECTION     N (350)
  AVERAGE WIND SPEED     4.6


SKY COVER
  POSSIBLE SUNSHINE  MM
  AVERAGE SKY COVER 0.1


WEATHER CONDITIONS
 THE FOLLOWING WEATHER WAS RECORDED YESTERDAY.
  NO SIGNIFICANT WEATHER WAS OBSERVED.


RELATIVE HUMIDITY (PERCENT)
 HIGHEST    84           100 AM
 LOWEST     35           200 PM
 AVERAGE    60

..........................................................


THE CLEVELAND OH CLIMATE NORMALS FOR TODAY
                         NORMAL    RECORD    YEAR
 MAXIMUM TEMPERATURE (F)   82        95      1917
 MINIMUM TEMPERATURE (F)   64        47      1960
                                             1952


SUNRISE AND SUNSET
AUGUST  1 2017........SUNRISE   623 AM EDT   SUNSET   844 PM EDT
AUGUST  2 2017........SUNRISE   624 AM EDT   SUNSET   843 PM EDT


-  INDICATES NEGATIVE NUMBERS.
R  INDICATES RECORD WAS SET OR TIED.
MM INDICATES DATA IS MISSING.
T  INDICATES TRACE AMOUNT.




$$
