000
CDUS41 KCLE 072221
CLICLE


CLIMATE REPORT
NATIONAL WEATHER SERVICE CLEVELAND OH
520 PM EST FRI NOV 7 2014


...................................

...THE CLEVELAND OH CLIMATE SUMMARY FOR NOVEMBER 7 2014...
VALID TODAY AS OF 0500 PM LOCAL TIME.

CLIMATE NORMAL PERIOD 1981 TO 2010
CLIMATE RECORD PERIOD 1871 TO 2014


WEATHER ITEM   OBSERVED TIME   RECORD YEAR NORMAL DEPARTURE LAST
                VALUE   (LST)  VALUE       VALUE  FROM      YEAR
                                                  NORMAL
..................................................................
TEMPERATURE (F)
 TODAY
  MAXIMUM         45   1207 AM  79    1938  55    -10       49
  MINIMUM         37   1016 AM  23    1971  40     -3       36
  AVERAGE         41                        47     -6       43

PRECIPITATION (IN)
  TODAY            0.01                      0.12  -0.11     0.34
  MONTH TO DATE    1.36                      0.82   0.54     0.98
  SINCE SEP 1      8.67                      7.70   0.97     7.64
  SINCE JAN 1     39.78                     33.24   6.54    35.85

SNOWFALL (IN)
  TODAY            0.0                       0.1   -0.1      0.0
  MONTH TO DATE    T                         0.5   -0.5      0.0
  SINCE SEP 1      T                         0.7   -0.7       T
  SINCE JUL 1      T                         0.7   -0.7       T
  SNOW DEPTH       0

DEGREE DAYS
 HEATING
  TODAY           24                        18      6       22
  MONTH TO DATE  136                       119     17      117
  SINCE SEP 1    611                       567     44      521
  SINCE JUL 1    636                       579     57      528

 COOLING
  TODAY            0                         0      0        0
  MONTH TO DATE    0                         0      0        0
  SINCE SEP 1     67                       101    -34      127
  SINCE JAN 1    657                       816   -159      889
..................................................................


WIND (MPH)
  HIGHEST WIND SPEED    26   HIGHEST WIND DIRECTION     N (340)
  HIGHEST GUST SPEED    34   HIGHEST GUST DIRECTION     N (340)


SKY COVER
  POSSIBLE SUNSHINE  MM
  AVERAGE SKY COVER 1.0


WEATHER CONDITIONS
 THE FOLLOWING WEATHER WAS RECORDED TODAY.
  LIGHT RAIN


RELATIVE HUMIDITY (PERCENT)
 HIGHEST    89          1200 AM
 LOWEST     54           200 PM
 AVERAGE    72

..........................................................


THE CLEVELAND OH CLIMATE NORMALS FOR TOMORROW
                         NORMAL    RECORD    YEAR
 MAXIMUM TEMPERATURE (F)   54        72      1945
                                             1881
                                             1879
 MINIMUM TEMPERATURE (F)   39        19      1976


SUNRISE AND SUNSET
NOVEMBER  7 2014......SUNRISE   706 AM EST   SUNSET   516 PM EST
NOVEMBER  8 2014......SUNRISE   707 AM EST   SUNSET   514 PM EST


-  INDICATES NEGATIVE NUMBERS.
R  INDICATES RECORD WAS SET OR TIED.
MM INDICATES DATA IS MISSING.
T  INDICATES TRACE AMOUNT.




$$
