000
CDUS41 KCLE 060754
CLICLE


CLIMATE REPORT
NATIONAL WEATHER SERVICE CLEVELAND OH
344 AM EDT THU APR 6 2017


...................................

...THE CLEVELAND OH CLIMATE SUMMARY FOR APRIL 5 2017...

CLIMATE NORMAL PERIOD 1981 TO 2010
CLIMATE RECORD PERIOD 1871 TO 2017


WEATHER ITEM   OBSERVED TIME   RECORD YEAR NORMAL DEPARTURE LAST
                VALUE   (LST)  VALUE       VALUE  FROM      YEAR
                                                  NORMAL
..................................................................
TEMPERATURE (F)
 YESTERDAY
  MAXIMUM         66    530 PM  81    1988  55     11       36
  MINIMUM         43   1104 PM  16    1881  37      6       24
  AVERAGE         55                        46      9       30

PRECIPITATION (IN)
  YESTERDAY        0.26                      0.11   0.15     0.00
  MONTH TO DATE    0.73                      0.59   0.14     0.32
  SINCE MAR 1      4.75                      3.52   1.23     4.49
  SINCE JAN 1     12.21                      8.58   3.63     9.08

SNOWFALL (IN)
  YESTERDAY        0.0                       0.2   -0.2      0.0
  MONTH TO DATE    0.0                       1.1   -1.1      1.3
  SINCE MAR 1      9.3                      13.7   -4.4      4.5
  SINCE JUL 1     34.5                      65.9  -31.4     26.3
  SNOW DEPTH       0

DEGREE DAYS
 HEATING
  YESTERDAY       10                        19     -9       35
  MONTH TO DATE   61                       101    -40      123
  SINCE MAR 1    852                       927    -75      746
  SINCE JUL 1   4163                      5144   -981     4337

 COOLING
  YESTERDAY        0                         0      0        0
  MONTH TO DATE    0                         0      0        0
  SINCE MAR 1      0                         1     -1        0
  SINCE JAN 1      0                         1     -1        0
..................................................................


WIND (MPH)
  HIGHEST WIND SPEED    36   HIGHEST WIND DIRECTION     E (70)
  HIGHEST GUST SPEED    43   HIGHEST GUST DIRECTION     E (70)
  AVERAGE WIND SPEED    10.9


SKY COVER
  POSSIBLE SUNSHINE  MM
  AVERAGE SKY COVER 0.8


WEATHER CONDITIONS
 THE FOLLOWING WEATHER WAS RECORDED YESTERDAY.
  THUNDERSTORM
  RAIN
  LIGHT RAIN


RELATIVE HUMIDITY (PERCENT)
 HIGHEST    83           500 AM
 LOWEST     40           400 PM
 AVERAGE    62

..........................................................


THE CLEVELAND OH CLIMATE NORMALS FOR TODAY
                         NORMAL    RECORD    YEAR
 MAXIMUM TEMPERATURE (F)   55        85      2010
 MINIMUM TEMPERATURE (F)   37        21      1982
                                             1968


SUNRISE AND SUNSET
APRIL  6 2017.........SUNRISE   702 AM EDT   SUNSET   758 PM EDT
APRIL  7 2017.........SUNRISE   700 AM EDT   SUNSET   759 PM EDT


-  INDICATES NEGATIVE NUMBERS.
R  INDICATES RECORD WAS SET OR TIED.
MM INDICATES DATA IS MISSING.
T  INDICATES TRACE AMOUNT.




$$
