000
CDUS41 KCLE 200528
CLICLE


CLIMATE REPORT
NATIONAL WEATHER SERVICE CLEVELAND OH
127 AM EDT FRI MAR 20 2015


...................................

...THE CLEVELAND OH CLIMATE SUMMARY FOR MARCH 19 2015...

CLIMATE NORMAL PERIOD 1981 TO 2010
CLIMATE RECORD PERIOD 1871 TO 2015


WEATHER ITEM   OBSERVED TIME   RECORD YEAR NORMAL DEPARTURE LAST
                VALUE   (LST)  VALUE       VALUE  FROM      YEAR
                                                  NORMAL
..................................................................
TEMPERATURE (F)
 YESTERDAY
  MAXIMUM         41   1240 PM  76    2012  48     -7       50
                                      1903
  MINIMUM         27    659 AM   7    1885  31     -4       39
                                      1877
  AVERAGE         34                        39     -5       45

PRECIPITATION (IN)
  YESTERDAY        0.00                      0.10  -0.10     0.28
  MONTH TO DATE    1.14                      1.68  -0.54     1.13
  SINCE MAR 1      1.14                      1.68  -0.54     1.13
  SINCE JAN 1      5.94                      6.74  -0.80     6.16

SNOWFALL (IN)
  YESTERDAY        0.0                       0.4   -0.4      0.0
  MONTH TO DATE    4.5                       8.6   -4.1      7.3
  SINCE MAR 1      4.5                       8.6   -4.1      7.3
  SINCE JUL 1     65.9                      60.8    5.1     77.0
  SNOW DEPTH       0

DEGREE DAYS
 HEATING
  YESTERDAY       31                        26      5       20
  MONTH TO DATE  588                       544     44      651
  SINCE MAR 1    588                       544     44      651
  SINCE JUL 1   5538                      4761    777     5332

 COOLING
  YESTERDAY        0                         0      0        0
  MONTH TO DATE    0                         0      0        0
  SINCE MAR 1      0                         0      0        0
  SINCE JAN 1      0                         0      0        0
..................................................................


WIND (MPH)
  HIGHEST WIND SPEED    17   HIGHEST WIND DIRECTION    NE (30)
  HIGHEST GUST SPEED    20   HIGHEST GUST DIRECTION     N (20)
  AVERAGE WIND SPEED     8.1


SKY COVER
  POSSIBLE SUNSHINE  MM
  AVERAGE SKY COVER 0.8


WEATHER CONDITIONS
 THE FOLLOWING WEATHER WAS RECORDED YESTERDAY.
  NO SIGNIFICANT WEATHER WAS OBSERVED.


RELATIVE HUMIDITY (PERCENT)
 HIGHEST    81           600 AM
 LOWEST     37          1200 PM
 AVERAGE    59

..........................................................


THE CLEVELAND OH CLIMATE NORMALS FOR TODAY
                         NORMAL    RECORD    YEAR
 MAXIMUM TEMPERATURE (F)   48        83      2012
 MINIMUM TEMPERATURE (F)   31         0      1885


SUNRISE AND SUNSET
MARCH 20 2015.........SUNRISE   731 AM EDT   SUNSET   739 PM EDT
MARCH 21 2015.........SUNRISE   730 AM EDT   SUNSET   740 PM EDT


-  INDICATES NEGATIVE NUMBERS.
R  INDICATES RECORD WAS SET OR TIED.
MM INDICATES DATA IS MISSING.
T  INDICATES TRACE AMOUNT.




$$
