332
CDUS41 KCLE 122211
CLICLE


CLIMATE REPORT
NATIONAL WEATHER SERVICE CLEVELAND OH
511 PM EST SUN NOV 12 2017


...................................

...THE CLEVELAND OH CLIMATE SUMMARY FOR NOVEMBER 12 2017...
VALID TODAY AS OF 0500 PM LOCAL TIME.

CLIMATE NORMAL PERIOD 1981 TO 2010
CLIMATE RECORD PERIOD 1871 TO 2017


WEATHER ITEM   OBSERVED TIME   RECORD YEAR NORMAL DEPARTURE LAST
                VALUE   (LST)  VALUE       VALUE  FROM      YEAR
                                                  NORMAL
..................................................................
TEMPERATURE (F)
 TODAY
  MAXIMUM         47    358 PM  74    1949  53     -6       51
  MINIMUM         27    432 AM  18    1911  38    -11       37
  AVERAGE         37                        45     -8       44

PRECIPITATION (IN)
  TODAY            0.00                      0.12  -0.12     0.00
  MONTH TO DATE    2.84                      1.41   1.43     0.72
  SINCE SEP 1      7.33                      8.29  -0.96     9.06
  SINCE JAN 1     38.96                     33.83   5.13    32.43

SNOWFALL (IN)
  TODAY            0.0                       0.2   -0.2      0.0
  MONTH TO DATE    0.2                       1.1   -0.9      0.0
  SINCE SEP 1      0.2                       1.3   -1.1      0.0
  SINCE JUL 1      0.2                       1.3   -1.1      0.0
  SNOW DEPTH       0

DEGREE DAYS
 HEATING
  TODAY           28                        20      8       21
  MONTH TO DATE  232                       214     18      134
  SINCE SEP 1    490                       662   -172      363
  SINCE JUL 1    492                       674   -182      363

 COOLING
  TODAY            0                         0      0        0
  MONTH TO DATE    0                         0      0        7
  SINCE SEP 1    222                       101    121      235
  SINCE JAN 1   1113                       816    297     1319
..................................................................


WIND (MPH)
  HIGHEST WIND SPEED    14   HIGHEST WIND DIRECTION    SE (130)
  HIGHEST GUST SPEED    16   HIGHEST GUST DIRECTION    SE (120)


SKY COVER
  POSSIBLE SUNSHINE  MM
  AVERAGE SKY COVER 0.9


WEATHER CONDITIONS
 THE FOLLOWING WEATHER WAS RECORDED TODAY.
  NO SIGNIFICANT WEATHER WAS OBSERVED.


RELATIVE HUMIDITY (PERCENT)
 HIGHEST    75           500 AM
 LOWEST     37           200 PM
 AVERAGE    56

..........................................................


THE CLEVELAND OH CLIMATE NORMALS FOR TOMORROW
                         NORMAL    RECORD    YEAR
 MAXIMUM TEMPERATURE (F)   52        72      1989
                                             1909
 MINIMUM TEMPERATURE (F)   38        15      1911


SUNRISE AND SUNSET
NOVEMBER 12 2017......SUNRISE   713 AM EST   SUNSET   510 PM EST
NOVEMBER 13 2017......SUNRISE   714 AM EST   SUNSET   509 PM EST


-  INDICATES NEGATIVE NUMBERS.
R  INDICATES RECORD WAS SET OR TIED.
MM INDICATES DATA IS MISSING.
T  INDICATES TRACE AMOUNT.




$$
