000
CDUS41 KCLE 210539
CLICLE


CLIMATE REPORT
NATIONAL WEATHER SERVICE CLEVELAND OH
127 AM EDT THU MAY 21 2015


...................................

...THE CLEVELAND OH CLIMATE SUMMARY FOR MAY 20 2015...

CLIMATE NORMAL PERIOD 1981 TO 2010
CLIMATE RECORD PERIOD 1871 TO 2015


WEATHER ITEM   OBSERVED TIME   RECORD YEAR NORMAL DEPARTURE LAST
                VALUE   (LST)  VALUE       VALUE  FROM      YEAR
                                                  NORMAL
..................................................................
TEMPERATURE (F)
 YESTERDAY
  MAXIMUM         51   1155 PM  91    1962  71    -20       75
                                      1959
  MINIMUM         42    756 AM  34    1981  51     -9       52
                                      1888
  AVERAGE         47                        61    -14       64

PRECIPITATION (IN)
  YESTERDAY        0.00                      0.12  -0.12      T
  MONTH TO DATE    1.14                      2.30  -1.16     3.97
  SINCE MAR 1      5.88                      8.72  -2.84    11.13
  SINCE JAN 1     10.68                     13.78  -3.10    16.16

SNOWFALL (IN)
  YESTERDAY        0.0                       0.0    0.0      0.0
  MONTH TO DATE    0.0                       0.1   -0.1      0.0
  SINCE MAR 1      5.7                      16.0  -10.3     16.4
  SINCE JUL 1     67.1                      68.2   -1.1     86.1
  SNOW DEPTH       0

DEGREE DAYS
 HEATING
  YESTERDAY       18                         6     12        1
  MONTH TO DATE   96                       160    -64      156
  SINCE MAR 1   1501                      1454     47     1590
  SINCE JUL 1   6451                      5671    780     6271

 COOLING
  YESTERDAY        0                         2     -2        0
  MONTH TO DATE   73                        24     49       36
  SINCE MAR 1     74                        35     39       43
  SINCE JAN 1     74                        35     39       43
..................................................................


WIND (MPH)
  HIGHEST WIND SPEED    18   HIGHEST WIND DIRECTION     N (10)
  HIGHEST GUST SPEED    23   HIGHEST GUST DIRECTION     N (360)
  AVERAGE WIND SPEED     9.9


SKY COVER
  POSSIBLE SUNSHINE  MM
  AVERAGE SKY COVER 0.9


WEATHER CONDITIONS
 THE FOLLOWING WEATHER WAS RECORDED YESTERDAY.
  NO SIGNIFICANT WEATHER WAS OBSERVED.


RELATIVE HUMIDITY (PERCENT)
 HIGHEST    70           500 AM
 LOWEST     41           500 PM
 AVERAGE    56

..........................................................


THE CLEVELAND OH CLIMATE NORMALS FOR TODAY
                         NORMAL    RECORD    YEAR
 MAXIMUM TEMPERATURE (F)   71        89      1941
                                             1934
 MINIMUM TEMPERATURE (F)   52        32      1895


SUNRISE AND SUNSET
MAY 21 2015...........SUNRISE   603 AM EDT   SUNSET   845 PM EDT
MAY 22 2015...........SUNRISE   603 AM EDT   SUNSET   846 PM EDT


-  INDICATES NEGATIVE NUMBERS.
R  INDICATES RECORD WAS SET OR TIED.
MM INDICATES DATA IS MISSING.
T  INDICATES TRACE AMOUNT.




$$
