000
CDUS41 KCLE 070527
CLICLE


CLIMATE REPORT
NATIONAL WEATHER SERVICE CLEVELAND OH
1226 AM EST SUN DEC 7 2014


...................................

...THE CLEVELAND OH CLIMATE SUMMARY FOR DECEMBER 6 2014...

CLIMATE NORMAL PERIOD 1981 TO 2010
CLIMATE RECORD PERIOD 1871 TO 2014


WEATHER ITEM   OBSERVED TIME   RECORD YEAR NORMAL DEPARTURE LAST
                VALUE   (LST)  VALUE       VALUE  FROM      YEAR
                                                  NORMAL
..................................................................
TEMPERATURE (F)
 YESTERDAY
  MAXIMUM         40    357 PM  70    1998  41     -1       35
  MINIMUM         34   1158 PM   7    2005  30      4       28
                                      1977
  AVERAGE         37                        36      1       32

PRECIPITATION (IN)
  YESTERDAY        0.65                      0.11   0.54     0.15
  MONTH TO DATE    0.87                      0.63   0.24     0.21
  SINCE DEC 1      0.87                      0.63   0.24     0.21
  SINCE JAN 1     42.97                     36.67   6.30    37.96

SNOWFALL (IN)
  YESTERDAY        0.0                       0.4   -0.4      1.7
  MONTH TO DATE    T                         2.0   -2.0      2.2
  SINCE DEC 1      T                         2.0   -2.0      2.2
  SINCE JUL 1     19.4                       6.5   12.9      6.9
  SNOW DEPTH       0

DEGREE DAYS
 HEATING
  YESTERDAY       28                        30     -2       33
  MONTH TO DATE  183                       171     12      136
  SINCE DEC 1    183                       171     12      136
  SINCE JUL 1   1517                      1266    251     1285

 COOLING
  YESTERDAY        0                         0      0        0
  MONTH TO DATE    0                         0      0        0
  SINCE DEC 1      0                         0      0        0
  SINCE JAN 1    657                       817   -160      889
..................................................................


WIND (MPH)
  HIGHEST WIND SPEED    28   HIGHEST WIND DIRECTION     N (10)
  HIGHEST GUST SPEED    35   HIGHEST GUST DIRECTION     N (360)
  AVERAGE WIND SPEED    15.5


SKY COVER
  POSSIBLE SUNSHINE  MM
  AVERAGE SKY COVER 1.0


WEATHER CONDITIONS
 THE FOLLOWING WEATHER WAS RECORDED YESTERDAY.
  LIGHT RAIN
  FOG
  HAZE


RELATIVE HUMIDITY (PERCENT)
 HIGHEST    92          1200 AM
 LOWEST     64           700 PM
 AVERAGE    78

..........................................................


THE CLEVELAND OH CLIMATE NORMALS FOR TODAY
                         NORMAL    RECORD    YEAR
 MAXIMUM TEMPERATURE (F)   41        67      1998
 MINIMUM TEMPERATURE (F)   29        -5      1882


SUNRISE AND SUNSET
DECEMBER  7 2014......SUNRISE   740 AM EST   SUNSET   458 PM EST
DECEMBER  8 2014......SUNRISE   741 AM EST   SUNSET   458 PM EST


-  INDICATES NEGATIVE NUMBERS.
R  INDICATES RECORD WAS SET OR TIED.
MM INDICATES DATA IS MISSING.
T  INDICATES TRACE AMOUNT.




$$
