000
CDUS41 KCLE 052116
CLICLE


CLIMATE REPORT
NATIONAL WEATHER SERVICE CLEVELAND OH
516 PM EDT FRI AUG 5 2016


...................................

...THE CLEVELAND OH CLIMATE SUMMARY FOR AUGUST 5 2016...
VALID TODAY AS OF 0500 PM LOCAL TIME.

CLIMATE NORMAL PERIOD 1981 TO 2010
CLIMATE RECORD PERIOD 1871 TO 2016


WEATHER ITEM   OBSERVED TIME   RECORD YEAR NORMAL DEPARTURE LAST
                VALUE   (LST)  VALUE       VALUE  FROM      YEAR
                                                  NORMAL
..................................................................
TEMPERATURE (F)
 TODAY
  MAXIMUM         94R   148 PM  94    1955  82     12       77
                                      1947
  MINIMUM         75    634 AM  46    1972  64     11       59
  AVERAGE         85                        73     12       68

PRECIPITATION (IN)
  TODAY            T                         0.12  -0.12     0.00
  MONTH TO DATE    T                         0.58  -0.58     0.34
  SINCE JUN 1      3.94                      7.47  -3.53    11.58
  SINCE JAN 1     19.87                     22.61  -2.74    25.21

SNOWFALL (IN)
  TODAY            0.0                       0.0    0.0      0.0
  MONTH TO DATE    0.0                       0.0    0.0      0.0
  SINCE JUN 1      0.0                       0.0    0.0      0.0
  SINCE JUL 1      0.0                       0.0    0.0      0.0
  SNOW DEPTH       0

DEGREE DAYS
 HEATING
  TODAY            0                         0      0        0
  MONTH TO DATE    0                         0      0        0
  SINCE JUN 1     13                        46    -33       33
  SINCE JUL 1      0                         4     -4        3

 COOLING
  TODAY           20                         8     12        3
  MONTH TO DATE   77                        40     37       36
  SINCE JUN 1    676                       473    203      393
  SINCE JAN 1    757                       532    225      514
..................................................................


WIND (MPH)
  HIGHEST WIND SPEED    31   HIGHEST WIND DIRECTION     W (280)
  HIGHEST GUST SPEED    37   HIGHEST GUST DIRECTION     W (280)


SKY COVER
  POSSIBLE SUNSHINE  MM
  AVERAGE SKY COVER 0.5


WEATHER CONDITIONS
 THE FOLLOWING WEATHER WAS RECORDED TODAY.
  LIGHT RAIN


RELATIVE HUMIDITY (PERCENT)
 HIGHEST    79           500 AM
 LOWEST     39           200 PM
 AVERAGE    59

..........................................................


THE CLEVELAND OH CLIMATE NORMALS FOR TOMORROW
                         NORMAL    RECORD    YEAR
 MAXIMUM TEMPERATURE (F)   82       100      1918
 MINIMUM TEMPERATURE (F)   64        45      1997


SUNRISE AND SUNSET
AUGUST  5 2016........SUNRISE   627 AM EDT   SUNSET   839 PM EDT
AUGUST  6 2016........SUNRISE   628 AM EDT   SUNSET   838 PM EDT


-  INDICATES NEGATIVE NUMBERS.
R  INDICATES RECORD WAS SET OR TIED.
MM INDICATES DATA IS MISSING.
T  INDICATES TRACE AMOUNT.




$$
