000
CDUS41 KCLE 012214
CLICLE


CLIMATE REPORT
NATIONAL WEATHER SERVICE CLEVELAND OH
514 PM EST THU FEB 1 2018


...................................

...THE CLEVELAND OH CLIMATE SUMMARY FOR FEBRUARY 1 2018...
VALID TODAY AS OF 0500 PM LOCAL TIME.

CLIMATE NORMAL PERIOD 1981 TO 2010
CLIMATE RECORD PERIOD 1871 TO 2018


WEATHER ITEM   OBSERVED TIME   RECORD YEAR NORMAL DEPARTURE LAST
                VALUE   (LST)  VALUE       VALUE  FROM      YEAR
                                                  NORMAL
..................................................................
TEMPERATURE (F)
 TODAY
  MAXIMUM         44   1206 PM  59    1989  35      9       38
                                      1968
  MINIMUM         38    359 PM  -6    1971  22     16       31
  AVERAGE         41                        29     12       35

PRECIPITATION (IN)
  TODAY            0.00                      0.08  -0.08     0.01
  MONTH TO DATE    0.00                      0.08  -0.08     0.01
  SINCE DEC 1      4.00                      5.90  -1.90     7.44
  SINCE JAN 1      2.27                      2.80  -0.53     4.79

SNOWFALL (IN)
  TODAY            0.0                       0.6   -0.6      0.1
  MONTH TO DATE    0.0                       0.6   -0.6      0.1
  SINCE DEC 1     29.2                      33.4   -4.2     21.2
  SINCE JUL 1     30.0                      37.9   -7.9     22.1
  SNOW DEPTH       T

DEGREE DAYS
 HEATING
  TODAY           24                        36    -12       30
  MONTH TO DATE   24                        36    -12       30
  SINCE DEC 1   2313                      2193    120     1967
  SINCE JUL 1   3203                      3288    -85     2683

 COOLING
  TODAY            0                         0      0        0
  MONTH TO DATE    0                         0      0        0
  SINCE DEC 1      0                         0      0        0
  SINCE JAN 1      0                         0      0        0
..................................................................


WIND (MPH)
  HIGHEST WIND SPEED    23   HIGHEST WIND DIRECTION     W (270)
  HIGHEST GUST SPEED    28   HIGHEST GUST DIRECTION     W (260)


SKY COVER
  POSSIBLE SUNSHINE  MM
  AVERAGE SKY COVER 1.0


WEATHER CONDITIONS
 THE FOLLOWING WEATHER WAS RECORDED TODAY.
  NO SIGNIFICANT WEATHER WAS OBSERVED.


RELATIVE HUMIDITY (PERCENT)
 HIGHEST    76           900 AM
 LOWEST     57          1200 PM
 AVERAGE    67

..........................................................


THE CLEVELAND OH CLIMATE NORMALS FOR TOMORROW
                         NORMAL    RECORD    YEAR
 MAXIMUM TEMPERATURE (F)   35        60      1968
                                             1903
 MINIMUM TEMPERATURE (F)   22        -7      1971


SUNRISE AND SUNSET
FEBRUARY  1 2018......SUNRISE   739 AM EST   SUNSET   544 PM EST
FEBRUARY  2 2018......SUNRISE   738 AM EST   SUNSET   545 PM EST


-  INDICATES NEGATIVE NUMBERS.
R  INDICATES RECORD WAS SET OR TIED.
MM INDICATES DATA IS MISSING.
T  INDICATES TRACE AMOUNT.




$$
