000
CDUS41 KCLE 160528
CLICLE


CLIMATE REPORT
NATIONAL WEATHER SERVICE CLEVELAND OH
1228 AM EST SUN NOV 16 2014


...................................

...THE CLEVELAND OH CLIMATE SUMMARY FOR NOVEMBER 15 2014...

CLIMATE NORMAL PERIOD 1981 TO 2010
CLIMATE RECORD PERIOD 1871 TO 2014


WEATHER ITEM   OBSERVED TIME   RECORD YEAR NORMAL DEPARTURE LAST
                VALUE   (LST)  VALUE       VALUE  FROM      YEAR
                                                  NORMAL
..................................................................
TEMPERATURE (F)
 YESTERDAY
  MAXIMUM         33    344 PM  72    1927  51    -18       53
  MINIMUM         25    824 AM  14    1996  37    -12       42
  AVERAGE         29                        44    -15       48

PRECIPITATION (IN)
  YESTERDAY        0.00                      0.13  -0.13     0.00
  MONTH TO DATE    1.91                      1.79   0.12     1.72
  SINCE SEP 1      9.22                      8.67   0.55     8.38
  SINCE JAN 1     40.33                     34.21   6.12    36.59

SNOWFALL (IN)
  YESTERDAY        0.0                       0.1   -0.1      0.0
  MONTH TO DATE    6.9                       1.4    5.5      3.1
  SINCE SEP 1      6.9                       1.6    5.3      3.1
  SINCE JUL 1      6.9                       1.6    5.3      3.1
  SNOW DEPTH       4

DEGREE DAYS
 HEATING
  YESTERDAY       36                        21     15       17
  MONTH TO DATE  349                       275     74      314
  SINCE SEP 1    824                       723    101      718
  SINCE JUL 1    849                       735    114      725

 COOLING
  YESTERDAY        0                         0      0        0
  MONTH TO DATE    0                         0      0        0
  SINCE SEP 1     67                       101    -34      127
  SINCE JAN 1    657                       816   -159      889
..................................................................


WIND (MPH)
  HIGHEST WIND SPEED    18   HIGHEST WIND DIRECTION    SW (240)
  HIGHEST GUST SPEED    21   HIGHEST GUST DIRECTION    SW (230)
  AVERAGE WIND SPEED     7.8


SKY COVER
  POSSIBLE SUNSHINE  MM
  AVERAGE SKY COVER 0.6


WEATHER CONDITIONS
 THE FOLLOWING WEATHER WAS RECORDED YESTERDAY.
  NO SIGNIFICANT WEATHER WAS OBSERVED.


RELATIVE HUMIDITY (PERCENT)
 HIGHEST    81           900 AM
 LOWEST     47           200 PM
 AVERAGE    64

..........................................................


THE CLEVELAND OH CLIMATE NORMALS FOR TODAY
                         NORMAL    RECORD    YEAR
 MAXIMUM TEMPERATURE (F)   51        72      1931
 MINIMUM TEMPERATURE (F)   37        12      1933


SUNRISE AND SUNSET
NOVEMBER 16 2014......SUNRISE   717 AM EST   SUNSET   507 PM EST
NOVEMBER 17 2014......SUNRISE   718 AM EST   SUNSET   506 PM EST


-  INDICATES NEGATIVE NUMBERS.
R  INDICATES RECORD WAS SET OR TIED.
MM INDICATES DATA IS MISSING.
T  INDICATES TRACE AMOUNT.




$$
