000
CDUS41 KCLE 160529
CLICLE


CLIMATE REPORT
NATIONAL WEATHER SERVICE CLEVELAND OH
1229 AM EST FRI JAN 16 2015


...................................

...THE CLEVELAND OH CLIMATE SUMMARY FOR JANUARY 15 2015...

CLIMATE NORMAL PERIOD 1981 TO 2010
CLIMATE RECORD PERIOD 1871 TO 2015


WEATHER ITEM   OBSERVED TIME   RECORD YEAR NORMAL DEPARTURE LAST
                VALUE   (LST)  VALUE       VALUE  FROM      YEAR
                                                  NORMAL
..................................................................
TEMPERATURE (F)
 YESTERDAY
  MAXIMUM         30   1108 PM  68    1932  34     -4       35
  MINIMUM          7   1200 AM  -7    1972  21    -14       26
  AVERAGE         19                        28     -9       31

PRECIPITATION (IN)
  YESTERDAY        0.00                      0.09  -0.09      T
  MONTH TO DATE    2.33                      1.41   0.92     1.30
  SINCE DEC 1      4.28                      4.51  -0.23     5.40
  SINCE JAN 1      2.33                      1.41   0.92     1.30

SNOWFALL (IN)
  YESTERDAY        0.0                       0.7   -0.7       T
  MONTH TO DATE   10.0                       8.9    1.1     10.9
  SINCE DEC 1     10.9                      23.0  -12.1     28.4
  SINCE JUL 1     30.3                      27.5    2.8     33.1
  SNOW DEPTH       5

DEGREE DAYS
 HEATING
  YESTERDAY       46                        37      9       34
  MONTH TO DATE  675                       554    121      585
  SINCE DEC 1   1582                      1566     16     1600
  SINCE JUL 1   2916                      2661    255     2749

 COOLING
  YESTERDAY        0                         0      0        0
  MONTH TO DATE    0                         0      0        0
  SINCE DEC 1      0                         0      0        0
  SINCE JAN 1      0                         0      0        0
..................................................................


WIND (MPH)
  HIGHEST WIND SPEED    23   HIGHEST WIND DIRECTION    SW (230)
  HIGHEST GUST SPEED    30   HIGHEST GUST DIRECTION    SW (240)
  AVERAGE WIND SPEED    11.9


SKY COVER
  POSSIBLE SUNSHINE  MM
  AVERAGE SKY COVER 0.7


WEATHER CONDITIONS
 THE FOLLOWING WEATHER WAS RECORDED YESTERDAY.
  FOG
  HAZE


RELATIVE HUMIDITY (PERCENT)
 HIGHEST    88          1200 AM
 LOWEST     50           200 PM
 AVERAGE    69

..........................................................


THE CLEVELAND OH CLIMATE NORMALS FOR TODAY
                         NORMAL    RECORD    YEAR
 MAXIMUM TEMPERATURE (F)   34        57      1949
                                             1889
 MINIMUM TEMPERATURE (F)   21       -15      1977


SUNRISE AND SUNSET
JANUARY 16 2015.......SUNRISE   751 AM EST   SUNSET   524 PM EST
JANUARY 17 2015.......SUNRISE   750 AM EST   SUNSET   525 PM EST


-  INDICATES NEGATIVE NUMBERS.
R  INDICATES RECORD WAS SET OR TIED.
MM INDICATES DATA IS MISSING.
T  INDICATES TRACE AMOUNT.




$$
