000
CDUS41 KCLE 210552
CLICLE


CLIMATE REPORT
NATIONAL WEATHER SERVICE CLEVELAND OH
151 AM EDT SUN JUN 21 2015


...................................

...THE CLEVELAND OH CLIMATE SUMMARY FOR JUNE 20 2015...

CLIMATE NORMAL PERIOD 1981 TO 2010
CLIMATE RECORD PERIOD 1871 TO 2015


WEATHER ITEM   OBSERVED TIME   RECORD YEAR NORMAL DEPARTURE LAST
                VALUE   (LST)  VALUE       VALUE  FROM      YEAR
                                                  NORMAL
..................................................................
TEMPERATURE (F)
 YESTERDAY
  MAXIMUM         80    233 PM  96    1988  80      0       76
  MINIMUM         65    515 AM  46    2004  61      4       62
                                      1982
                                      1947
  AVERAGE         73                        71      2       69

PRECIPITATION (IN)
  YESTERDAY        0.01                      0.11  -0.10     0.20
  MONTH TO DATE    3.50                      2.31   1.19     1.75
  SINCE JUN 1      3.50                      2.31   1.19     1.75
  SINCE JAN 1     17.13                     17.45  -0.32    18.02

SNOWFALL (IN)
  YESTERDAY        0.0                       0.0    0.0      0.0
  MONTH TO DATE    0.0                       0.0    0.0      0.0
  SINCE JUN 1      0.0                       0.0    0.0      0.0
  SINCE JUL 1     67.1                      68.1   -1.0     86.1
  SNOW DEPTH       0

DEGREE DAYS
 HEATING
  YESTERDAY        0                         1     -1        0
  MONTH TO DATE   28                        36     -8       20
  SINCE JUN 1     28                        36     -8       20
  SINCE JUL 1   6521                      5756    765     6315

 COOLING
  YESTERDAY        8                         6      2        4
  MONTH TO DATE  106                        93     13       97
  SINCE JUN 1    106                        93     13       97
  SINCE JAN 1    227                       152     75      163
..................................................................


WIND (MPH)
  HIGHEST WIND SPEED    16   HIGHEST WIND DIRECTION     S (160)
  HIGHEST GUST SPEED    20   HIGHEST GUST DIRECTION     S (170)
  AVERAGE WIND SPEED     6.6


SKY COVER
  POSSIBLE SUNSHINE  MM
  AVERAGE SKY COVER 0.9


WEATHER CONDITIONS
 THE FOLLOWING WEATHER WAS RECORDED YESTERDAY.
  LIGHT RAIN
  FOG


RELATIVE HUMIDITY (PERCENT)
 HIGHEST    90           900 AM
 LOWEST     67           300 PM
 AVERAGE    79

..........................................................


THE CLEVELAND OH CLIMATE NORMALS FOR TODAY
                         NORMAL    RECORD    YEAR
 MAXIMUM TEMPERATURE (F)   80        95      1941
 MINIMUM TEMPERATURE (F)   62        44      1992


SUNRISE AND SUNSET
JUNE 21 2015..........SUNRISE   554 AM EDT   SUNSET   904 PM EDT
JUNE 22 2015..........SUNRISE   554 AM EDT   SUNSET   905 PM EDT


-  INDICATES NEGATIVE NUMBERS.
R  INDICATES RECORD WAS SET OR TIED.
MM INDICATES DATA IS MISSING.
T  INDICATES TRACE AMOUNT.




$$
