000
CDUS41 KCLE 130545
CLICLE


CLIMATE REPORT
NATIONAL WEATHER SERVICE CLEVELAND OH
145 AM EDT WED MAY 13 2015


...................................

...THE CLEVELAND OH CLIMATE SUMMARY FOR MAY 12 2015...

CLIMATE NORMAL PERIOD 1981 TO 2010
CLIMATE RECORD PERIOD 1871 TO 2015


WEATHER ITEM   OBSERVED TIME   RECORD YEAR NORMAL DEPARTURE LAST
                VALUE   (LST)  VALUE       VALUE  FROM      YEAR
                                                  NORMAL
..................................................................
TEMPERATURE (F)
 YESTERDAY
  MAXIMUM         65    138 AM  89    1881  68     -3       77
  MINIMUM         51   1159 PM  32    1976  49      2       67
  AVERAGE         58                        59     -1       72

PRECIPITATION (IN)
  YESTERDAY        0.00                      0.12  -0.12     2.64
  MONTH TO DATE    0.94                      1.34  -0.40     2.92
  SINCE MAR 1      5.68                      7.76  -2.08    10.08
  SINCE JAN 1     10.48                     12.82  -2.34    15.11

SNOWFALL (IN)
  YESTERDAY        0.0                       0.0    0.0      0.0
  MONTH TO DATE    0.0                       0.1   -0.1      0.0
  SINCE MAR 1      5.7                      16.0  -10.3     16.4
  SINCE JUL 1     67.1                      68.2   -1.1     86.1
  SNOW DEPTH       0

DEGREE DAYS
 HEATING
  YESTERDAY        7                         8     -1        0
  MONTH TO DATE   38                       108    -70       85
  SINCE MAR 1   1443                      1402     41     1519
  SINCE JUL 1   6393                      5619    774     6200

 COOLING
  YESTERDAY        0                         1     -1        7
  MONTH TO DATE   50                        12     38       23
  SINCE MAR 1     51                        23     28       30
  SINCE JAN 1     51                        23     28       30
..................................................................


WIND (MPH)
  HIGHEST WIND SPEED    29   HIGHEST WIND DIRECTION    SW (240)
  HIGHEST GUST SPEED    39   HIGHEST GUST DIRECTION     W (270)
  AVERAGE WIND SPEED    16.6


SKY COVER
  POSSIBLE SUNSHINE  MM
  AVERAGE SKY COVER 0.8


WEATHER CONDITIONS
 THE FOLLOWING WEATHER WAS RECORDED YESTERDAY.
  NO SIGNIFICANT WEATHER WAS OBSERVED.


RELATIVE HUMIDITY (PERCENT)
 HIGHEST    93          1200 AM
 LOWEST     51          1000 AM
 AVERAGE    72

..........................................................


THE CLEVELAND OH CLIMATE NORMALS FOR TODAY
                         NORMAL    RECORD    YEAR
 MAXIMUM TEMPERATURE (F)   69        88      2014
 MINIMUM TEMPERATURE (F)   49        30      1996


SUNRISE AND SUNSET
MAY 13 2015...........SUNRISE   611 AM EDT   SUNSET   837 PM EDT
MAY 14 2015...........SUNRISE   610 AM EDT   SUNSET   838 PM EDT


-  INDICATES NEGATIVE NUMBERS.
R  INDICATES RECORD WAS SET OR TIED.
MM INDICATES DATA IS MISSING.
T  INDICATES TRACE AMOUNT.




$$
