000
CDUS41 KCLE 050531
CLICLE


CLIMATE REPORT
NATIONAL WEATHER SERVICE CLEVELAND OH
1229 AM EST SUN MAR 5 2017


...................................

...THE CLEVELAND OH CLIMATE SUMMARY FOR MARCH 4 2017...

CLIMATE NORMAL PERIOD 1981 TO 2010
CLIMATE RECORD PERIOD 1871 TO 2017


WEATHER ITEM   OBSERVED TIME   RECORD YEAR NORMAL DEPARTURE LAST
                VALUE   (LST)  VALUE       VALUE  FROM      YEAR
                                                  NORMAL
..................................................................
TEMPERATURE (F)
 YESTERDAY
  MAXIMUM         29    347 PM  76    1983  42    -13       33
  MINIMUM         21    712 AM   0    2014  27     -6       21
  AVERAGE         25                        34     -9       27

PRECIPITATION (IN)
  YESTERDAY        0.00                      0.09  -0.09     0.07
  MONTH TO DATE    1.05                      0.34   0.71     0.61
  SINCE MAR 1      1.05                      0.34   0.71     0.61
  SINCE JAN 1      8.51                      5.40   3.11     5.20

SNOWFALL (IN)
  YESTERDAY        0.0                       0.5   -0.5      0.9
  MONTH TO DATE    5.2                       1.9    3.3      2.9
  SINCE MAR 1      5.2                       1.9    3.3      2.9
  SINCE JUL 1     30.4                      54.1  -23.7     24.7
  SNOW DEPTH       2

DEGREE DAYS
 HEATING
  YESTERDAY       40                        31      9       38
  MONTH TO DATE  128                       124      4      142
  SINCE MAR 1    128                       124      4      142
  SINCE JUL 1   3439                      4341   -902     3733

 COOLING
  YESTERDAY        0                         0      0        0
  MONTH TO DATE    0                         0      0        0
  SINCE MAR 1      0                         0      0        0
  SINCE JAN 1      0                         0      0        0
..................................................................


WIND (MPH)
  HIGHEST WIND SPEED    18   HIGHEST WIND DIRECTION    NW (300)
  HIGHEST GUST SPEED    23   HIGHEST GUST DIRECTION    NW (320)
  AVERAGE WIND SPEED     9.1


SKY COVER
  POSSIBLE SUNSHINE  MM
  AVERAGE SKY COVER 0.3


WEATHER CONDITIONS
 THE FOLLOWING WEATHER WAS RECORDED YESTERDAY.
  NO SIGNIFICANT WEATHER WAS OBSERVED.


RELATIVE HUMIDITY (PERCENT)
 HIGHEST    62           700 AM
 LOWEST     39          1200 PM
 AVERAGE    51

..........................................................


THE CLEVELAND OH CLIMATE NORMALS FOR TODAY
                         NORMAL    RECORD    YEAR
 MAXIMUM TEMPERATURE (F)   42        81      1983
 MINIMUM TEMPERATURE (F)   27        -2      1873


SUNRISE AND SUNSET
MARCH  5 2017.........SUNRISE   655 AM EST   SUNSET   623 PM EST
MARCH  6 2017.........SUNRISE   654 AM EST   SUNSET   624 PM EST


-  INDICATES NEGATIVE NUMBERS.
R  INDICATES RECORD WAS SET OR TIED.
MM INDICATES DATA IS MISSING.
T  INDICATES TRACE AMOUNT.




$$
