000
CDUS41 KCLE 010545
CLICLE


CLIMATE REPORT
NATIONAL WEATHER SERVICE CLEVELAND OH
145 AM EDT FRI JUL 1 2016


...................................

...THE CLEVELAND OH CLIMATE SUMMARY FOR JUNE 30 2016...

CLIMATE NORMAL PERIOD 1981 TO 2010
CLIMATE RECORD PERIOD 1871 TO 2016


WEATHER ITEM   OBSERVED TIME   RECORD YEAR NORMAL DEPARTURE LAST
                VALUE   (LST)  VALUE       VALUE  FROM      YEAR
                                                  NORMAL
..................................................................
TEMPERATURE (F)
 YESTERDAY
  MAXIMUM         83    328 PM  95    1941  82      1       78
  MINIMUM         54    508 AM  48    1988  63     -9       61
  AVERAGE         69                        73     -4       70

PRECIPITATION (IN)
  YESTERDAY        0.00                      0.11  -0.11     0.16
  MONTH TO DATE    2.12                      3.43  -1.31     8.52
  SINCE JUN 1      2.12                      3.43  -1.31     8.52
  SINCE JAN 1     18.05                     18.57  -0.52    22.15

SNOWFALL (IN)
  YESTERDAY        0.0                       0.0    0.0      0.0
  MONTH TO DATE    0.0                       0.0    0.0      0.0
  SINCE JUN 1      0.0                       0.0    0.0      0.0
  SINCE JUL 1     32.8                      68.1  -35.3     67.1
  SNOW DEPTH       0

DEGREE DAYS
 HEATING
  YESTERDAY        0                         0      0        0
  MONTH TO DATE   13                        41    -28       30
  SINCE JUN 1     13                        42    -29       30
  SINCE JUL 1   4959                      5762   -803     6523

 COOLING
  YESTERDAY        4                         8     -4        5
  MONTH TO DATE  227                       168     59      147
  SINCE JUN 1    227                       168     59      147
  SINCE JAN 1    308                       227     81      268
..................................................................


WIND (MPH)
  HIGHEST WIND SPEED    15   HIGHEST WIND DIRECTION    NE (30)
  HIGHEST GUST SPEED    19   HIGHEST GUST DIRECTION    NE (30)
  AVERAGE WIND SPEED     5.8


SKY COVER
  POSSIBLE SUNSHINE  MM
  AVERAGE SKY COVER 0.5


WEATHER CONDITIONS
 THE FOLLOWING WEATHER WAS RECORDED YESTERDAY.
  NO SIGNIFICANT WEATHER WAS OBSERVED.


RELATIVE HUMIDITY (PERCENT)
 HIGHEST    83           500 AM
 LOWEST     26           100 PM
 AVERAGE    55

..........................................................


THE CLEVELAND OH CLIMATE NORMALS FOR TODAY
                         NORMAL    RECORD    YEAR
 MAXIMUM TEMPERATURE (F)   82        95      2002
                                             1941
 MINIMUM TEMPERATURE (F)   63        45      1988


SUNRISE AND SUNSET
JULY  1 2016..........SUNRISE   558 AM EDT   SUNSET   905 PM EDT
JULY  2 2016..........SUNRISE   558 AM EDT   SUNSET   904 PM EDT


-  INDICATES NEGATIVE NUMBERS.
R  INDICATES RECORD WAS SET OR TIED.
MM INDICATES DATA IS MISSING.
T  INDICATES TRACE AMOUNT.




$$
