000
CDUS41 KCLE 160529
CLICLE


CLIMATE REPORT
NATIONAL WEATHER SERVICE CLEVELAND OH
1228 AM EST TUE DEC 16 2014


...................................

...THE CLEVELAND OH CLIMATE SUMMARY FOR DECEMBER 15 2014...

CLIMATE NORMAL PERIOD 1981 TO 2010
CLIMATE RECORD PERIOD 1871 TO 2014


WEATHER ITEM   OBSERVED TIME   RECORD YEAR NORMAL DEPARTURE LAST
                VALUE   (LST)  VALUE       VALUE  FROM      YEAR
                                                  NORMAL
..................................................................
TEMPERATURE (F)
 YESTERDAY
  MAXIMUM         54    338 PM  67    1971  38     16       34
  MINIMUM         42    804 AM  -1    1958  26     16       13
                                      1914
  AVERAGE         48                        32     16       24

PRECIPITATION (IN)
  YESTERDAY        0.00                      0.09  -0.09     0.01
  MONTH TO DATE    0.96                      1.53  -0.57     0.89
  SINCE DEC 1      0.96                      1.53  -0.57     0.89
  SINCE JAN 1     43.06                     37.57   5.49    38.64

SNOWFALL (IN)
  YESTERDAY        0.0                       0.5   -0.5      0.1
  MONTH TO DATE    T                         5.9   -5.9     10.7
  SINCE DEC 1      T                         5.9   -5.9     10.7
  SINCE JUL 1     19.4                      10.4    9.0     15.4
  SNOW DEPTH       0

DEGREE DAYS
 HEATING
  YESTERDAY       17                        33    -16       41
  MONTH TO DATE  434                       453    -19      501
  SINCE DEC 1    434                       453    -19      501
  SINCE JUL 1   1768                      1548    220     1650

 COOLING
  YESTERDAY        0                         0      0        0
  MONTH TO DATE    0                         0      0        0
  SINCE DEC 1      0                         0      0        0
  SINCE JAN 1    657                       817   -160      889
..................................................................


WIND (MPH)
  HIGHEST WIND SPEED    21   HIGHEST WIND DIRECTION    SE (150)
  HIGHEST GUST SPEED    26   HIGHEST GUST DIRECTION     S (160)
  AVERAGE WIND SPEED     7.2


SKY COVER
  POSSIBLE SUNSHINE  MM
  AVERAGE SKY COVER 1.0


WEATHER CONDITIONS
 THE FOLLOWING WEATHER WAS RECORDED YESTERDAY.
  FOG
  HAZE


RELATIVE HUMIDITY (PERCENT)
 HIGHEST    92           200 AM
 LOWEST     64           100 PM
 AVERAGE    78

..........................................................


THE CLEVELAND OH CLIMATE NORMALS FOR TODAY
                         NORMAL    RECORD    YEAR
 MAXIMUM TEMPERATURE (F)   38        64      1984
 MINIMUM TEMPERATURE (F)   26        -9      1951


SUNRISE AND SUNSET
DECEMBER 16 2014......SUNRISE   747 AM EST   SUNSET   459 PM EST
DECEMBER 17 2014......SUNRISE   748 AM EST   SUNSET   459 PM EST


-  INDICATES NEGATIVE NUMBERS.
R  INDICATES RECORD WAS SET OR TIED.
MM INDICATES DATA IS MISSING.
T  INDICATES TRACE AMOUNT.




$$
