000
CDUS41 KCLE 092116
CLICLE


CLIMATE REPORT
NATIONAL WEATHER SERVICE CLEVELAND OH
514 PM EDT SAT APR 9 2016


...................................

...THE CLEVELAND OH CLIMATE SUMMARY FOR APRIL 9 2016...
VALID TODAY AS OF 0500 PM LOCAL TIME.

CLIMATE NORMAL PERIOD 1981 TO 2010
CLIMATE RECORD PERIOD 1871 TO 2016


WEATHER ITEM   OBSERVED TIME   RECORD YEAR NORMAL DEPARTURE LAST
                VALUE   (LST)  VALUE       VALUE  FROM      YEAR
                                                  NORMAL
..................................................................
TEMPERATURE (F)
 TODAY
  MAXIMUM         34   1205 AM  81    1931  57    -23       68
  MINIMUM         28    651 AM  17    1972  38    -10       39
  AVERAGE         31                        47    -16       54

PRECIPITATION (IN)
  TODAY            0.21                      0.13   0.08     0.71
  MONTH TO DATE    2.03                      1.09   0.94     1.96
  SINCE MAR 1      6.20                      4.02   2.18     3.93
  SINCE JAN 1     10.79                      9.08   1.71     8.73

SNOWFALL (IN)
  TODAY            4.0                       0.2    3.8      0.0
  MONTH TO DATE    7.8                       1.8    6.0      0.1
  SINCE MAR 1     11.0                      14.4   -3.4      4.9
  SINCE JUL 1     32.8                      66.6  -33.8     66.3
  SNOW DEPTH       4

DEGREE DAYS
 HEATING
  TODAY           34                        18     16       11
  MONTH TO DATE  227                       175     52      141
  SINCE MAR 1    850                      1001   -151     1096
  SINCE JUL 1   4441                      5218   -777     6046

 COOLING
  TODAY            0                         0      0        0
  MONTH TO DATE    0                         0      0        0
  SINCE MAR 1      0                         1     -1        0
  SINCE JAN 1      0                         1     -1        0
..................................................................


WIND (MPH)
  HIGHEST WIND SPEED    29   HIGHEST WIND DIRECTION     N (10)
  HIGHEST GUST SPEED    36   HIGHEST GUST DIRECTION     N (360)


SKY COVER
  POSSIBLE SUNSHINE  MM
  AVERAGE SKY COVER 0.9


WEATHER CONDITIONS
 THE FOLLOWING WEATHER WAS RECORDED TODAY.
  SNOW
  LIGHT SNOW
  FOG
  BLOWING SNOW


RELATIVE HUMIDITY (PERCENT)
 HIGHEST    92           200 AM
 LOWEST     58           900 AM
 AVERAGE    75

..........................................................


THE CLEVELAND OH CLIMATE NORMALS FOR TOMORROW
                         NORMAL    RECORD    YEAR
 MAXIMUM TEMPERATURE (F)   57        83      1978
                                             1945
 MINIMUM TEMPERATURE (F)   39        20      1997


SUNRISE AND SUNSET
APRIL  9 2016.........SUNRISE   657 AM EDT   SUNSET   802 PM EDT
APRIL 10 2016.........SUNRISE   655 AM EDT   SUNSET   803 PM EDT


-  INDICATES NEGATIVE NUMBERS.
R  INDICATES RECORD WAS SET OR TIED.
MM INDICATES DATA IS MISSING.
T  INDICATES TRACE AMOUNT.




$$
