000
CDUS41 KCLE 290527
CLICLE


CLIMATE REPORT
NATIONAL WEATHER SERVICE CLEVELAND OH
126 AM EDT SUN OCT 29 2017


...................................

...THE CLEVELAND OH CLIMATE SUMMARY FOR OCTOBER 28 2017...

CLIMATE NORMAL PERIOD 1981 TO 2010
CLIMATE RECORD PERIOD 1871 TO 2017


WEATHER ITEM   OBSERVED TIME   RECORD YEAR NORMAL DEPARTURE LAST
                VALUE   (LST)  VALUE       VALUE  FROM      YEAR
                                                  NORMAL
..................................................................
TEMPERATURE (F)
 YESTERDAY
  MAXIMUM         44   1214 AM  81    1927  58    -14       57
  MINIMUM         37   1159 PM  24    1976  42     -5       45
  AVERAGE         41                        50     -9       51

PRECIPITATION (IN)
  YESTERDAY        0.21                      0.10   0.11     0.00
  MONTH TO DATE    3.42                      2.77   0.65     2.81
  SINCE SEP 1      4.23                      6.58  -2.35     8.19
  SINCE JAN 1     35.86                     32.12   3.74    31.56

SNOWFALL (IN)
  YESTERDAY        0.0                       0.0    0.0      0.0
  MONTH TO DATE    0.0                       0.1   -0.1      0.0
  SINCE SEP 1      0.0                       0.1   -0.1      0.0
  SINCE JUL 1      0.0                       0.1   -0.1      0.0
  SNOW DEPTH       0

DEGREE DAYS
 HEATING
  YESTERDAY       24                        15      9       14
  MONTH TO DATE  136                       310   -174      193
  SINCE SEP 1    184                       401   -217      204
  SINCE JUL 1    186                       413   -227      204

 COOLING
  YESTERDAY        0                         0      0        0
  MONTH TO DATE   45                        10     35       43
  SINCE SEP 1    222                        99    123      228
  SINCE JAN 1   1113                       814    299     1312
..................................................................


WIND (MPH)
  HIGHEST WIND SPEED    18   HIGHEST WIND DIRECTION     W (260)
  HIGHEST GUST SPEED    23   HIGHEST GUST DIRECTION     W (260)
  AVERAGE WIND SPEED     9.2


SKY COVER
  POSSIBLE SUNSHINE  MM
  AVERAGE SKY COVER 1.0


WEATHER CONDITIONS
 THE FOLLOWING WEATHER WAS RECORDED YESTERDAY.
  LIGHT RAIN
  FOG


RELATIVE HUMIDITY (PERCENT)
 HIGHEST    96           200 AM
 LOWEST     70           300 PM
 AVERAGE    83

..........................................................


THE CLEVELAND OH CLIMATE NORMALS FOR TODAY
                         NORMAL    RECORD    YEAR
 MAXIMUM TEMPERATURE (F)   58        78      1946
 MINIMUM TEMPERATURE (F)   42        24      1980


SUNRISE AND SUNSET
OCTOBER 29 2017.......SUNRISE   756 AM EDT   SUNSET   626 PM EDT
OCTOBER 30 2017.......SUNRISE   757 AM EDT   SUNSET   625 PM EDT


-  INDICATES NEGATIVE NUMBERS.
R  INDICATES RECORD WAS SET OR TIED.
MM INDICATES DATA IS MISSING.
T  INDICATES TRACE AMOUNT.




$$
