603
CDUS41 KCLE 170526
CLICLE


CLIMATE REPORT
NATIONAL WEATHER SERVICE CLEVELAND OH
125 AM EDT WED MAY 17 2017


...................................

...THE CLEVELAND OH CLIMATE SUMMARY FOR MAY 16 2017...

CLIMATE NORMAL PERIOD 1981 TO 2010
CLIMATE RECORD PERIOD 1871 TO 2017


WEATHER ITEM   OBSERVED TIME   RECORD YEAR NORMAL DEPARTURE LAST
                VALUE   (LST)  VALUE       VALUE  FROM      YEAR
                                                  NORMAL
..................................................................
TEMPERATURE (F)
 YESTERDAY
  MAXIMUM         87    345 PM  89    1991  70     17       65
  MINIMUM         49   1249 AM  29    1984  50     -1       37
  AVERAGE         68                        60      8       51

PRECIPITATION (IN)
  YESTERDAY        0.00                      0.12  -0.12     0.00
  MONTH TO DATE    2.52                      1.81   0.71     2.47
  SINCE MAR 1     11.03                      8.23   2.80    10.50
  SINCE JAN 1     18.49                     13.29   5.20    15.09

SNOWFALL (IN)
  YESTERDAY        0.0                       0.0    0.0      0.0
  MONTH TO DATE    0.0                       0.1   -0.1       T
  SINCE MAR 1     12.1                      16.0   -3.9     11.0
  SINCE JUL 1     37.3                      68.2  -30.9     32.8
  SNOW DEPTH       0

DEGREE DAYS
 HEATING
  YESTERDAY        0                         7     -7       14
  MONTH TO DATE  184                       136     48      155
  SINCE MAR 1   1228                      1430   -202     1298
  SINCE JUL 1   4539                      5647  -1108     4889

 COOLING
  YESTERDAY        3                         1      2        0
  MONTH TO DATE    3                        16    -13        6
  SINCE MAR 1     34                        27      7        6
  SINCE JAN 1     34                        27      7        6
..................................................................


WIND (MPH)
  HIGHEST WIND SPEED    20   HIGHEST WIND DIRECTION    SW (230)
  HIGHEST GUST SPEED    26   HIGHEST GUST DIRECTION    SW (210)
  AVERAGE WIND SPEED    10.1


SKY COVER
  POSSIBLE SUNSHINE  MM
  AVERAGE SKY COVER 0.6


WEATHER CONDITIONS
 THE FOLLOWING WEATHER WAS RECORDED YESTERDAY.
  NO SIGNIFICANT WEATHER WAS OBSERVED.


RELATIVE HUMIDITY (PERCENT)
 HIGHEST    66           100 AM
 LOWEST     32           600 PM
 AVERAGE    49

..........................................................


THE CLEVELAND OH CLIMATE NORMALS FOR TODAY
                         NORMAL    RECORD    YEAR
 MAXIMUM TEMPERATURE (F)   70        90      1962
 MINIMUM TEMPERATURE (F)   50        33      1979
                                             1895


SUNRISE AND SUNSET
MAY 17 2017...........SUNRISE   606 AM EDT   SUNSET   842 PM EDT
MAY 18 2017...........SUNRISE   606 AM EDT   SUNSET   843 PM EDT


-  INDICATES NEGATIVE NUMBERS.
R  INDICATES RECORD WAS SET OR TIED.
MM INDICATES DATA IS MISSING.
T  INDICATES TRACE AMOUNT.




$$
