756
CDUS41 KCLE 100527
CLICLE


CLIMATE REPORT
NATIONAL WEATHER SERVICE CLEVELAND OH
126 AM EDT MON APR 10 2017


...................................

...THE CLEVELAND OH CLIMATE SUMMARY FOR APRIL 9 2017...

CLIMATE NORMAL PERIOD 1981 TO 2010
CLIMATE RECORD PERIOD 1871 TO 2017


WEATHER ITEM   OBSERVED TIME   RECORD YEAR NORMAL DEPARTURE LAST
                VALUE   (LST)  VALUE       VALUE  FROM      YEAR
                                                  NORMAL
..................................................................
TEMPERATURE (F)
 YESTERDAY
  MAXIMUM         74    530 PM  81    1931  57     17       34
  MINIMUM         42    315 AM  17    1972  38      4       25
  AVERAGE         58                        47     11       30

PRECIPITATION (IN)
  YESTERDAY        0.00                      0.13  -0.13     0.40
  MONTH TO DATE    1.52                      1.09   0.43     2.15
  SINCE MAR 1      5.54                      4.02   1.52     6.32
  SINCE JAN 1     13.00                      9.08   3.92    10.91

SNOWFALL (IN)
  YESTERDAY        0.0                       0.2   -0.2      4.0
  MONTH TO DATE    2.8                       1.8    1.0      7.8
  SINCE MAR 1     12.1                      14.4   -2.3     11.0
  SINCE JUL 1     37.3                      66.6  -29.3     32.8
  SNOW DEPTH       0

DEGREE DAYS
 HEATING
  YESTERDAY        7                        18    -11       35
  MONTH TO DATE  133                       175    -42      228
  SINCE MAR 1    924                      1001    -77      851
  SINCE JUL 1   4235                      5218   -983     4442

 COOLING
  YESTERDAY        0                         0      0        0
  MONTH TO DATE    0                         0      0        0
  SINCE MAR 1      0                         1     -1        0
  SINCE JAN 1      0                         1     -1        0
..................................................................


WIND (MPH)
  HIGHEST WIND SPEED    22   HIGHEST WIND DIRECTION     S (180)
  HIGHEST GUST SPEED    30   HIGHEST GUST DIRECTION     S (180)
  AVERAGE WIND SPEED    13.3


SKY COVER
  POSSIBLE SUNSHINE  MM
  AVERAGE SKY COVER 0.7


WEATHER CONDITIONS
 THE FOLLOWING WEATHER WAS RECORDED YESTERDAY.
  NO SIGNIFICANT WEATHER WAS OBSERVED.


RELATIVE HUMIDITY (PERCENT)
 HIGHEST    57           300 AM
 LOWEST     23           300 PM
 AVERAGE    40

..........................................................


THE CLEVELAND OH CLIMATE NORMALS FOR TODAY
                         NORMAL    RECORD    YEAR
 MAXIMUM TEMPERATURE (F)   57        83      1978
                                             1945
 MINIMUM TEMPERATURE (F)   39        20      1997


SUNRISE AND SUNSET
APRIL 10 2017.........SUNRISE   655 AM EDT   SUNSET   803 PM EDT
APRIL 11 2017.........SUNRISE   654 AM EDT   SUNSET   804 PM EDT


-  INDICATES NEGATIVE NUMBERS.
R  INDICATES RECORD WAS SET OR TIED.
MM INDICATES DATA IS MISSING.
T  INDICATES TRACE AMOUNT.




$$
