000
CDUS41 KCLE 120543
CLICLE


CLIMATE REPORT
NATIONAL WEATHER SERVICE CLEVELAND OH
130 AM EDT TUE APR 12 2016


...................................

...THE CLEVELAND OH CLIMATE SUMMARY FOR APRIL 11 2016...

CLIMATE NORMAL PERIOD 1981 TO 2010
CLIMATE RECORD PERIOD 1871 TO 2016


WEATHER ITEM   OBSERVED TIME   RECORD YEAR NORMAL DEPARTURE LAST
                VALUE   (LST)  VALUE       VALUE  FROM      YEAR
                                                  NORMAL
..................................................................
TEMPERATURE (F)
 YESTERDAY
  MAXIMUM         55    427 PM  82    1945  57     -2       58
                                      1930
  MINIMUM         41   1159 PM  22    1882  39      2       37
  AVERAGE         48                        48      0       48

PRECIPITATION (IN)
  YESTERDAY        0.39                      0.13   0.26     0.00
  MONTH TO DATE    2.66                      1.34   1.32     2.05
  SINCE MAR 1      6.83                      4.27   2.56     4.02
  SINCE JAN 1     11.42                      9.33   2.09     8.82

SNOWFALL (IN)
  YESTERDAY        0.0                       0.2   -0.2      0.0
  MONTH TO DATE    7.8                       2.1    5.7      0.1
  SINCE MAR 1     11.0                      14.7   -3.7      4.9
  SINCE JUL 1     32.8                      66.9  -34.1     66.3
  SNOW DEPTH       0

DEGREE DAYS
 HEATING
  YESTERDAY       17                        17      0       17
  MONTH TO DATE  274                       209     65      167
  SINCE MAR 1    897                      1035   -138     1122
  SINCE JUL 1   4488                      5252   -764     6072

 COOLING
  YESTERDAY        0                         0      0        0
  MONTH TO DATE    0                         0      0        0
  SINCE MAR 1      0                         1     -1        0
  SINCE JAN 1      0                         1     -1        0
..................................................................


WIND (MPH)
  HIGHEST WIND SPEED    23   HIGHEST WIND DIRECTION    SW (210)
  HIGHEST GUST SPEED    36   HIGHEST GUST DIRECTION    SW (220)
  AVERAGE WIND SPEED    13.1


SKY COVER
  POSSIBLE SUNSHINE  MM
  AVERAGE SKY COVER 1.0


WEATHER CONDITIONS
 THE FOLLOWING WEATHER WAS RECORDED YESTERDAY.
  RAIN
  LIGHT RAIN
  FOG
  HAZE


RELATIVE HUMIDITY (PERCENT)
 HIGHEST    93           400 PM
 LOWEST     57          1100 PM
 AVERAGE    75

..........................................................


THE CLEVELAND OH CLIMATE NORMALS FOR TODAY
                         NORMAL    RECORD    YEAR
 MAXIMUM TEMPERATURE (F)   58        82      2001
                                             1977
                                             1896
 MINIMUM TEMPERATURE (F)   39        20      1939


SUNRISE AND SUNSET
APRIL 12 2016.........SUNRISE   652 AM EDT   SUNSET   805 PM EDT
APRIL 13 2016.........SUNRISE   650 AM EDT   SUNSET   806 PM EDT


-  INDICATES NEGATIVE NUMBERS.
R  INDICATES RECORD WAS SET OR TIED.
MM INDICATES DATA IS MISSING.
T  INDICATES TRACE AMOUNT.




$$
