000
CDUS41 KCLE 260526
CLICLE


CLIMATE REPORT
NATIONAL WEATHER SERVICE CLEVELAND OH
1226 AM EST SUN NOV 26 2017


...................................

...THE CLEVELAND OH CLIMATE SUMMARY FOR NOVEMBER 25 2017...

CLIMATE NORMAL PERIOD 1981 TO 2010
CLIMATE RECORD PERIOD 1871 TO 2017


WEATHER ITEM   OBSERVED TIME   RECORD YEAR NORMAL DEPARTURE LAST
                VALUE   (LST)  VALUE       VALUE  FROM      YEAR
                                                  NORMAL
..................................................................
TEMPERATURE (F)
 YESTERDAY
  MAXIMUM         53    453 AM  67    1908  47      6       44
  MINIMUM         41   1159 PM  13    2005  34      7       38
  AVERAGE         47                        40      7       41

PRECIPITATION (IN)
  YESTERDAY        0.00                      0.12  -0.12     0.03
  MONTH TO DATE    5.82                      3.04   2.78     1.47
  SINCE SEP 1     10.31                      9.92   0.39     9.81
  SINCE JAN 1     41.94                     35.46   6.48    33.18

SNOWFALL (IN)
  YESTERDAY        0.0                       0.2   -0.2      0.0
  MONTH TO DATE    0.8                       3.2   -2.4      0.9
  SINCE SEP 1      0.8                       3.4   -2.6      0.9
  SINCE JUL 1      0.8                       3.4   -2.6      0.9
  SNOW DEPTH       0

DEGREE DAYS
 HEATING
  YESTERDAY       18                        25     -7       24
  MONTH TO DATE  537                       505     32      401
  SINCE SEP 1    795                       953   -158      630
  SINCE JUL 1    797                       965   -168      630

 COOLING
  YESTERDAY        0                         0      0        0
  MONTH TO DATE    0                         0      0        8
  SINCE SEP 1    222                       101    121      236
  SINCE JAN 1   1113                       816    297     1320
..................................................................


WIND (MPH)
  HIGHEST WIND SPEED    25   HIGHEST WIND DIRECTION    NW (300)
  HIGHEST GUST SPEED    32   HIGHEST GUST DIRECTION    NW (300)
  AVERAGE WIND SPEED    14.1


SKY COVER
  POSSIBLE SUNSHINE  MM
  AVERAGE SKY COVER 0.9


WEATHER CONDITIONS
 THE FOLLOWING WEATHER WAS RECORDED YESTERDAY.
  NO SIGNIFICANT WEATHER WAS OBSERVED.


RELATIVE HUMIDITY (PERCENT)
 HIGHEST    71          1100 AM
 LOWEST     38          1200 AM
 AVERAGE    55

..........................................................


THE CLEVELAND OH CLIMATE NORMALS FOR TODAY
                         NORMAL    RECORD    YEAR
 MAXIMUM TEMPERATURE (F)   46        70      1896
 MINIMUM TEMPERATURE (F)   33         9      1880


SUNRISE AND SUNSET
NOVEMBER 26 2017......SUNRISE   729 AM EST   SUNSET   500 PM EST
NOVEMBER 27 2017......SUNRISE   730 AM EST   SUNSET   500 PM EST


-  INDICATES NEGATIVE NUMBERS.
R  INDICATES RECORD WAS SET OR TIED.
MM INDICATES DATA IS MISSING.
T  INDICATES TRACE AMOUNT.




$$
