000
CDUS41 KCLE 261425
CLICLE


CLIMATE REPORT
NATIONAL WEATHER SERVICE CLEVELAND OH
1024 AM EDT WED MAR 26 2014


...................................

...THE CLEVELAND OH CLIMATE SUMMARY FOR MARCH 25 2014...

CLIMATE NORMAL PERIOD 1981 TO 2010
CLIMATE RECORD PERIOD 1871 TO 2014


WEATHER ITEM   OBSERVED TIME   RECORD YEAR NORMAL DEPARTURE LAST
                VALUE   (LST)  VALUE       VALUE  FROM      YEAR
                                                  NORMAL
..................................................................
TEMPERATURE (F)
 YESTERDAY
  MAXIMUM         38   1215 PM  83    1945  50    -12       33
  MINIMUM         19    556 AM   4    1974  33    -14       30
  AVERAGE         29                        42    -13       32

PRECIPITATION (IN)
  YESTERDAY        0.10                      0.10   0.00     0.34
  MONTH TO DATE    1.27                      2.28  -1.01     2.19
  SINCE MAR 1      1.27                      2.28  -1.01     2.19
  SINCE JAN 1      6.30                      7.34  -1.04     6.66

SNOWFALL (IN)
  YESTERDAY        1.2                       0.3    0.9      3.6
  MONTH TO DATE    8.9                      10.8   -1.9     10.5
  SINCE MAR 1      8.9                      10.8   -1.9     10.5
  SINCE JUL 1     78.6                      63.0   15.6     51.2
  SNOW DEPTH       0

DEGREE DAYS
 HEATING
  YESTERDAY       36                        24     12       33
  MONTH TO DATE  842                       691    151      812
  SINCE MAR 1    842                       691    151      812
  SINCE JUL 1   5523                      4908    615     4991

 COOLING
  YESTERDAY        0                         0      0        0
  MONTH TO DATE    0                         0      0        0
  SINCE MAR 1      0                         0      0        0
  SINCE JAN 1      0                         0      0        0
..................................................................


WIND (MPH)
  HIGHEST WIND SPEED    22   HIGHEST WIND DIRECTION    NW (310)
  HIGHEST GUST SPEED    27   HIGHEST GUST DIRECTION    SW (220)
  AVERAGE WIND SPEED    11.5


SKY COVER
  POSSIBLE SUNSHINE  MM
  AVERAGE SKY COVER 0.6


WEATHER CONDITIONS
 THE FOLLOWING WEATHER WAS RECORDED YESTERDAY.
  HEAVY SNOW
  LIGHT SNOW
  FOG
  FOG W/VISIBILITY <= 1/4 MILE
  BLOWING SNOW


RELATIVE HUMIDITY (PERCENT)
 HIGHEST    81          1100 PM
 LOWEST     32          1100 AM
 AVERAGE    57

..........................................................


THE CLEVELAND OH CLIMATE NORMALS FOR TODAY
                         NORMAL    RECORD    YEAR
 MAXIMUM TEMPERATURE (F)   51        80      1967
 MINIMUM TEMPERATURE (F)   33        14      2001


SUNRISE AND SUNSET
MARCH 26 2014.........SUNRISE   721 AM EDT   SUNSET   746 PM EDT
MARCH 27 2014.........SUNRISE   719 AM EDT   SUNSET   747 PM EDT


-  INDICATES NEGATIVE NUMBERS.
R  INDICATES RECORD WAS SET OR TIED.
MM INDICATES DATA IS MISSING.
T  INDICATES TRACE AMOUNT.




$$
