000
CDUS41 KCLE 152212
CLICLE


CLIMATE REPORT
NATIONAL WEATHER SERVICE CLEVELAND OH
510 PM EST TUE NOV 15 2016


...................................

...THE CLEVELAND OH CLIMATE SUMMARY FOR NOVEMBER 15 2016...
VALID TODAY AS OF 0500 PM LOCAL TIME.

CLIMATE NORMAL PERIOD 1981 TO 2010
CLIMATE RECORD PERIOD 1871 TO 2016


WEATHER ITEM   OBSERVED TIME   RECORD YEAR NORMAL DEPARTURE LAST
                VALUE   (LST)  VALUE       VALUE  FROM      YEAR
                                                  NORMAL
..................................................................
TEMPERATURE (F)
 TODAY
  MAXIMUM         62    154 PM  72    1927  51     11       63
  MINIMUM         37    641 AM  14    1996  37      0       41
  AVERAGE         50                        44      6       52

PRECIPITATION (IN)
  TODAY            0.00                      0.13  -0.13     0.00
  MONTH TO DATE    0.72                      1.79  -1.07     1.27
  SINCE SEP 1      9.06                      8.67   0.39     8.35
  SINCE JAN 1     32.43                     34.21  -1.78    36.07

SNOWFALL (IN)
  TODAY            0.0                       0.1   -0.1      0.0
  MONTH TO DATE    0.0                       1.4   -1.4      0.0
  SINCE SEP 1      0.0                       1.6   -1.6      0.1
  SINCE JUL 1      0.0                       1.6   -1.6      0.1
  SNOW DEPTH       0

DEGREE DAYS
 HEATING
  TODAY           15                        21     -6       13
  MONTH TO DATE  185                       275    -90      195
  SINCE SEP 1    414                       723   -309      545
  SINCE JUL 1    414                       735   -321      559

 COOLING
  TODAY            0                         0      0        0
  MONTH TO DATE    7                         0      7        4
  SINCE SEP 1    235                       101    134      162
  SINCE JAN 1   1319                       816    503      831
..................................................................


WIND (MPH)
  HIGHEST WIND SPEED    13   HIGHEST WIND DIRECTION     S (200)
  HIGHEST GUST SPEED    17   HIGHEST GUST DIRECTION    SW (210)


SKY COVER
  POSSIBLE SUNSHINE  MM
  AVERAGE SKY COVER 0.6


WEATHER CONDITIONS
 THE FOLLOWING WEATHER WAS RECORDED TODAY.
  NO SIGNIFICANT WEATHER WAS OBSERVED.


RELATIVE HUMIDITY (PERCENT)
 HIGHEST    64           400 AM
 LOWEST     39           200 PM
 AVERAGE    52

..........................................................


THE CLEVELAND OH CLIMATE NORMALS FOR TOMORROW
                         NORMAL    RECORD    YEAR
 MAXIMUM TEMPERATURE (F)   51        72      1931
 MINIMUM TEMPERATURE (F)   37        12      1933


SUNRISE AND SUNSET
NOVEMBER 15 2016......SUNRISE   716 AM EST   SUNSET   507 PM EST
NOVEMBER 16 2016......SUNRISE   718 AM EST   SUNSET   507 PM EST


-  INDICATES NEGATIVE NUMBERS.
R  INDICATES RECORD WAS SET OR TIED.
MM INDICATES DATA IS MISSING.
T  INDICATES TRACE AMOUNT.




$$
