000
CDUS41 KCLE 240536
CLICLE


CLIMATE REPORT
NATIONAL WEATHER SERVICE CLEVELAND OH
1236 AM EST SAT DEC 24 2016


...................................

...THE CLEVELAND OH CLIMATE SUMMARY FOR DECEMBER 23 2016...

CLIMATE NORMAL PERIOD 1981 TO 2010
CLIMATE RECORD PERIOD 1871 TO 2016


WEATHER ITEM   OBSERVED TIME   RECORD YEAR NORMAL DEPARTURE LAST
                VALUE   (LST)  VALUE       VALUE  FROM      YEAR
                                                  NORMAL
..................................................................
TEMPERATURE (F)
 YESTERDAY
  MAXIMUM         42   1159 PM  65    2015  36      6       65
  MINIMUM         31    718 AM  -7    1960  24      7       41
  AVERAGE         37                        30      7       53

PRECIPITATION (IN)
  YESTERDAY        T                         0.10  -0.10     0.23
  MONTH TO DATE    1.91                      2.31  -0.40     1.04
  SINCE DEC 1      1.91                      2.31  -0.40     1.04
  SINCE JAN 1     35.73                     38.35  -2.62    38.15

SNOWFALL (IN)
  YESTERDAY        0.0                       0.5   -0.5      0.0
  MONTH TO DATE    6.8                       9.8   -3.0      0.3
  SINCE DEC 1      6.8                       9.8   -3.0      0.3
  SINCE JUL 1      7.7                      14.3   -6.6      1.2
  SNOW DEPTH       T

DEGREE DAYS
 HEATING
  YESTERDAY       28                        35     -7       12
  MONTH TO DATE  799                       725     74      472
  SINCE DEC 1    799                       725     74      472
  SINCE JUL 1   1515                      1820   -305     1337

 COOLING
  YESTERDAY        0                         0      0        0
  MONTH TO DATE    0                         0      0        0
  SINCE DEC 1      0                         0      0        0
  SINCE JAN 1   1320                       817    503      831
..................................................................


WIND (MPH)
  HIGHEST WIND SPEED    18   HIGHEST WIND DIRECTION     S (200)
  HIGHEST GUST SPEED    24   HIGHEST GUST DIRECTION     S (200)
  AVERAGE WIND SPEED    10.1


SKY COVER
  POSSIBLE SUNSHINE  MM
  AVERAGE SKY COVER 0.9


WEATHER CONDITIONS
 THE FOLLOWING WEATHER WAS RECORDED YESTERDAY.
  LIGHT RAIN


RELATIVE HUMIDITY (PERCENT)
 HIGHEST    78           400 AM
 LOWEST     50           800 PM
 AVERAGE    64

..........................................................


THE CLEVELAND OH CLIMATE NORMALS FOR TODAY
                         NORMAL    RECORD    YEAR
 MAXIMUM TEMPERATURE (F)   36        65      1964
                                             1932
 MINIMUM TEMPERATURE (F)   24       -10      1983


SUNRISE AND SUNSET
DECEMBER 24 2016......SUNRISE   752 AM EST   SUNSET   503 PM EST
DECEMBER 25 2016......SUNRISE   752 AM EST   SUNSET   504 PM EST


-  INDICATES NEGATIVE NUMBERS.
R  INDICATES RECORD WAS SET OR TIED.
MM INDICATES DATA IS MISSING.
T  INDICATES TRACE AMOUNT.




$$
