000
CDUS41 KCLE 020540
CLICLE


CLIMATE REPORT
NATIONAL WEATHER SERVICE CLEVELAND OH
1240 AM EST FRI DEC 2 2016


...................................

...THE CLEVELAND OH CLIMATE SUMMARY FOR DECEMBER 1 2016...

CLIMATE NORMAL PERIOD 1981 TO 2010
CLIMATE RECORD PERIOD 1871 TO 2016


WEATHER ITEM   OBSERVED TIME   RECORD YEAR NORMAL DEPARTURE LAST
                VALUE   (LST)  VALUE       VALUE  FROM      YEAR
                                                  NORMAL
..................................................................
TEMPERATURE (F)
 YESTERDAY
  MAXIMUM         43   1223 AM  65    1970  44     -1       57
  MINIMUM         36    757 AM   7    1929  32      4       42
                                      1874
  AVERAGE         40                        38      2       50

PRECIPITATION (IN)
  YESTERDAY        T                         0.10  -0.10     0.11
  MONTH TO DATE    T                         0.10  -0.10     0.11
  SINCE DEC 1      T                         0.10  -0.10     0.11
  SINCE JAN 1     33.82                     36.14  -2.32    37.22

SNOWFALL (IN)
  YESTERDAY        0.0                       0.3   -0.3      0.0
  MONTH TO DATE    0.0                       0.3   -0.3      0.0
  SINCE DEC 1      0.0                       0.3   -0.3      0.0
  SINCE JUL 1      0.9                       4.8   -3.9      0.9
  SNOW DEPTH       0

DEGREE DAYS
 HEATING
  YESTERDAY       25                        27     -2       15
  MONTH TO DATE   25                        27     -2       15
  SINCE DEC 1     25                        27     -2       15
  SINCE JUL 1    741                      1122   -381      880

 COOLING
  YESTERDAY        0                         0      0        0
  MONTH TO DATE    0                         0      0        0
  SINCE DEC 1      0                         0      0        0
  SINCE JAN 1   1320                       817    503      831
..................................................................


WIND (MPH)
  HIGHEST WIND SPEED    28   HIGHEST WIND DIRECTION     W (270)
  HIGHEST GUST SPEED    35   HIGHEST GUST DIRECTION     W (250)
  AVERAGE WIND SPEED    16.4


SKY COVER
  POSSIBLE SUNSHINE  MM
  AVERAGE SKY COVER 1.0


WEATHER CONDITIONS
 THE FOLLOWING WEATHER WAS RECORDED YESTERDAY.
  LIGHT RAIN


RELATIVE HUMIDITY (PERCENT)
 HIGHEST    70          1200 AM
 LOWEST     60           100 PM
 AVERAGE    65

..........................................................


THE CLEVELAND OH CLIMATE NORMALS FOR TODAY
                         NORMAL    RECORD    YEAR
 MAXIMUM TEMPERATURE (F)   43        70      1982
 MINIMUM TEMPERATURE (F)   31        -5      1976


SUNRISE AND SUNSET
DECEMBER  2 2016......SUNRISE   736 AM EST   SUNSET   458 PM EST
DECEMBER  3 2016......SUNRISE   737 AM EST   SUNSET   458 PM EST


-  INDICATES NEGATIVE NUMBERS.
R  INDICATES RECORD WAS SET OR TIED.
MM INDICATES DATA IS MISSING.
T  INDICATES TRACE AMOUNT.




$$
