000
CDUS41 KCLE 280528
CLICLE


CLIMATE REPORT
NATIONAL WEATHER SERVICE CLEVELAND OH
1227 AM EST SUN DEC 28 2014


...................................

...THE CLEVELAND OH CLIMATE SUMMARY FOR DECEMBER 27 2014...

CLIMATE NORMAL PERIOD 1981 TO 2010
CLIMATE RECORD PERIOD 1871 TO 2014


WEATHER ITEM   OBSERVED TIME   RECORD YEAR NORMAL DEPARTURE LAST
                VALUE   (LST)  VALUE       VALUE  FROM      YEAR
                                                  NORMAL
..................................................................
TEMPERATURE (F)
 YESTERDAY
  MAXIMUM         54    121 PM  65    2008  35     19       42
  MINIMUM         41    612 AM  -5    1944  23     18       29
  AVERAGE         48                        29     19       36

PRECIPITATION (IN)
  YESTERDAY        0.03                      0.10  -0.07      T
  MONTH TO DATE    1.71                      2.71  -1.00     3.83
  SINCE DEC 1      1.71                      2.71  -1.00     3.83
  SINCE JAN 1     43.81                     38.75   5.06    41.58

SNOWFALL (IN)
  YESTERDAY        0.0                       0.6   -0.6       T
  MONTH TO DATE    0.9                      11.9  -11.0     13.1
  SINCE DEC 1      0.9                      11.9  -11.0     13.1
  SINCE JUL 1     20.3                      16.4    3.9     17.8
  SNOW DEPTH       0

DEGREE DAYS
 HEATING
  YESTERDAY       17                        36    -19       29
  MONTH TO DATE  755                       867   -112      883
  SINCE DEC 1    755                       867   -112      883
  SINCE JUL 1   2089                      1962    127     2032

 COOLING
  YESTERDAY        0                         0      0        0
  MONTH TO DATE    0                         0      0        0
  SINCE DEC 1      0                         0      0        0
  SINCE JAN 1    657                       817   -160      889
..................................................................


WIND (MPH)
  HIGHEST WIND SPEED    22   HIGHEST WIND DIRECTION    SW (230)
  HIGHEST GUST SPEED    29   HIGHEST GUST DIRECTION    SW (230)
  AVERAGE WIND SPEED    11.4


SKY COVER
  POSSIBLE SUNSHINE  MM
  AVERAGE SKY COVER 0.8


WEATHER CONDITIONS
 THE FOLLOWING WEATHER WAS RECORDED YESTERDAY.
  LIGHT RAIN
  FOG


RELATIVE HUMIDITY (PERCENT)
 HIGHEST    93          1100 PM
 LOWEST     46           100 PM
 AVERAGE    70

..........................................................


THE CLEVELAND OH CLIMATE NORMALS FOR TODAY
                         NORMAL    RECORD    YEAR
 MAXIMUM TEMPERATURE (F)   35        68      1982
 MINIMUM TEMPERATURE (F)   23        -3      1880


SUNRISE AND SUNSET
DECEMBER 28 2014......SUNRISE   753 AM EST   SUNSET   505 PM EST
DECEMBER 29 2014......SUNRISE   753 AM EST   SUNSET   506 PM EST


-  INDICATES NEGATIVE NUMBERS.
R  INDICATES RECORD WAS SET OR TIED.
MM INDICATES DATA IS MISSING.
T  INDICATES TRACE AMOUNT.




$$
