000
CDUS41 KCLE 220539
CLICLE


CLIMATE REPORT
NATIONAL WEATHER SERVICE CLEVELAND OH
126 AM EDT FRI MAY 22 2015


...................................

...THE CLEVELAND OH CLIMATE SUMMARY FOR MAY 21 2015...

CLIMATE NORMAL PERIOD 1981 TO 2010
CLIMATE RECORD PERIOD 1871 TO 2015


WEATHER ITEM   OBSERVED TIME   RECORD YEAR NORMAL DEPARTURE LAST
                VALUE   (LST)  VALUE       VALUE  FROM      YEAR
                                                  NORMAL
..................................................................
TEMPERATURE (F)
 YESTERDAY
  MAXIMUM         59    207 PM  89    1941  71    -12       78
                                      1934
  MINIMUM         48    204 AM  32    1895  52     -4       62
  AVERAGE         54                        61     -7       70

PRECIPITATION (IN)
  YESTERDAY        T                         0.12  -0.12      T
  MONTH TO DATE    1.14                      2.42  -1.28     3.97
  SINCE MAR 1      5.88                      8.84  -2.96    11.13
  SINCE JAN 1     10.68                     13.90  -3.22    16.16

SNOWFALL (IN)
  YESTERDAY        0.0                       0.0    0.0      0.0
  MONTH TO DATE    0.0                       0.1   -0.1      0.0
  SINCE MAR 1      5.7                      16.0  -10.3     16.4
  SINCE JUL 1     67.1                      68.2   -1.1     86.1
  SNOW DEPTH       0

DEGREE DAYS
 HEATING
  YESTERDAY       11                         6      5        0
  MONTH TO DATE  107                       166    -59      156
  SINCE MAR 1   1512                      1460     52     1590
  SINCE JUL 1   6462                      5677    785     6271

 COOLING
  YESTERDAY        0                         2     -2        5
  MONTH TO DATE   73                        26     47       41
  SINCE MAR 1     74                        37     37       48
  SINCE JAN 1     74                        37     37       48
..................................................................


WIND (MPH)
  HIGHEST WIND SPEED    16   HIGHEST WIND DIRECTION    NW (320)
  HIGHEST GUST SPEED    21   HIGHEST GUST DIRECTION     W (280)
  AVERAGE WIND SPEED     7.7


SKY COVER
  POSSIBLE SUNSHINE  MM
  AVERAGE SKY COVER 0.8


WEATHER CONDITIONS
 THE FOLLOWING WEATHER WAS RECORDED YESTERDAY.
  LIGHT RAIN


RELATIVE HUMIDITY (PERCENT)
 HIGHEST    66           600 AM
 LOWEST     41          1200 AM
 AVERAGE    54

..........................................................


THE CLEVELAND OH CLIMATE NORMALS FOR TODAY
                         NORMAL    RECORD    YEAR
 MAXIMUM TEMPERATURE (F)   71        89      1911
 MINIMUM TEMPERATURE (F)   52        35      2002


SUNRISE AND SUNSET
MAY 22 2015...........SUNRISE   603 AM EDT   SUNSET   846 PM EDT
MAY 23 2015...........SUNRISE   602 AM EDT   SUNSET   847 PM EDT


-  INDICATES NEGATIVE NUMBERS.
R  INDICATES RECORD WAS SET OR TIED.
MM INDICATES DATA IS MISSING.
T  INDICATES TRACE AMOUNT.




$$
