000
CDUS41 KCLE 030525
CLICLE


CLIMATE REPORT
NATIONAL WEATHER SERVICE CLEVELAND OH
125 AM EDT MON APR 3 2017


...................................

...THE CLEVELAND OH CLIMATE SUMMARY FOR APRIL 2 2017...

CLIMATE NORMAL PERIOD 1981 TO 2010
CLIMATE RECORD PERIOD 1871 TO 2017


WEATHER ITEM   OBSERVED TIME   RECORD YEAR NORMAL DEPARTURE LAST
                VALUE   (LST)  VALUE       VALUE  FROM      YEAR
                                                  NORMAL
..................................................................
TEMPERATURE (F)
 YESTERDAY
  MAXIMUM         61    346 PM  86    2010  54      7       46
  MINIMUM         36    610 AM  19    1883  36      0       30
  AVERAGE         49                        45      4       38

PRECIPITATION (IN)
  YESTERDAY        0.00                      0.12  -0.12     0.25
  MONTH TO DATE    0.01                      0.24  -0.23     0.31
  SINCE MAR 1      4.03                      3.17   0.86     4.48
  SINCE JAN 1     11.49                      8.23   3.26     9.07

SNOWFALL (IN)
  YESTERDAY        0.0                       0.3   -0.3      1.2
  MONTH TO DATE    0.0                       0.5   -0.5      1.2
  SINCE MAR 1      9.3                      13.1   -3.8      4.4
  SINCE JUL 1     34.5                      65.3  -30.8     26.2
  SNOW DEPTH       0

DEGREE DAYS
 HEATING
  YESTERDAY       16                        21     -5       27
  MONTH TO DATE   38                        42     -4       40
  SINCE MAR 1    829                       868    -39      663
  SINCE JUL 1   4140                      5085   -945     4254

 COOLING
  YESTERDAY        0                         0      0        0
  MONTH TO DATE    0                         0      0        0
  SINCE MAR 1      0                         1     -1        0
  SINCE JAN 1      0                         1     -1        0
..................................................................


WIND (MPH)
  HIGHEST WIND SPEED     9   HIGHEST WIND DIRECTION    SE (120)
  HIGHEST GUST SPEED    14   HIGHEST GUST DIRECTION    SE (140)
  AVERAGE WIND SPEED     6.2


SKY COVER
  POSSIBLE SUNSHINE  MM
  AVERAGE SKY COVER 0.6


WEATHER CONDITIONS
 THE FOLLOWING WEATHER WAS RECORDED YESTERDAY.
  NO SIGNIFICANT WEATHER WAS OBSERVED.


RELATIVE HUMIDITY (PERCENT)
 HIGHEST    82           100 AM
 LOWEST     36           400 PM
 AVERAGE    59

..........................................................


THE CLEVELAND OH CLIMATE NORMALS FOR TODAY
                         NORMAL    RECORD    YEAR
 MAXIMUM TEMPERATURE (F)   54        83      2010
 MINIMUM TEMPERATURE (F)   36        19      1954


SUNRISE AND SUNSET
APRIL  3 2017.........SUNRISE   707 AM EDT   SUNSET   755 PM EDT
APRIL  4 2017.........SUNRISE   705 AM EDT   SUNSET   756 PM EDT


-  INDICATES NEGATIVE NUMBERS.
R  INDICATES RECORD WAS SET OR TIED.
MM INDICATES DATA IS MISSING.
T  INDICATES TRACE AMOUNT.




$$
