000
CDUS41 KCLE 142219
CLICLE


CLIMATE REPORT
NATIONAL WEATHER SERVICE CLEVELAND OH
518 PM EST SAT FEB 14 2015


...................................

...THE CLEVELAND OH CLIMATE SUMMARY FOR FEBRUARY 14 2015...
VALID TODAY AS OF 0500 PM LOCAL TIME.

CLIMATE NORMAL PERIOD 1981 TO 2010
CLIMATE RECORD PERIOD 1871 TO 2015


WEATHER ITEM   OBSERVED TIME   RECORD YEAR NORMAL DEPARTURE LAST
                VALUE   (LST)  VALUE       VALUE  FROM      YEAR
                                                  NORMAL
..................................................................
TEMPERATURE (F)
 TODAY
  MAXIMUM         26   1059 AM  62    1918  37    -11       32
  MINIMUM         11    359 PM -10    1905  23    -12       22
  AVERAGE         19                        30    -11       27

PRECIPITATION (IN)
  TODAY            0.11                      0.08   0.03     0.03
  MONTH TO DATE    1.30                      1.13   0.17     1.54
  SINCE DEC 1      6.19                      6.95  -0.76     7.64
  SINCE JAN 1      4.24                      3.85   0.39     3.54

SNOWFALL (IN)
  TODAY            2.5                       0.5    2.0      0.3
  MONTH TO DATE   15.9                       7.6    8.3     12.5
  SINCE DEC 1     31.9                      40.4   -8.5     53.7
  SINCE JUL 1     51.3                      44.9    6.4     58.4
  SNOW DEPTH       5

DEGREE DAYS
 HEATING
  TODAY           46                        35     11       38
  MONTH TO DATE  612                       499    113      649
  SINCE DEC 1   2814                      2656    158     2998
  SINCE JUL 1   4148                      3751    397     4147

 COOLING
  TODAY            0                         0      0        0
  MONTH TO DATE    0                         0      0        0
  SINCE DEC 1      0                         0      0        0
  SINCE JAN 1      0                         0      0        0
..................................................................


WIND (MPH)
  HIGHEST WIND SPEED    33   HIGHEST WIND DIRECTION     N (350)
  HIGHEST GUST SPEED    43   HIGHEST GUST DIRECTION     N (350)


SKY COVER
  POSSIBLE SUNSHINE  MM
  AVERAGE SKY COVER 0.9


WEATHER CONDITIONS
 THE FOLLOWING WEATHER WAS RECORDED TODAY.
  SNOW
  LIGHT SNOW
  FOG
  FOG W/VISIBILITY <= 1/4 MILE
  BLOWING SNOW


RELATIVE HUMIDITY (PERCENT)
 HIGHEST    88           300 AM
 LOWEST     66           500 PM
 AVERAGE    77

..........................................................


THE CLEVELAND OH CLIMATE NORMALS FOR TOMORROW
                         NORMAL    RECORD    YEAR
 MAXIMUM TEMPERATURE (F)   37        67      1954
 MINIMUM TEMPERATURE (F)   24        -4      2007
                                             1963


SUNRISE AND SUNSET
FEBRUARY 14 2015......SUNRISE   724 AM EST   SUNSET   600 PM EST
FEBRUARY 15 2015......SUNRISE   723 AM EST   SUNSET   601 PM EST


-  INDICATES NEGATIVE NUMBERS.
R  INDICATES RECORD WAS SET OR TIED.
MM INDICATES DATA IS MISSING.
T  INDICATES TRACE AMOUNT.




$$
