000
CDUS41 KCLE 220545
CLICLE


CLIMATE REPORT
NATIONAL WEATHER SERVICE CLEVELAND OH
145 AM EDT SUN OCT 22 2017


...................................

...THE CLEVELAND OH CLIMATE SUMMARY FOR OCTOBER 21 2017...

CLIMATE NORMAL PERIOD 1981 TO 2010
CLIMATE RECORD PERIOD 1871 TO 2017


WEATHER ITEM   OBSERVED TIME   RECORD YEAR NORMAL DEPARTURE LAST
                VALUE   (LST)  VALUE       VALUE  FROM      YEAR
                                                  NORMAL
..................................................................
TEMPERATURE (F)
 YESTERDAY
  MAXIMUM         76    249 PM  83    1953  61     15       57
  MINIMUM         47    636 AM  26    1952  44      3       46
  AVERAGE         62                        52     10       52

PRECIPITATION (IN)
  YESTERDAY        0.00                      0.09  -0.09     0.76
  MONTH TO DATE    2.94                      2.10   0.84     2.47
  SINCE SEP 1      3.75                      5.91  -2.16     7.85
  SINCE JAN 1     35.38                     31.45   3.93    31.22

SNOWFALL (IN)
  YESTERDAY        0.0                       0.0    0.0      0.0
  MONTH TO DATE    0.0                       0.0    0.0      0.0
  SINCE SEP 1      0.0                       0.0    0.0      0.0
  SINCE JUL 1      0.0                       0.0    0.0      0.0
  SNOW DEPTH       0

DEGREE DAYS
 HEATING
  YESTERDAY        3                        13    -10       13
  MONTH TO DATE   56                       211   -155       90
  SINCE SEP 1    104                       302   -198      101
  SINCE JUL 1    106                       314   -208      101

 COOLING
  YESTERDAY        0                         0      0        0
  MONTH TO DATE   44                        10     34       43
  SINCE SEP 1    221                        99    122      228
  SINCE JAN 1   1112                       814    298     1312
..................................................................


WIND (MPH)
  HIGHEST WIND SPEED    12   HIGHEST WIND DIRECTION     S (180)
  HIGHEST GUST SPEED    15   HIGHEST GUST DIRECTION     S (180)
  AVERAGE WIND SPEED     6.8


SKY COVER
  POSSIBLE SUNSHINE  MM
  AVERAGE SKY COVER 0.5


WEATHER CONDITIONS
 THE FOLLOWING WEATHER WAS RECORDED YESTERDAY.
  NO SIGNIFICANT WEATHER WAS OBSERVED.


RELATIVE HUMIDITY (PERCENT)
 HIGHEST    77           200 AM
 LOWEST     38          1200 PM
 AVERAGE    58

..........................................................


THE CLEVELAND OH CLIMATE NORMALS FOR TODAY
                         NORMAL    RECORD    YEAR
 MAXIMUM TEMPERATURE (F)   60        81      1947
 MINIMUM TEMPERATURE (F)   44        27      1976


SUNRISE AND SUNSET
OCTOBER 22 2017.......SUNRISE   747 AM EDT   SUNSET   636 PM EDT
OCTOBER 23 2017.......SUNRISE   749 AM EDT   SUNSET   634 PM EDT


-  INDICATES NEGATIVE NUMBERS.
R  INDICATES RECORD WAS SET OR TIED.
MM INDICATES DATA IS MISSING.
T  INDICATES TRACE AMOUNT.




$$
