000
CDUS41 KCLE 230526
CLICLE


CLIMATE REPORT
NATIONAL WEATHER SERVICE CLEVELAND OH
1226 AM EST MON JAN 23 2017


...................................

...THE CLEVELAND OH CLIMATE SUMMARY FOR JANUARY 22 2017...

CLIMATE NORMAL PERIOD 1981 TO 2010
CLIMATE RECORD PERIOD 1871 TO 2017


WEATHER ITEM   OBSERVED TIME   RECORD YEAR NORMAL DEPARTURE LAST
                VALUE   (LST)  VALUE       VALUE  FROM      YEAR
                                                  NORMAL
..................................................................
TEMPERATURE (F)
 YESTERDAY
  MAXIMUM         64   1157 AM  71    1906  34     30       26
  MINIMUM         41   1159 PM -10    1936  22     19       23
  AVERAGE         53                        28     25       25

PRECIPITATION (IN)
  YESTERDAY        T                         0.08  -0.08      T
  MONTH TO DATE    3.43                      2.00   1.43     1.25
  SINCE DEC 1      6.08                      5.10   0.98     4.21
  SINCE JAN 1      3.43                      2.00   1.43     1.25

SNOWFALL (IN)
  YESTERDAY        0.0                       0.6   -0.6       T
  MONTH TO DATE    3.5                      13.2   -9.7      7.1
  SINCE DEC 1     13.1                      27.3  -14.2      7.4
  SINCE JUL 1     14.0                      31.8  -17.8      8.3
  SNOW DEPTH       0

DEGREE DAYS
 HEATING
  YESTERDAY       12                        37    -25       40
  MONTH TO DATE  657                       813   -156      857
  SINCE DEC 1   1664                      1825   -161     1504
  SINCE JUL 1   2380                      2920   -540     2369

 COOLING
  YESTERDAY        0                         0      0        0
  MONTH TO DATE    0                         0      0        0
  SINCE DEC 1      0                         0      0        0
  SINCE JAN 1      0                         0      0        0
..................................................................


WIND (MPH)
  HIGHEST WIND SPEED    14   HIGHEST WIND DIRECTION     N (20)
  HIGHEST GUST SPEED    18   HIGHEST GUST DIRECTION     S (170)
  AVERAGE WIND SPEED     5.8


SKY COVER
  POSSIBLE SUNSHINE  MM
  AVERAGE SKY COVER 0.8


WEATHER CONDITIONS
 THE FOLLOWING WEATHER WAS RECORDED YESTERDAY.
  LIGHT RAIN
  FOG


RELATIVE HUMIDITY (PERCENT)
 HIGHEST    93           700 AM
 LOWEST     60          1200 PM
 AVERAGE    77

..........................................................


THE CLEVELAND OH CLIMATE NORMALS FOR TODAY
                         NORMAL    RECORD    YEAR
 MAXIMUM TEMPERATURE (F)   34        68      1967
 MINIMUM TEMPERATURE (F)   22       -17      1963


SUNRISE AND SUNSET
JANUARY 23 2017.......SUNRISE   746 AM EST   SUNSET   533 PM EST
JANUARY 24 2017.......SUNRISE   746 AM EST   SUNSET   534 PM EST


-  INDICATES NEGATIVE NUMBERS.
R  INDICATES RECORD WAS SET OR TIED.
MM INDICATES DATA IS MISSING.
T  INDICATES TRACE AMOUNT.




$$
