000
CDUS41 KCLE 290535
CLICLE


CLIMATE REPORT
NATIONAL WEATHER SERVICE CLEVELAND OH
132 AM EDT MON JUN 29 2015


...................................

...THE CLEVELAND OH CLIMATE SUMMARY FOR JUNE 28 2015...

CLIMATE NORMAL PERIOD 1981 TO 2010
CLIMATE RECORD PERIOD 1871 TO 2015


WEATHER ITEM   OBSERVED TIME   RECORD YEAR NORMAL DEPARTURE LAST
                VALUE   (LST)  VALUE       VALUE  FROM      YEAR
                                                  NORMAL
..................................................................
TEMPERATURE (F)
 YESTERDAY
  MAXIMUM         69    557 PM 101    1944  82    -13       90
  MINIMUM         58    838 AM  49    1988  63     -5       67
  AVERAGE         64                        72     -8       79

PRECIPITATION (IN)
  YESTERDAY        0.22                      0.11   0.11     0.00
  MONTH TO DATE    8.33                      3.21   5.12     5.95
  SINCE JUN 1      8.33                      3.21   5.12     5.95
  SINCE JAN 1     21.96                     18.35   3.61    22.22

SNOWFALL (IN)
  YESTERDAY        0.0                       0.0    0.0      0.0
  MONTH TO DATE    0.0                       0.0    0.0      0.0
  SINCE JUN 1      0.0                       0.0    0.0      0.0
  SINCE JUL 1     67.1                      68.1   -1.0     86.1
  SNOW DEPTH       0

DEGREE DAYS
 HEATING
  YESTERDAY        1                         0      1        0
  MONTH TO DATE   29                        41    -12       20
  SINCE JUN 1     29                        41    -12       20
  SINCE JUL 1   6522                      5761    761     6315

 COOLING
  YESTERDAY        0                         8     -8       14
  MONTH TO DATE  142                       151     -9      156
  SINCE JUN 1    142                       151     -9      156
  SINCE JAN 1    263                       210     53      222
..................................................................


WIND (MPH)
  HIGHEST WIND SPEED    25   HIGHEST WIND DIRECTION    NW (330)
  HIGHEST GUST SPEED    34   HIGHEST GUST DIRECTION     N (340)
  AVERAGE WIND SPEED    12.2


SKY COVER
  POSSIBLE SUNSHINE  MM
  AVERAGE SKY COVER 0.8


WEATHER CONDITIONS
 THE FOLLOWING WEATHER WAS RECORDED YESTERDAY.
  RAIN
  LIGHT RAIN
  FOG


RELATIVE HUMIDITY (PERCENT)
 HIGHEST    93           700 AM
 LOWEST     57           400 PM
 AVERAGE    75

..........................................................


THE CLEVELAND OH CLIMATE NORMALS FOR TODAY
                         NORMAL    RECORD    YEAR
 MAXIMUM TEMPERATURE (F)   82        94      2012
                                             1952
 MINIMUM TEMPERATURE (F)   63        51      1985
                                             1885


SUNRISE AND SUNSET
JUNE 29 2015..........SUNRISE   557 AM EDT   SUNSET   905 PM EDT
JUNE 30 2015..........SUNRISE   557 AM EDT   SUNSET   905 PM EDT


-  INDICATES NEGATIVE NUMBERS.
R  INDICATES RECORD WAS SET OR TIED.
MM INDICATES DATA IS MISSING.
T  INDICATES TRACE AMOUNT.




$$
