000
CDUS41 KCLE 170545
CLICLE


CLIMATE REPORT
NATIONAL WEATHER SERVICE CLEVELAND OH
145 AM EDT SUN SEP 17 2017


...................................

...THE CLEVELAND OH CLIMATE SUMMARY FOR SEPTEMBER 16 2017...

CLIMATE NORMAL PERIOD 1981 TO 2010
CLIMATE RECORD PERIOD 1871 TO 2017


WEATHER ITEM   OBSERVED TIME   RECORD YEAR NORMAL DEPARTURE LAST
                VALUE   (LST)  VALUE       VALUE  FROM      YEAR
                                                  NORMAL
..................................................................
TEMPERATURE (F)
 YESTERDAY
  MAXIMUM         81    154 PM  93    1991  74      7       83
                                      1939
  MINIMUM         60    639 AM  39    1984  56      4       54
  AVERAGE         71                        65      6       69

PRECIPITATION (IN)
  YESTERDAY        0.00                      0.14  -0.14     0.00
  MONTH TO DATE    0.81                      2.00  -1.19     2.31
  SINCE SEP 1      0.81                      2.00  -1.19     2.31
  SINCE JAN 1     32.44                     27.54   4.90    25.68

SNOWFALL (IN)
  YESTERDAY        0.0                       0.0    0.0      0.0
  MONTH TO DATE    0.0                       0.0    0.0      0.0
  SINCE SEP 1      0.0                       0.0    0.0      0.0
  SINCE JUL 1      0.0                       0.0    0.0      0.0
  SNOW DEPTH       0

DEGREE DAYS
 HEATING
  YESTERDAY        0                         3     -3        0
  MONTH TO DATE   28                        24      4        0
  SINCE SEP 1     28                        24      4        0
  SINCE JUL 1     30                        36     -6        0

 COOLING
  YESTERDAY        6                         3      3        4
  MONTH TO DATE   40                        64    -24      121
  SINCE SEP 1     40                        64    -24      121
  SINCE JAN 1    931                       779    152     1205
..................................................................


WIND (MPH)
  HIGHEST WIND SPEED    12   HIGHEST WIND DIRECTION     N (10)
  HIGHEST GUST SPEED    15   HIGHEST GUST DIRECTION    NE (30)
  AVERAGE WIND SPEED     3.7


SKY COVER
  POSSIBLE SUNSHINE  MM
  AVERAGE SKY COVER 0.2


WEATHER CONDITIONS
 THE FOLLOWING WEATHER WAS RECORDED YESTERDAY.
  FOG


RELATIVE HUMIDITY (PERCENT)
 HIGHEST    90           100 AM
 LOWEST     54          1000 AM
 AVERAGE    72

..........................................................


THE CLEVELAND OH CLIMATE NORMALS FOR TODAY
                         NORMAL    RECORD    YEAR
 MAXIMUM TEMPERATURE (F)   74        95      1955
 MINIMUM TEMPERATURE (F)   56        37      1984


SUNRISE AND SUNSET
SEPTEMBER 17 2017.....SUNRISE   710 AM EDT   SUNSET   733 PM EDT
SEPTEMBER 18 2017.....SUNRISE   711 AM EDT   SUNSET   731 PM EDT


-  INDICATES NEGATIVE NUMBERS.
R  INDICATES RECORD WAS SET OR TIED.
MM INDICATES DATA IS MISSING.
T  INDICATES TRACE AMOUNT.




$$
