000
CDUS41 KCLE 280529
CLICLE


CLIMATE REPORT
NATIONAL WEATHER SERVICE CLEVELAND OH
1228 AM EST WED JAN 28 2015


...................................

...THE CLEVELAND OH CLIMATE SUMMARY FOR JANUARY 27 2015...

CLIMATE NORMAL PERIOD 1981 TO 2010
CLIMATE RECORD PERIOD 1871 TO 2015


WEATHER ITEM   OBSERVED TIME   RECORD YEAR NORMAL DEPARTURE LAST
                VALUE   (LST)  VALUE       VALUE  FROM      YEAR
                                                  NORMAL
..................................................................
TEMPERATURE (F)
 YESTERDAY
  MAXIMUM         20    219 PM  69    1916  35    -15       41
  MINIMUM         17   1159 PM  -6    1936  22     -5       -1
  AVERAGE         19                        28     -9       20

PRECIPITATION (IN)
  YESTERDAY        0.02                      0.08  -0.06     0.04
  MONTH TO DATE    2.73                      2.41   0.32     1.99
  SINCE DEC 1      4.68                      5.51  -0.83     6.09
  SINCE JAN 1      2.73                      2.41   0.32     1.99

SNOWFALL (IN)
  YESTERDAY        0.3                       0.6   -0.3      0.8
  MONTH TO DATE   14.1                      16.3   -2.2     23.4
  SINCE DEC 1     15.0                      30.4  -15.4     40.9
  SINCE JUL 1     34.4                      34.9   -0.5     45.6
  SNOW DEPTH       1

DEGREE DAYS
 HEATING
  YESTERDAY       46                        37      9       45
  MONTH TO DATE 1117                       998    119     1136
  SINCE DEC 1   2024                      2010     14     2151
  SINCE JUL 1   3358                      3105    253     3300

 COOLING
  YESTERDAY        0                         0      0        0
  MONTH TO DATE    0                         0      0        0
  SINCE DEC 1      0                         0      0        0
  SINCE JAN 1      0                         0      0        0
..................................................................


WIND (MPH)
  HIGHEST WIND SPEED    15   HIGHEST WIND DIRECTION     N (340)
  HIGHEST GUST SPEED    19   HIGHEST GUST DIRECTION     N (350)
  AVERAGE WIND SPEED     9.4


SKY COVER
  POSSIBLE SUNSHINE  MM
  AVERAGE SKY COVER 0.9


WEATHER CONDITIONS
 THE FOLLOWING WEATHER WAS RECORDED YESTERDAY.
  LIGHT SNOW


RELATIVE HUMIDITY (PERCENT)
 HIGHEST    84          1200 AM
 LOWEST     67           300 PM
 AVERAGE    76

..........................................................


THE CLEVELAND OH CLIMATE NORMALS FOR TODAY
                         NORMAL    RECORD    YEAR
 MAXIMUM TEMPERATURE (F)   35        62      2002
 MINIMUM TEMPERATURE (F)   22       -10      1977
                                             1963


SUNRISE AND SUNSET
JANUARY 28 2015.......SUNRISE   743 AM EST   SUNSET   538 PM EST
JANUARY 29 2015.......SUNRISE   742 AM EST   SUNSET   540 PM EST


-  INDICATES NEGATIVE NUMBERS.
R  INDICATES RECORD WAS SET OR TIED.
MM INDICATES DATA IS MISSING.
T  INDICATES TRACE AMOUNT.




$$
