000
CDUS41 KCLE 050527
CLICLE


CLIMATE REPORT
NATIONAL WEATHER SERVICE CLEVELAND OH
1227 AM EST THU MAR 5 2015


...................................

...THE CLEVELAND OH CLIMATE SUMMARY FOR MARCH 4 2015...

CLIMATE NORMAL PERIOD 1981 TO 2010
CLIMATE RECORD PERIOD 1871 TO 2015


WEATHER ITEM   OBSERVED TIME   RECORD YEAR NORMAL DEPARTURE LAST
                VALUE   (LST)  VALUE       VALUE  FROM      YEAR
                                                  NORMAL
..................................................................
TEMPERATURE (F)
 YESTERDAY
  MAXIMUM         36   1246 AM  76    1983  42     -6       26
  MINIMUM         21   1159 PM   0    2014  27     -6        0
  AVERAGE         29                        34     -5       13

PRECIPITATION (IN)
  YESTERDAY        T                         0.09  -0.09     0.00
  MONTH TO DATE    0.56                      0.34   0.22     0.16
  SINCE MAR 1      0.56                      0.34   0.22     0.16
  SINCE JAN 1      5.36                      5.40  -0.04     5.19

SNOWFALL (IN)
  YESTERDAY        0.0                       0.5   -0.5      0.0
  MONTH TO DATE    4.5                       1.9    2.6      2.8
  SINCE MAR 1      4.5                       1.9    2.6      2.8
  SINCE JUL 1     65.9                      54.1   11.8     72.5
  SNOW DEPTH       8

DEGREE DAYS
 HEATING
  YESTERDAY       36                        31      5       52
  MONTH TO DATE  154                       124     30      191
  SINCE MAR 1    154                       124     30      191
  SINCE JUL 1   5104                      4341    763     4872

 COOLING
  YESTERDAY        0                         0      0        0
  MONTH TO DATE    0                         0      0        0
  SINCE MAR 1      0                         0      0        0
  SINCE JAN 1      0                         0      0        0
..................................................................


WIND (MPH)
  HIGHEST WIND SPEED    25   HIGHEST WIND DIRECTION    NW (320)
  HIGHEST GUST SPEED    28   HIGHEST GUST DIRECTION    NW (320)
  AVERAGE WIND SPEED    11.6


SKY COVER
  POSSIBLE SUNSHINE  MM
  AVERAGE SKY COVER 1.0


WEATHER CONDITIONS
 THE FOLLOWING WEATHER WAS RECORDED YESTERDAY.
  LIGHT RAIN
  FOG


RELATIVE HUMIDITY (PERCENT)
 HIGHEST    89          1200 AM
 LOWEST     50          1000 PM
 AVERAGE    70

..........................................................


THE CLEVELAND OH CLIMATE NORMALS FOR TODAY
                         NORMAL    RECORD    YEAR
 MAXIMUM TEMPERATURE (F)   42        81      1983
 MINIMUM TEMPERATURE (F)   27        -2      1873


SUNRISE AND SUNSET
MARCH  5 2015.........SUNRISE   656 AM EST   SUNSET   622 PM EST
MARCH  6 2015.........SUNRISE   654 AM EST   SUNSET   624 PM EST


-  INDICATES NEGATIVE NUMBERS.
R  INDICATES RECORD WAS SET OR TIED.
MM INDICATES DATA IS MISSING.
T  INDICATES TRACE AMOUNT.




$$
