000
CDUS41 KCLE 240528
CLICLE


CLIMATE REPORT
NATIONAL WEATHER SERVICE CLEVELAND OH
1227 AM EST FRI FEB 24 2017


...................................

...THE CLEVELAND OH CLIMATE SUMMARY FOR FEBRUARY 23 2017...

CLIMATE NORMAL PERIOD 1981 TO 2010
CLIMATE RECORD PERIOD 1871 TO 2017


WEATHER ITEM   OBSERVED TIME   RECORD YEAR NORMAL DEPARTURE LAST
                VALUE   (LST)  VALUE       VALUE  FROM      YEAR
                                                  NORMAL
..................................................................
TEMPERATURE (F)
 YESTERDAY
  MAXIMUM         68R   334 PM  66    2000  39     29       41
  MINIMUM         52   1055 PM  -5    2015  25     27       27
  AVERAGE         60                        32     28       34

PRECIPITATION (IN)
  YESTERDAY        0.07                      0.09  -0.02     0.00
  MONTH TO DATE    2.18                      1.89   0.29     1.82
  SINCE DEC 1      9.61                      7.71   1.90     6.15
  SINCE JAN 1      6.96                      4.61   2.35     3.19

SNOWFALL (IN)
  YESTERDAY        0.0                       0.5   -0.5      0.0
  MONTH TO DATE    2.9                      12.3   -9.4     11.8
  SINCE DEC 1     24.0                      45.1  -21.1     19.7
  SINCE JUL 1     24.9                      49.6  -24.7     20.6
  SNOW DEPTH       0

DEGREE DAYS
 HEATING
  YESTERDAY        5                        33    -28       31
  MONTH TO DATE  566                       803   -237      783
  SINCE DEC 1   2503                      2960   -457     2569
  SINCE JUL 1   3219                      4055   -836     3434

 COOLING
  YESTERDAY        0                         0      0        0
  MONTH TO DATE    0                         0      0        0
  SINCE DEC 1      0                         0      0        0
  SINCE JAN 1      0                         0      0        0
..................................................................


WIND (MPH)
  HIGHEST WIND SPEED    20   HIGHEST WIND DIRECTION     W (250)
  HIGHEST GUST SPEED    24   HIGHEST GUST DIRECTION     W (250)
  AVERAGE WIND SPEED    10.8


SKY COVER
  POSSIBLE SUNSHINE  MM
  AVERAGE SKY COVER 0.9


WEATHER CONDITIONS
 THE FOLLOWING WEATHER WAS RECORDED YESTERDAY.
  LIGHT RAIN
  FOG


RELATIVE HUMIDITY (PERCENT)
 HIGHEST    80          1200 AM
 LOWEST     58           300 PM
 AVERAGE    69

..........................................................


THE CLEVELAND OH CLIMATE NORMALS FOR TODAY
                         NORMAL    RECORD    YEAR
 MAXIMUM TEMPERATURE (F)   40        69      1961
 MINIMUM TEMPERATURE (F)   25        -7      1889


SUNRISE AND SUNSET
FEBRUARY 24 2017......SUNRISE   709 AM EST   SUNSET   612 PM EST
FEBRUARY 25 2017......SUNRISE   708 AM EST   SUNSET   614 PM EST


-  INDICATES NEGATIVE NUMBERS.
R  INDICATES RECORD WAS SET OR TIED.
MM INDICATES DATA IS MISSING.
T  INDICATES TRACE AMOUNT.




$$
