000
CDUS41 KCLE 172212
CLICLE


CLIMATE REPORT
NATIONAL WEATHER SERVICE CLEVELAND OH
511 PM EST TUE JAN 17 2017


...................................

...THE CLEVELAND OH CLIMATE SUMMARY FOR JANUARY 17 2017...
VALID TODAY AS OF 0500 PM LOCAL TIME.

CLIMATE NORMAL PERIOD 1981 TO 2010
CLIMATE RECORD PERIOD 1871 TO 2017


WEATHER ITEM   OBSERVED TIME   RECORD YEAR NORMAL DEPARTURE LAST
                VALUE   (LST)  VALUE       VALUE  FROM      YEAR
                                                  NORMAL
..................................................................
TEMPERATURE (F)
 TODAY
  MAXIMUM         61R   136 PM  60    1973  34     27       30
                                      1952
  MINIMUM         41    132 AM -17    1982  21     20        8
                                      1977
  AVERAGE         51                        28     23       19

PRECIPITATION (IN)
  TODAY            0.54                      0.09   0.45     0.08
  MONTH TO DATE    3.10                      1.59   1.51     1.23
  SINCE DEC 1      5.75                      4.69   1.06     4.19
  SINCE JAN 1      3.10                      1.59   1.51     1.23

SNOWFALL (IN)
  TODAY            0.0                       0.6   -0.6      1.6
  MONTH TO DATE    3.5                      10.1   -6.6      6.6
  SINCE DEC 1     13.1                      24.2  -11.1      6.9
  SINCE JUL 1     14.0                      28.7  -14.7      7.8
  SNOW DEPTH       0

DEGREE DAYS
 HEATING
  TODAY           14                        37    -23       46
  MONTH TO DATE  567                       628    -61      613
  SINCE DEC 1   1574                      1640    -66     1260
  SINCE JUL 1   2290                      2735   -445     2125

 COOLING
  TODAY            0                         0      0        0
  MONTH TO DATE    0                         0      0        0
  SINCE DEC 1      0                         0      0        0
  SINCE JAN 1      0                         0      0        0
..................................................................


WIND (MPH)
  HIGHEST WIND SPEED    26   HIGHEST WIND DIRECTION     W (250)
  HIGHEST GUST SPEED    34   HIGHEST GUST DIRECTION     W (250)


SKY COVER
  POSSIBLE SUNSHINE  MM
  AVERAGE SKY COVER 0.8


WEATHER CONDITIONS
 THE FOLLOWING WEATHER WAS RECORDED TODAY.
  HEAVY RAIN
  RAIN
  LIGHT RAIN
  FOG
  HAZE


RELATIVE HUMIDITY (PERCENT)
 HIGHEST    92           500 AM
 LOWEST     62           300 PM
 AVERAGE    77

..........................................................


THE CLEVELAND OH CLIMATE NORMALS FOR TOMORROW
                         NORMAL    RECORD    YEAR
 MAXIMUM TEMPERATURE (F)   34        64      1996
 MINIMUM TEMPERATURE (F)   21       -14      1994


SUNRISE AND SUNSET
JANUARY 17 2017.......SUNRISE   750 AM EST   SUNSET   525 PM EST
JANUARY 18 2017.......SUNRISE   750 AM EST   SUNSET   527 PM EST


-  INDICATES NEGATIVE NUMBERS.
R  INDICATES RECORD WAS SET OR TIED.
MM INDICATES DATA IS MISSING.
T  INDICATES TRACE AMOUNT.




$$
