000
CDUS41 KCLE 130529
CLICLE


CLIMATE REPORT
NATIONAL WEATHER SERVICE CLEVELAND OH
128 AM EDT SAT SEP 13 2014


...................................

...THE CLEVELAND OH CLIMATE SUMMARY FOR SEPTEMBER 12 2014...

CLIMATE NORMAL PERIOD 1981 TO 2010
CLIMATE RECORD PERIOD 1871 TO 2014


WEATHER ITEM   OBSERVED TIME   RECORD YEAR NORMAL DEPARTURE LAST
                VALUE   (LST)  VALUE       VALUE  FROM      YEAR
                                                  NORMAL
..................................................................
TEMPERATURE (F)
 YESTERDAY
  MAXIMUM         62    342 PM  98    1952  76    -14       77
  MINIMUM         56   1159 PM  40    1943  58     -2       62
                                      1941
  AVERAGE         59                        66     -7       70

PRECIPITATION (IN)
  YESTERDAY        0.02                      0.13  -0.11     0.16
  MONTH TO DATE    3.68                      1.47   2.21     0.16
  SINCE SEP 1      3.68                      1.47   2.21     0.16
  SINCE JAN 1     34.79                     27.01   7.78    28.37

SNOWFALL (IN)
  YESTERDAY        0.0                       0.0    0.0      0.0
  MONTH TO DATE    0.0                       0.0    0.0      0.0
  SINCE SEP 1      0.0                       0.0    0.0      0.0
  SINCE JUL 1      0.0                       0.0    0.0      0.0
  SNOW DEPTH       0

DEGREE DAYS
 HEATING
  YESTERDAY        6                         2      4        0
  MONTH TO DATE    9                        15     -6        6
  SINCE SEP 1      9                        15     -6        6
  SINCE JUL 1     34                        27      7       13

 COOLING
  YESTERDAY        0                         3     -3        5
  MONTH TO DATE   62                        52     10       77
  SINCE SEP 1     62                        52     10       77
  SINCE JAN 1    652                       767   -115      839
..................................................................


WIND (MPH)
  HIGHEST WIND SPEED    13   HIGHEST WIND DIRECTION     N (10)
  HIGHEST GUST SPEED    18   HIGHEST GUST DIRECTION    NE (30)
  AVERAGE WIND SPEED     8.5


SKY COVER
  POSSIBLE SUNSHINE  MM
  AVERAGE SKY COVER 1.0


WEATHER CONDITIONS
 THE FOLLOWING WEATHER WAS RECORDED YESTERDAY.
  LIGHT RAIN
  FOG


RELATIVE HUMIDITY (PERCENT)
 HIGHEST    80          1200 AM
 LOWEST     64           200 PM
 AVERAGE    72

..........................................................


THE CLEVELAND OH CLIMATE NORMALS FOR TODAY
                         NORMAL    RECORD    YEAR
 MAXIMUM TEMPERATURE (F)   75        96      1952
 MINIMUM TEMPERATURE (F)   57        38      1964


SUNRISE AND SUNSET
SEPTEMBER 13 2014.....SUNRISE   706 AM EDT   SUNSET   740 PM EDT
SEPTEMBER 14 2014.....SUNRISE   707 AM EDT   SUNSET   738 PM EDT


-  INDICATES NEGATIVE NUMBERS.
R  INDICATES RECORD WAS SET OR TIED.
MM INDICATES DATA IS MISSING.
T  INDICATES TRACE AMOUNT.




$$
