000
CDUS41 KCLE 150526
CLICLE


CLIMATE REPORT
NATIONAL WEATHER SERVICE CLEVELAND OH
1225 AM EST SUN JAN 15 2017


...................................

...THE CLEVELAND OH CLIMATE SUMMARY FOR JANUARY 14 2017...

CLIMATE NORMAL PERIOD 1981 TO 2010
CLIMATE RECORD PERIOD 1871 TO 2017


WEATHER ITEM   OBSERVED TIME   RECORD YEAR NORMAL DEPARTURE LAST
                VALUE   (LST)  VALUE       VALUE  FROM      YEAR
                                                  NORMAL
..................................................................
TEMPERATURE (F)
 YESTERDAY
  MAXIMUM         34    322 PM  70    1932  34      0       43
  MINIMUM         26   1159 PM  -6    1893  22      4       19
  AVERAGE         30                        28      2       31

PRECIPITATION (IN)
  YESTERDAY        0.00                      0.08  -0.08      T
  MONTH TO DATE    2.51                      1.32   1.19     1.03
  SINCE DEC 1      5.16                      4.42   0.74     3.99
  SINCE JAN 1      2.51                      1.32   1.19     1.03

SNOWFALL (IN)
  YESTERDAY        0.0                       0.6   -0.6       T
  MONTH TO DATE    3.5                       8.2   -4.7      5.0
  SINCE DEC 1     13.1                      22.3   -9.2      5.3
  SINCE JUL 1     14.0                      26.8  -12.8      6.2
  SNOW DEPTH       0

DEGREE DAYS
 HEATING
  YESTERDAY       35                        37     -2       34
  MONTH TO DATE  483                       517    -34      515
  SINCE DEC 1   1490                      1529    -39     1162
  SINCE JUL 1   2206                      2624   -418     2027

 COOLING
  YESTERDAY        0                         0      0        0
  MONTH TO DATE    0                         0      0        0
  SINCE DEC 1      0                         0      0        0
  SINCE JAN 1      0                         0      0        0
..................................................................


WIND (MPH)
  HIGHEST WIND SPEED    12   HIGHEST WIND DIRECTION     E (80)
  HIGHEST GUST SPEED    14   HIGHEST GUST DIRECTION     E (80)
  AVERAGE WIND SPEED     4.2


SKY COVER
  POSSIBLE SUNSHINE  MM
  AVERAGE SKY COVER 0.8


WEATHER CONDITIONS
 THE FOLLOWING WEATHER WAS RECORDED YESTERDAY.
  NO SIGNIFICANT WEATHER WAS OBSERVED.


RELATIVE HUMIDITY (PERCENT)
 HIGHEST    81          1000 PM
 LOWEST     56          1200 PM
 AVERAGE    69

..........................................................


THE CLEVELAND OH CLIMATE NORMALS FOR TODAY
                         NORMAL    RECORD    YEAR
 MAXIMUM TEMPERATURE (F)   34        68      1932
 MINIMUM TEMPERATURE (F)   21        -7      1972


SUNRISE AND SUNSET
JANUARY 15 2017.......SUNRISE   751 AM EST   SUNSET   523 PM EST
JANUARY 16 2017.......SUNRISE   751 AM EST   SUNSET   524 PM EST


-  INDICATES NEGATIVE NUMBERS.
R  INDICATES RECORD WAS SET OR TIED.
MM INDICATES DATA IS MISSING.
T  INDICATES TRACE AMOUNT.




$$
