113
CDUS41 KCLE 270545
CLICLE


CLIMATE REPORT
NATIONAL WEATHER SERVICE CLEVELAND OH
145 AM EDT TUE JUN 27 2017


...................................

...THE CLEVELAND OH CLIMATE SUMMARY FOR JUNE 26 2017...

CLIMATE NORMAL PERIOD 1981 TO 2010
CLIMATE RECORD PERIOD 1871 TO 2017


WEATHER ITEM   OBSERVED TIME   RECORD YEAR NORMAL DEPARTURE LAST
                VALUE   (LST)  VALUE       VALUE  FROM      YEAR
                                                  NORMAL
..................................................................
TEMPERATURE (F)
 YESTERDAY
  MAXIMUM         74    138 PM  99    1952  81     -7       91
  MINIMUM         56   1159 PM  47    1984  63     -7       65
  AVERAGE         65                        72     -7       78

PRECIPITATION (IN)
  YESTERDAY        0.06                      0.11  -0.05      T
  MONTH TO DATE    2.89                      2.99  -0.10     2.12
  SINCE JUN 1      2.89                      2.99  -0.10     2.12
  SINCE JAN 1     24.95                     18.13   6.82    18.05

SNOWFALL (IN)
  YESTERDAY        0.0                       0.0    0.0      0.0
  MONTH TO DATE    0.0                       0.0    0.0      0.0
  SINCE JUN 1      0.0                       0.0    0.0      0.0
  SINCE JUL 1     37.3                      68.1  -30.8     32.8
  SNOW DEPTH       0

DEGREE DAYS
 HEATING
  YESTERDAY        0                         0      0        0
  MONTH TO DATE   15                        41    -26       13
  SINCE JUN 1     15                        41    -26       13
  SINCE JUL 1   4565                      5761  -1196     4959

 COOLING
  YESTERDAY        0                         7     -7       13
  MONTH TO DATE  207                       135     72      201
  SINCE JUN 1    207                       135     72      201
  SINCE JAN 1    295                       194    101      282
..................................................................


WIND (MPH)
  HIGHEST WIND SPEED    24   HIGHEST WIND DIRECTION    SW (230)
  HIGHEST GUST SPEED    32   HIGHEST GUST DIRECTION     W (260)
  AVERAGE WIND SPEED     9.3


SKY COVER
  POSSIBLE SUNSHINE  MM
  AVERAGE SKY COVER 0.6


WEATHER CONDITIONS
 THE FOLLOWING WEATHER WAS RECORDED YESTERDAY.
  THUNDERSTORM
  LIGHT RAIN


RELATIVE HUMIDITY (PERCENT)
 HIGHEST    80          1000 PM
 LOWEST     38           500 PM
 AVERAGE    59

..........................................................


THE CLEVELAND OH CLIMATE NORMALS FOR TODAY
                         NORMAL    RECORD    YEAR
 MAXIMUM TEMPERATURE (F)   82        98      1944
 MINIMUM TEMPERATURE (F)   63        44      1981


SUNRISE AND SUNSET
JUNE 27 2017..........SUNRISE   556 AM EDT   SUNSET   905 PM EDT
JUNE 28 2017..........SUNRISE   556 AM EDT   SUNSET   905 PM EDT


-  INDICATES NEGATIVE NUMBERS.
R  INDICATES RECORD WAS SET OR TIED.
MM INDICATES DATA IS MISSING.
T  INDICATES TRACE AMOUNT.




$$
