000
CDUS41 KCLE 200545
CLICLE


CLIMATE REPORT
NATIONAL WEATHER SERVICE CLEVELAND OH
145 AM EDT MON MAR 20 2017


...................................

...THE CLEVELAND OH CLIMATE SUMMARY FOR MARCH 19 2017...

CLIMATE NORMAL PERIOD 1981 TO 2010
CLIMATE RECORD PERIOD 1871 TO 2017


WEATHER ITEM   OBSERVED TIME   RECORD YEAR NORMAL DEPARTURE LAST
                VALUE   (LST)  VALUE       VALUE  FROM      YEAR
                                                  NORMAL
..................................................................
TEMPERATURE (F)
 YESTERDAY
  MAXIMUM         39    402 PM  76    2012  48     -9       38
                                      1903
  MINIMUM         35   1007 AM   7    1885  31      4       30
                                      1877
  AVERAGE         37                        39     -2       34

PRECIPITATION (IN)
  YESTERDAY        0.02                      0.10  -0.08     0.00
  MONTH TO DATE    2.25                      1.68   0.57     2.77
  SINCE MAR 1      2.25                      1.68   0.57     2.77
  SINCE JAN 1      9.71                      6.74   2.97     7.36

SNOWFALL (IN)
  YESTERDAY        0.0                       0.4   -0.4      0.0
  MONTH TO DATE    9.3                       8.6    0.7      3.2
  SINCE MAR 1      9.3                       8.6    0.7      3.2
  SINCE JUL 1     34.5                      60.8  -26.3     25.0
  SNOW DEPTH       0

DEGREE DAYS
 HEATING
  YESTERDAY       28                        26      2       31
  MONTH TO DATE  578                       544     34      401
  SINCE MAR 1    578                       544     34      401
  SINCE JUL 1   3889                      4761   -872     3992

 COOLING
  YESTERDAY        0                         0      0        0
  MONTH TO DATE    0                         0      0        0
  SINCE MAR 1      0                         0      0        0
  SINCE JAN 1      0                         0      0        0
..................................................................


WIND (MPH)
  HIGHEST WIND SPEED    12   HIGHEST WIND DIRECTION    NW (330)
  HIGHEST GUST SPEED    15   HIGHEST GUST DIRECTION     N (350)
  AVERAGE WIND SPEED     6.0


SKY COVER
  POSSIBLE SUNSHINE  MM
  AVERAGE SKY COVER 1.0


WEATHER CONDITIONS
 THE FOLLOWING WEATHER WAS RECORDED YESTERDAY.
  LIGHT RAIN
  FOG
  FOG W/VISIBILITY <= 1/4 MILE


RELATIVE HUMIDITY (PERCENT)
 HIGHEST    89           200 AM
 LOWEST     70           600 PM
 AVERAGE    80

..........................................................


THE CLEVELAND OH CLIMATE NORMALS FOR TODAY
                         NORMAL    RECORD    YEAR
 MAXIMUM TEMPERATURE (F)   48        83      2012
 MINIMUM TEMPERATURE (F)   31         0      1885


SUNRISE AND SUNSET
MARCH 20 2017.........SUNRISE   730 AM EDT   SUNSET   740 PM EDT
MARCH 21 2017.........SUNRISE   729 AM EDT   SUNSET   741 PM EDT


-  INDICATES NEGATIVE NUMBERS.
R  INDICATES RECORD WAS SET OR TIED.
MM INDICATES DATA IS MISSING.
T  INDICATES TRACE AMOUNT.




$$
