000
CDUS41 KCLE 222113
CLICLE


CLIMATE REPORT
NATIONAL WEATHER SERVICE CLEVELAND OH
511 PM EDT THU SEP 22 2016


...................................

...THE CLEVELAND OH CLIMATE SUMMARY FOR SEPTEMBER 22 2016...
VALID TODAY AS OF 0500 PM LOCAL TIME.

CLIMATE NORMAL PERIOD 1981 TO 2010
CLIMATE RECORD PERIOD 1871 TO 2016


WEATHER ITEM   OBSERVED TIME   RECORD YEAR NORMAL DEPARTURE LAST
                VALUE   (LST)  VALUE       VALUE  FROM      YEAR
                                                  NORMAL
..................................................................
TEMPERATURE (F)
 TODAY
  MAXIMUM         88    252 PM  92    1895  72     16       73
  MINIMUM         61    458 AM  36    1904  54      7       54
  AVERAGE         75                        63     12       64

PRECIPITATION (IN)
  TODAY            0.00                      0.13  -0.13     0.00
  MONTH TO DATE    3.40                      2.80   0.60     4.70
  SINCE SEP 1      3.40                      2.80   0.60     4.70
  SINCE JAN 1     26.77                     28.34  -1.57    32.42

SNOWFALL (IN)
  TODAY            0.0                       0.0    0.0      0.0
  MONTH TO DATE    0.0                       0.0    0.0      0.0
  SINCE SEP 1      0.0                       0.0    0.0      0.0
  SINCE JUL 1      0.0                       0.0    0.0      0.0
  SNOW DEPTH       0

DEGREE DAYS
 HEATING
  TODAY            0                         4     -4        1
  MONTH TO DATE    0                        45    -45       27
  SINCE SEP 1      0                        45    -45       27
  SINCE JUL 1      0                        57    -57       41

 COOLING
  TODAY           10                         2      8        0
  MONTH TO DATE  172                        77     95      140
  SINCE SEP 1    172                        77     95      140
  SINCE JAN 1   1256                       792    464      809
..................................................................


WIND (MPH)
  HIGHEST WIND SPEED    13   HIGHEST WIND DIRECTION     N (10)
  HIGHEST GUST SPEED    15   HIGHEST GUST DIRECTION    SW (240)


SKY COVER
  POSSIBLE SUNSHINE  MM
  AVERAGE SKY COVER 0.3


WEATHER CONDITIONS
 THE FOLLOWING WEATHER WAS RECORDED TODAY.
  NO SIGNIFICANT WEATHER WAS OBSERVED.


RELATIVE HUMIDITY (PERCENT)
 HIGHEST    87          1200 AM
 LOWEST     39           300 PM
 AVERAGE    63

..........................................................


THE CLEVELAND OH CLIMATE NORMALS FOR TOMORROW
                         NORMAL    RECORD    YEAR
 MAXIMUM TEMPERATURE (F)   71        89      2010
 MINIMUM TEMPERATURE (F)   53        36      1995


SUNRISE AND SUNSET
SEPTEMBER 22 2016.....SUNRISE   715 AM EDT   SUNSET   724 PM EDT
SEPTEMBER 23 2016.....SUNRISE   716 AM EDT   SUNSET   722 PM EDT


-  INDICATES NEGATIVE NUMBERS.
R  INDICATES RECORD WAS SET OR TIED.
MM INDICATES DATA IS MISSING.
T  INDICATES TRACE AMOUNT.




$$
