000
CDUS41 KCLE 270545
CLICLE


CLIMATE REPORT
NATIONAL WEATHER SERVICE CLEVELAND OH
145 AM EDT THU APR 27 2017


...................................

...THE CLEVELAND OH CLIMATE SUMMARY FOR APRIL 26 2017...

CLIMATE NORMAL PERIOD 1981 TO 2010
CLIMATE RECORD PERIOD 1871 TO 2017


WEATHER ITEM   OBSERVED TIME   RECORD YEAR NORMAL DEPARTURE LAST
                VALUE   (LST)  VALUE       VALUE  FROM      YEAR
                                                  NORMAL
..................................................................
TEMPERATURE (F)
 YESTERDAY
  MAXIMUM         82    532 PM  87    1948  63     19       70
  MINIMUM         56    612 AM  26    1972  44     12       42
  AVERAGE         69                        54     15       56

PRECIPITATION (IN)
  YESTERDAY        0.00                      0.11  -0.11     0.38
  MONTH TO DATE    4.03                      3.07   0.96     3.11
  SINCE MAR 1      8.05                      6.00   2.05     7.28
  SINCE JAN 1     15.51                     11.06   4.45    11.87

SNOWFALL (IN)
  YESTERDAY        0.0                       0.0    0.0      0.0
  MONTH TO DATE    2.8                       3.2   -0.4      7.8
  SINCE MAR 1     12.1                      15.8   -3.7     11.0
  SINCE JUL 1     37.3                      68.0  -30.7     32.8
  SNOW DEPTH       0

DEGREE DAYS
 HEATING
  YESTERDAY        0                        12    -12        9
  MONTH TO DATE  232                       424   -192      450
  SINCE MAR 1   1023                      1250   -227     1073
  SINCE JUL 1   4334                      5467  -1133     4664

 COOLING
  YESTERDAY        4                         1      3        0
  MONTH TO DATE   27                         6     21        0
  SINCE MAR 1     27                         7     20        0
  SINCE JAN 1     27                         7     20        0
..................................................................


WIND (MPH)
  HIGHEST WIND SPEED    25   HIGHEST WIND DIRECTION     S (160)
  HIGHEST GUST SPEED    30   HIGHEST GUST DIRECTION     S (160)
  AVERAGE WIND SPEED    12.1


SKY COVER
  POSSIBLE SUNSHINE  MM
  AVERAGE SKY COVER 0.4


WEATHER CONDITIONS
 THE FOLLOWING WEATHER WAS RECORDED YESTERDAY.
  NO SIGNIFICANT WEATHER WAS OBSERVED.


RELATIVE HUMIDITY (PERCENT)
 HIGHEST    86           500 AM
 LOWEST     34           500 PM
 AVERAGE    60

..........................................................


THE CLEVELAND OH CLIMATE NORMALS FOR TODAY
                         NORMAL    RECORD    YEAR
 MAXIMUM TEMPERATURE (F)   64        86      1990
                                             1957
 MINIMUM TEMPERATURE (F)   44        27      1971


SUNRISE AND SUNSET
APRIL 27 2017.........SUNRISE   630 AM EDT   SUNSET   821 PM EDT
APRIL 28 2017.........SUNRISE   628 AM EDT   SUNSET   822 PM EDT


-  INDICATES NEGATIVE NUMBERS.
R  INDICATES RECORD WAS SET OR TIED.
MM INDICATES DATA IS MISSING.
T  INDICATES TRACE AMOUNT.




$$
