000
CDUS41 KCLE 100531
CLICLE


CLIMATE REPORT
NATIONAL WEATHER SERVICE CLEVELAND OH
1230 AM EST WED FEB 10 2016


...................................

...THE CLEVELAND OH CLIMATE SUMMARY FOR FEBRUARY 9 2016...

CLIMATE NORMAL PERIOD 1981 TO 2010
CLIMATE RECORD PERIOD 1871 TO 2016


WEATHER ITEM   OBSERVED TIME   RECORD YEAR NORMAL DEPARTURE LAST
                VALUE   (LST)  VALUE       VALUE  FROM      YEAR
                                                  NORMAL
..................................................................
TEMPERATURE (F)
 YESTERDAY
  MAXIMUM         32    328 AM  63    2001  36     -4       24
  MINIMUM         25   1159 PM -14    1899  23      2       16
  AVERAGE         29                        30     -1       20

PRECIPITATION (IN)
  YESTERDAY        0.14                      0.08   0.06      T
  MONTH TO DATE    1.34                      0.72   0.62     1.15
  SINCE DEC 1      5.67                      6.54  -0.87     6.04
  SINCE JAN 1      2.71                      3.44  -0.73     4.09

SNOWFALL (IN)
  YESTERDAY        2.0                       0.6    1.4       T
  MONTH TO DATE    5.3                       5.0    0.3     12.9
  SINCE DEC 1     13.2                      37.8  -24.6     28.9
  SINCE JUL 1     14.1                      42.3  -28.2     48.3
  SNOW DEPTH       3

DEGREE DAYS
 HEATING
  YESTERDAY       36                        36      0       45
  MONTH TO DATE  255                       324    -69      373
  SINCE DEC 1   2041                      2481   -440     2575
  SINCE JUL 1   2906                      3576   -670     3909

 COOLING
  YESTERDAY        0                         0      0        0
  MONTH TO DATE    0                         0      0        0
  SINCE DEC 1      0                         0      0        0
  SINCE JAN 1      0                         0      0        0
..................................................................


WIND (MPH)
  HIGHEST WIND SPEED    22   HIGHEST WIND DIRECTION     W (270)
  HIGHEST GUST SPEED    26   HIGHEST GUST DIRECTION     W (290)
  AVERAGE WIND SPEED    11.9


SKY COVER
  POSSIBLE SUNSHINE  MM
  AVERAGE SKY COVER 1.0


WEATHER CONDITIONS
 THE FOLLOWING WEATHER WAS RECORDED YESTERDAY.
  SNOW
  LIGHT SNOW
  FOG
  HAZE


RELATIVE HUMIDITY (PERCENT)
 HIGHEST    92          1200 AM
 LOWEST     78           900 AM
 AVERAGE    85

..........................................................


THE CLEVELAND OH CLIMATE NORMALS FOR TODAY
                         NORMAL    RECORD    YEAR
 MAXIMUM TEMPERATURE (F)   36        66      1932
 MINIMUM TEMPERATURE (F)   23       -16      1899


SUNRISE AND SUNSET
FEBRUARY 10 2016......SUNRISE   729 AM EST   SUNSET   554 PM EST
FEBRUARY 11 2016......SUNRISE   728 AM EST   SUNSET   556 PM EST


-  INDICATES NEGATIVE NUMBERS.
R  INDICATES RECORD WAS SET OR TIED.
MM INDICATES DATA IS MISSING.
T  INDICATES TRACE AMOUNT.




$$
