655
CDUS41 KCLE 280546
CLICLE


CLIMATE REPORT
NATIONAL WEATHER SERVICE CLEVELAND OH
145 AM EDT SUN AUG 28 2016


...................................

...THE CLEVELAND OH CLIMATE SUMMARY FOR AUGUST 27 2016...

CLIMATE NORMAL PERIOD 1981 TO 2010
CLIMATE RECORD PERIOD 1871 TO 2016


WEATHER ITEM   OBSERVED TIME   RECORD YEAR NORMAL DEPARTURE LAST
                VALUE   (LST)  VALUE       VALUE  FROM      YEAR
                                                  NORMAL
..................................................................
TEMPERATURE (F)
 YESTERDAY
  MAXIMUM         93    329 PM 102    1948  80     13       71
  MINIMUM         67    504 AM  49    1963  62      5       55
                                      1946
                                      1945
  AVERAGE         80                        71      9       63

PRECIPITATION (IN)
  YESTERDAY        0.05                      0.12  -0.07     0.01
  MONTH TO DATE    3.50                      3.07   0.43     2.47
  SINCE JUN 1      7.44                      9.96  -2.52    13.71
  SINCE JAN 1     23.37                     25.10  -1.73    27.34

SNOWFALL (IN)
  YESTERDAY        0.0                       0.0    0.0      0.0
  MONTH TO DATE    0.0                       0.0    0.0      0.0
  SINCE JUN 1      0.0                       0.0    0.0      0.0
  SINCE JUL 1      0.0                       0.0    0.0      0.0
  SNOW DEPTH       0

DEGREE DAYS
 HEATING
  YESTERDAY        0                         0      0        2
  MONTH TO DATE    0                         0      0       11
  SINCE JUN 1     13                        46    -33       44
  SINCE JUL 1      0                         4     -4       14

 COOLING
  YESTERDAY       15                         6      9        0
  MONTH TO DATE  358                       200    158      163
  SINCE JUN 1    957                       633    324      520
  SINCE JAN 1   1038                       692    346      641
..................................................................


WIND (MPH)
  HIGHEST WIND SPEED    30   HIGHEST WIND DIRECTION    NW (320)
  HIGHEST GUST SPEED    37   HIGHEST GUST DIRECTION    NW (320)
  AVERAGE WIND SPEED     7.1


SKY COVER
  POSSIBLE SUNSHINE  MM
  AVERAGE SKY COVER 0.5


WEATHER CONDITIONS
 THE FOLLOWING WEATHER WAS RECORDED YESTERDAY.
  THUNDERSTORM
  LIGHT RAIN
  FOG


RELATIVE HUMIDITY (PERCENT)
 HIGHEST    93          1100 PM
 LOWEST     41           200 PM
 AVERAGE    67

..........................................................


THE CLEVELAND OH CLIMATE NORMALS FOR TODAY
                         NORMAL    RECORD    YEAR
 MAXIMUM TEMPERATURE (F)   80        98      1953
 MINIMUM TEMPERATURE (F)   62        42      1968


SUNRISE AND SUNSET
AUGUST 28 2016........SUNRISE   650 AM EDT   SUNSET   806 PM EDT
AUGUST 29 2016........SUNRISE   651 AM EDT   SUNSET   804 PM EDT


-  INDICATES NEGATIVE NUMBERS.
R  INDICATES RECORD WAS SET OR TIED.
MM INDICATES DATA IS MISSING.
T  INDICATES TRACE AMOUNT.




$$
