000
CDUS41 KCLE 012111
CLICLE


CLIMATE REPORT
NATIONAL WEATHER SERVICE CLEVELAND OH
511 PM EDT FRI AUG 1 2014


...................................

...THE CLEVELAND OH CLIMATE SUMMARY FOR AUGUST 1 2014...
VALID TODAY AS OF 0500 PM LOCAL TIME.

CLIMATE NORMAL PERIOD 1981 TO 2010
CLIMATE RECORD PERIOD 1871 TO 2014


WEATHER ITEM   OBSERVED TIME   RECORD YEAR NORMAL DEPARTURE LAST
                VALUE   (LST)  VALUE       VALUE  FROM      YEAR
                                                  NORMAL
..................................................................
TEMPERATURE (F)
 TODAY
  MAXIMUM         82    242 PM  95    1917  82      0       80
  MINIMUM         61    549 AM  47    1960  64     -3       63
                                      1952
  AVERAGE         72                        73     -1       72

PRECIPITATION (IN)
  TODAY            0.00                      0.12  -0.12     0.06
  MONTH TO DATE    0.00                      0.12  -0.12     0.06
  SINCE JUN 1     10.25                      7.01   3.24    12.87
  SINCE JAN 1     26.52                     22.15   4.37    25.46

SNOWFALL (IN)
  TODAY            0.0                       0.0    0.0      0.0
  MONTH TO DATE    0.0                       0.0    0.0      0.0
  SINCE JUN 1      0.0                       0.0    0.0      0.0
  SINCE JUL 1      0.0                       0.0    0.0      0.0
  SNOW DEPTH       0

DEGREE DAYS
 HEATING
  TODAY            0                         0      0        0
  MONTH TO DATE    0                         0      0        0
  SINCE JUN 1     34                        46    -12       42
  SINCE JUL 1     14                         4     10        3

 COOLING
  TODAY            7                         8     -1        7
  MONTH TO DATE    7                         8     -1        7
  SINCE JUN 1    341                       441   -100      457
  SINCE JAN 1    407                       500    -93      571
..................................................................


WIND (MPH)
  HIGHEST WIND SPEED    12   HIGHEST WIND DIRECTION     N (20)
  HIGHEST GUST SPEED    13   HIGHEST GUST DIRECTION     N (10)


SKY COVER
  POSSIBLE SUNSHINE  MM
  AVERAGE SKY COVER 0.4


WEATHER CONDITIONS
 THE FOLLOWING WEATHER WAS RECORDED TODAY.
  NO SIGNIFICANT WEATHER WAS OBSERVED.


RELATIVE HUMIDITY (PERCENT)
 HIGHEST    84           500 AM
 LOWEST     51           100 PM
 AVERAGE    68

..........................................................


THE CLEVELAND OH CLIMATE NORMALS FOR TOMORROW
                         NORMAL    RECORD    YEAR
 MAXIMUM TEMPERATURE (F)   82        97      1988
 MINIMUM TEMPERATURE (F)   64        50      1962


SUNRISE AND SUNSET
AUGUST  1 2014........SUNRISE   622 AM EDT   SUNSET   844 PM EDT
AUGUST  2 2014........SUNRISE   623 AM EDT   SUNSET   843 PM EDT


-  INDICATES NEGATIVE NUMBERS.
R  INDICATES RECORD WAS SET OR TIED.
MM INDICATES DATA IS MISSING.
T  INDICATES TRACE AMOUNT.




$$
