000
CDUS41 KCLE 110526
CLICLE


CLIMATE REPORT
NATIONAL WEATHER SERVICE CLEVELAND OH
1226 AM EST SUN DEC 11 2016


...................................

...THE CLEVELAND OH CLIMATE SUMMARY FOR DECEMBER 10 2016...

CLIMATE NORMAL PERIOD 1981 TO 2010
CLIMATE RECORD PERIOD 1871 TO 2016


WEATHER ITEM   OBSERVED TIME   RECORD YEAR NORMAL DEPARTURE LAST
                VALUE   (LST)  VALUE       VALUE  FROM      YEAR
                                                  NORMAL
..................................................................
TEMPERATURE (F)
 YESTERDAY
  MAXIMUM         30   1256 PM  69    1971  40    -10       53
  MINIMUM         24    927 AM  -5    1958  28     -4       38
  AVERAGE         27                        34     -7       46

PRECIPITATION (IN)
  YESTERDAY        T                         0.10  -0.10     0.00
  MONTH TO DATE    0.69                      1.04  -0.35     0.22
  SINCE DEC 1      0.69                      1.04  -0.35     0.22
  SINCE JAN 1     34.51                     37.08  -2.57    37.33

SNOWFALL (IN)
  YESTERDAY        T                         0.4   -0.4      0.0
  MONTH TO DATE    0.2                       3.6   -3.4      0.3
  SINCE DEC 1      0.2                       3.6   -3.4      0.3
  SINCE JUL 1      1.1                       8.1   -7.0      1.2
  SNOW DEPTH       0

DEGREE DAYS
 HEATING
  YESTERDAY       38                        31      7       19
  MONTH TO DATE  303                       293     10      242
  SINCE DEC 1    303                       293     10      242
  SINCE JUL 1   1019                      1388   -369     1107

 COOLING
  YESTERDAY        0                         0      0        0
  MONTH TO DATE    0                         0      0        0
  SINCE DEC 1      0                         0      0        0
  SINCE JAN 1   1320                       817    503      831
..................................................................


WIND (MPH)
  HIGHEST WIND SPEED    20   HIGHEST WIND DIRECTION     W (250)
  HIGHEST GUST SPEED    23   HIGHEST GUST DIRECTION     W (250)
  AVERAGE WIND SPEED    12.0


SKY COVER
  POSSIBLE SUNSHINE  MM
  AVERAGE SKY COVER 0.9


WEATHER CONDITIONS
 THE FOLLOWING WEATHER WAS RECORDED YESTERDAY.
  HAZE


RELATIVE HUMIDITY (PERCENT)
 HIGHEST    75          1200 AM
 LOWEST     53           100 PM
 AVERAGE    64

..........................................................


THE CLEVELAND OH CLIMATE NORMALS FOR TODAY
                         NORMAL    RECORD    YEAR
 MAXIMUM TEMPERATURE (F)   39        64      1931
 MINIMUM TEMPERATURE (F)   28        -2      1977


SUNRISE AND SUNSET
DECEMBER 11 2016......SUNRISE   744 AM EST   SUNSET   458 PM EST
DECEMBER 12 2016......SUNRISE   745 AM EST   SUNSET   458 PM EST


-  INDICATES NEGATIVE NUMBERS.
R  INDICATES RECORD WAS SET OR TIED.
MM INDICATES DATA IS MISSING.
T  INDICATES TRACE AMOUNT.




$$
