000
CDUS41 KCLE 302116
CLICLE


CLIMATE REPORT
NATIONAL WEATHER SERVICE CLEVELAND OH
515 PM EDT SAT JUL 30 2016


...................................

...THE CLEVELAND OH CLIMATE SUMMARY FOR JULY 30 2016...
VALID TODAY AS OF 0500 PM LOCAL TIME.

CLIMATE NORMAL PERIOD 1981 TO 2010
CLIMATE RECORD PERIOD 1871 TO 2016


WEATHER ITEM   OBSERVED TIME   RECORD YEAR NORMAL DEPARTURE LAST
                VALUE   (LST)  VALUE       VALUE  FROM      YEAR
                                                  NORMAL
..................................................................
TEMPERATURE (F)
 TODAY
  MAXIMUM         83   1109 AM  96    1941  82      1       85
  MINIMUM         72    544 AM  50    1981  64      8       65
  AVERAGE         78                        73      5       75

PRECIPITATION (IN)
  TODAY            0.09                      0.11  -0.02     0.00
  MONTH TO DATE    1.69                      3.34  -1.65     2.72
  SINCE JUN 1      3.81                      6.77  -2.96    11.24
  SINCE JAN 1     19.74                     21.91  -2.17    24.87

SNOWFALL (IN)
  TODAY            0.0                       0.0    0.0      0.0
  MONTH TO DATE    0.0                       0.0    0.0      0.0
  SINCE JUN 1      0.0                       0.0    0.0      0.0
  SINCE JUL 1      0.0                       0.0    0.0      0.0
  SNOW DEPTH       0

DEGREE DAYS
 HEATING
  TODAY            0                         0      0        0
  MONTH TO DATE    0                         0      0        3
  SINCE JUN 1     13                        42    -29       33
  SINCE JUL 1      0                         0      0        3

 COOLING
  TODAY           13                         8      5       10
  MONTH TO DATE  362                       260    102      199
  SINCE JUN 1    589                       428    161      346
  SINCE JAN 1    670                       487    183      467
..................................................................


WIND (MPH)
  HIGHEST WIND SPEED    13   HIGHEST WIND DIRECTION     N (360)
  HIGHEST GUST SPEED    15   HIGHEST GUST DIRECTION    NE (40)


SKY COVER
  POSSIBLE SUNSHINE  MM
  AVERAGE SKY COVER 0.9


WEATHER CONDITIONS
 THE FOLLOWING WEATHER WAS RECORDED TODAY.
  THUNDERSTORM
  LIGHT RAIN


RELATIVE HUMIDITY (PERCENT)
 HIGHEST    79           500 AM
 LOWEST     58          1100 AM
 AVERAGE    69

..........................................................


THE CLEVELAND OH CLIMATE NORMALS FOR TOMORROW
                         NORMAL    RECORD    YEAR
 MAXIMUM TEMPERATURE (F)   82        97      1955
 MINIMUM TEMPERATURE (F)   64        51      1891


SUNRISE AND SUNSET
JULY 30 2016..........SUNRISE   621 AM EDT   SUNSET   846 PM EDT
JULY 31 2016..........SUNRISE   622 AM EDT   SUNSET   845 PM EDT


-  INDICATES NEGATIVE NUMBERS.
R  INDICATES RECORD WAS SET OR TIED.
MM INDICATES DATA IS MISSING.
T  INDICATES TRACE AMOUNT.




$$
