000
CDUS41 KCLE 230529
CLICLE


CLIMATE REPORT
NATIONAL WEATHER SERVICE CLEVELAND OH
128 AM EDT MON MAY 23 2016


...................................

...THE CLEVELAND OH CLIMATE SUMMARY FOR MAY 22 2016...

CLIMATE NORMAL PERIOD 1981 TO 2010
CLIMATE RECORD PERIOD 1871 TO 2016


WEATHER ITEM   OBSERVED TIME   RECORD YEAR NORMAL DEPARTURE LAST
                VALUE   (LST)  VALUE       VALUE  FROM      YEAR
                                                  NORMAL
..................................................................
TEMPERATURE (F)
 YESTERDAY
  MAXIMUM         69    214 PM  89    1911  71     -2       62
  MINIMUM         47    243 AM  35    2002  52     -5       46
  AVERAGE         58                        62     -4       54

PRECIPITATION (IN)
  YESTERDAY        0.00                      0.12  -0.12     0.01
  MONTH TO DATE    2.51                      2.54  -0.03     1.15
  SINCE MAR 1     10.54                      8.96   1.58     5.89
  SINCE JAN 1     15.13                     14.02   1.11    10.69

SNOWFALL (IN)
  YESTERDAY        0.0                       0.0    0.0      0.0
  MONTH TO DATE    T                         0.1   -0.1      0.0
  SINCE MAR 1     11.0                      16.0   -5.0      5.7
  SINCE JUL 1     32.8                      68.2  -35.4     67.1
  SNOW DEPTH       0

DEGREE DAYS
 HEATING
  YESTERDAY        7                         5      2       11
  MONTH TO DATE  205                       171     34      118
  SINCE MAR 1   1348                      1465   -117     1523
  SINCE JUL 1   4939                      5682   -743     6473

 COOLING
  YESTERDAY        0                         2     -2        0
  MONTH TO DATE    6                        28    -22       73
  SINCE MAR 1      6                        39    -33       74
  SINCE JAN 1      6                        39    -33       74
..................................................................


WIND (MPH)
  HIGHEST WIND SPEED    18   HIGHEST WIND DIRECTION     N (10)
  HIGHEST GUST SPEED    25   HIGHEST GUST DIRECTION     N (10)
  AVERAGE WIND SPEED     7.9


SKY COVER
  POSSIBLE SUNSHINE  MM
  AVERAGE SKY COVER 0.3


WEATHER CONDITIONS
 THE FOLLOWING WEATHER WAS RECORDED YESTERDAY.
  NO SIGNIFICANT WEATHER WAS OBSERVED.


RELATIVE HUMIDITY (PERCENT)
 HIGHEST    86           300 AM
 LOWEST     44           600 PM
 AVERAGE    65

..........................................................


THE CLEVELAND OH CLIMATE NORMALS FOR TODAY
                         NORMAL    RECORD    YEAR
 MAXIMUM TEMPERATURE (F)   72        90      1991
 MINIMUM TEMPERATURE (F)   52        34      1961


SUNRISE AND SUNSET
MAY 23 2016...........SUNRISE   601 AM EDT   SUNSET   848 PM EDT
MAY 24 2016...........SUNRISE   601 AM EDT   SUNSET   848 PM EDT


-  INDICATES NEGATIVE NUMBERS.
R  INDICATES RECORD WAS SET OR TIED.
MM INDICATES DATA IS MISSING.
T  INDICATES TRACE AMOUNT.




$$
