456
CDUS41 KCLE 230545
CLICLE


CLIMATE REPORT
NATIONAL WEATHER SERVICE CLEVELAND OH
145 AM EDT FRI JUN 23 2017


...................................

...THE CLEVELAND OH CLIMATE SUMMARY FOR JUNE 22 2017...

CLIMATE NORMAL PERIOD 1981 TO 2010
CLIMATE RECORD PERIOD 1871 TO 2017


WEATHER ITEM   OBSERVED TIME   RECORD YEAR NORMAL DEPARTURE LAST
                VALUE   (LST)  VALUE       VALUE  FROM      YEAR
                                                  NORMAL
..................................................................
TEMPERATURE (F)
 YESTERDAY
  MAXIMUM         89    504 PM  98    1988  81      8       85
  MINIMUM         62   1217 AM  39    1992  62      0       61
  AVERAGE         76                        71      5       73

PRECIPITATION (IN)
  YESTERDAY        0.01                      0.12  -0.11     0.02
  MONTH TO DATE    1.57                      2.54  -0.97     1.80
  SINCE JUN 1      1.57                      2.54  -0.97     1.80
  SINCE JAN 1     23.63                     17.68   5.95    17.73

SNOWFALL (IN)
  YESTERDAY        0.0                       0.0    0.0      0.0
  MONTH TO DATE    0.0                       0.0    0.0      0.0
  SINCE JUN 1      0.0                       0.0    0.0      0.0
  SINCE JUL 1     37.3                      68.1  -30.8     32.8
  SNOW DEPTH       0

DEGREE DAYS
 HEATING
  YESTERDAY        0                         1     -1        0
  MONTH TO DATE   15                        38    -23       13
  SINCE JUN 1     15                        38    -23       13
  SINCE JUL 1   4565                      5758  -1193     4959

 COOLING
  YESTERDAY       11                         7      4        8
  MONTH TO DATE  187                       107     80      175
  SINCE JUN 1    187                       107     80      175
  SINCE JAN 1    275                       166    109      256
..................................................................


WIND (MPH)
  HIGHEST WIND SPEED    21   HIGHEST WIND DIRECTION     S (200)
  HIGHEST GUST SPEED    27   HIGHEST GUST DIRECTION    SW (210)
  AVERAGE WIND SPEED    10.3


SKY COVER
  POSSIBLE SUNSHINE  MM
  AVERAGE SKY COVER 0.7


WEATHER CONDITIONS
 THE FOLLOWING WEATHER WAS RECORDED YESTERDAY.
  NO SIGNIFICANT WEATHER WAS OBSERVED.


RELATIVE HUMIDITY (PERCENT)
 HIGHEST    74          1200 PM
 LOWEST     46           500 PM
 AVERAGE    60

..........................................................


THE CLEVELAND OH CLIMATE NORMALS FOR TODAY
                         NORMAL    RECORD    YEAR
 MAXIMUM TEMPERATURE (F)   81        94      1948
 MINIMUM TEMPERATURE (F)   62        41      1963


SUNRISE AND SUNSET
JUNE 23 2017..........SUNRISE   555 AM EDT   SUNSET   905 PM EDT
JUNE 24 2017..........SUNRISE   555 AM EDT   SUNSET   905 PM EDT


-  INDICATES NEGATIVE NUMBERS.
R  INDICATES RECORD WAS SET OR TIED.
MM INDICATES DATA IS MISSING.
T  INDICATES TRACE AMOUNT.




$$
