959
CDUS41 KCLE 230539
CLICLE


CLIMATE REPORT
NATIONAL WEATHER SERVICE CLEVELAND OH
139 AM EDT THU MAR 23 2017


...................................

...THE CLEVELAND OH CLIMATE SUMMARY FOR MARCH 22 2017...

CLIMATE NORMAL PERIOD 1981 TO 2010
CLIMATE RECORD PERIOD 1871 TO 2017


WEATHER ITEM   OBSERVED TIME   RECORD YEAR NORMAL DEPARTURE LAST
                VALUE   (LST)  VALUE       VALUE  FROM      YEAR
                                                  NORMAL
..................................................................
TEMPERATURE (F)
 YESTERDAY
  MAXIMUM         33   1216 AM  83    2012  49    -16       62
                                      1938
  MINIMUM         23   1146 PM   0    1885  32     -9       31
  AVERAGE         28                        40    -12       47

PRECIPITATION (IN)
  YESTERDAY        0.00                      0.10  -0.10     0.00
  MONTH TO DATE    2.26                      1.97   0.29     2.77
  SINCE MAR 1      2.26                      1.97   0.29     2.77
  SINCE JAN 1      9.72                      7.03   2.69     7.36

SNOWFALL (IN)
  YESTERDAY        0.0                       0.4   -0.4      0.0
  MONTH TO DATE    9.3                       9.8   -0.5      3.2
  SINCE MAR 1      9.3                       9.8   -0.5      3.2
  SINCE JUL 1     34.5                      62.0  -27.5     25.0
  SNOW DEPTH       0

DEGREE DAYS
 HEATING
  YESTERDAY       37                        25     12       18
  MONTH TO DATE  658                       619     39      484
  SINCE MAR 1    658                       619     39      484
  SINCE JUL 1   3969                      4836   -867     4075

 COOLING
  YESTERDAY        0                         0      0        0
  MONTH TO DATE    0                         0      0        0
  SINCE MAR 1      0                         0      0        0
  SINCE JAN 1      0                         0      0        0
..................................................................


WIND (MPH)
  HIGHEST WIND SPEED    25   HIGHEST WIND DIRECTION     N (360)
  HIGHEST GUST SPEED    32   HIGHEST GUST DIRECTION     N (10)
  AVERAGE WIND SPEED    12.2


SKY COVER
  POSSIBLE SUNSHINE  MM
  AVERAGE SKY COVER 0.6


WEATHER CONDITIONS
 THE FOLLOWING WEATHER WAS RECORDED YESTERDAY.
  NO SIGNIFICANT WEATHER WAS OBSERVED.


RELATIVE HUMIDITY (PERCENT)
 HIGHEST    63           600 AM
 LOWEST     43           200 PM
 AVERAGE    53

..........................................................


THE CLEVELAND OH CLIMATE NORMALS FOR TODAY
                         NORMAL    RECORD    YEAR
 MAXIMUM TEMPERATURE (F)   49        81      2012
 MINIMUM TEMPERATURE (F)   32         5      1885


SUNRISE AND SUNSET
MARCH 23 2017.........SUNRISE   725 AM EDT   SUNSET   743 PM EDT
MARCH 24 2017.........SUNRISE   724 AM EDT   SUNSET   744 PM EDT


-  INDICATES NEGATIVE NUMBERS.
R  INDICATES RECORD WAS SET OR TIED.
MM INDICATES DATA IS MISSING.
T  INDICATES TRACE AMOUNT.




$$
