000
CDUS41 KCLE 230535
CLICLE


CLIMATE REPORT
NATIONAL WEATHER SERVICE CLEVELAND OH
1234 AM EST FRI FEB 23 2018


...................................

...THE CLEVELAND OH CLIMATE SUMMARY FOR FEBRUARY 22 2018...

CLIMATE NORMAL PERIOD 1981 TO 2010
CLIMATE RECORD PERIOD 1871 TO 2018


WEATHER ITEM   OBSERVED TIME   RECORD YEAR NORMAL DEPARTURE LAST
                VALUE   (LST)  VALUE       VALUE  FROM      YEAR
                                                  NORMAL
..................................................................
TEMPERATURE (F)
 YESTERDAY
  MAXIMUM         42    152 PM  72    1930  39      3       63
  MINIMUM         32    418 AM  -8    1963  25      7       52
  AVERAGE         37                        32      5       58

PRECIPITATION (IN)
  YESTERDAY        0.18                      0.08   0.10     0.01
  MONTH TO DATE    2.55                      1.80   0.75     2.11
  SINCE DEC 1      6.55                      7.62  -1.07     9.54
  SINCE JAN 1      4.82                      4.52   0.30     6.89

SNOWFALL (IN)
  YESTERDAY        0.2                       0.5   -0.3      0.0
  MONTH TO DATE    7.1                      11.8   -4.7      2.9
  SINCE DEC 1     36.3                      44.6   -8.3     24.0
  SINCE JUL 1     37.1                      49.1  -12.0     24.9
  SNOW DEPTH       0

DEGREE DAYS
 HEATING
  YESTERDAY       28                        33     -5        7
  MONTH TO DATE  699                       770    -71      561
  SINCE DEC 1   2988                      2927     61     2498
  SINCE JUL 1   3878                      4022   -144     3214

 COOLING
  YESTERDAY        0                         0      0        0
  MONTH TO DATE    3                         0      3        0
  SINCE DEC 1      3                         0      3        0
  SINCE JAN 1      3                         0      3        0
..................................................................


WIND (MPH)
  HIGHEST WIND SPEED    21   HIGHEST WIND DIRECTION    NW (330)
  HIGHEST GUST SPEED    26   HIGHEST GUST DIRECTION    NW (330)
  AVERAGE WIND SPEED    11.8


SKY COVER
  POSSIBLE SUNSHINE  MM
  AVERAGE SKY COVER 1.0


WEATHER CONDITIONS
 THE FOLLOWING WEATHER WAS RECORDED YESTERDAY.
  LIGHT RAIN
  LT FREEZING RAIN
  SNOW
  LIGHT SNOW
  SLEET
  FOG


RELATIVE HUMIDITY (PERCENT)
 HIGHEST   100           600 PM
 LOWEST     82          1200 AM
 AVERAGE    91

..........................................................


THE CLEVELAND OH CLIMATE NORMALS FOR TODAY
                         NORMAL    RECORD    YEAR
 MAXIMUM TEMPERATURE (F)   39        68      2017
 MINIMUM TEMPERATURE (F)   25        -5      2015


SUNRISE AND SUNSET
FEBRUARY 23 2018......SUNRISE   711 AM EST   SUNSET   611 PM EST
FEBRUARY 24 2018......SUNRISE   710 AM EST   SUNSET   612 PM EST


-  INDICATES NEGATIVE NUMBERS.
R  INDICATES RECORD WAS SET OR TIED.
MM INDICATES DATA IS MISSING.
T  INDICATES TRACE AMOUNT.




$$
