000
CDUS41 KCLE 282111
CLICLE


CLIMATE REPORT
NATIONAL WEATHER SERVICE CLEVELAND OH
511 PM EDT TUE JUL 28 2015


...................................

...THE CLEVELAND OH CLIMATE SUMMARY FOR JULY 28 2015...
VALID TODAY AS OF 0500 PM LOCAL TIME.

CLIMATE NORMAL PERIOD 1981 TO 2010
CLIMATE RECORD PERIOD 1871 TO 2015


WEATHER ITEM   OBSERVED TIME   RECORD YEAR NORMAL DEPARTURE LAST
                VALUE   (LST)  VALUE       VALUE  FROM      YEAR
                                                  NORMAL
..................................................................
TEMPERATURE (F)
 TODAY
  MAXIMUM         89    223 PM  96    1993  82      7       67
  MINIMUM         65    411 AM  52    1977  64      1       59
  AVERAGE         77                        73      4       63

PRECIPITATION (IN)
  TODAY            0.00                      0.12  -0.12     0.40
  MONTH TO DATE    2.58                      3.12  -0.54     3.71
  SINCE JUN 1     11.10                      6.55   4.55     9.97
  SINCE JAN 1     24.73                     21.69   3.04    26.24

SNOWFALL (IN)
  TODAY            0.0                       0.0    0.0      0.0
  MONTH TO DATE    0.0                       0.0    0.0      0.0
  SINCE JUN 1      0.0                       0.0    0.0      0.0
  SINCE JUL 1      0.0                       0.0    0.0      0.0
  SNOW DEPTH       0

DEGREE DAYS
 HEATING
  TODAY            0                         0      0        2
  MONTH TO DATE    3                         0      3       11
  SINCE JUN 1     33                        42     -9       31
  SINCE JUL 1      3                         0      3       11

 COOLING
  TODAY           12                         8      4        0
  MONTH TO DATE  174                       244    -70      148
  SINCE JUN 1    321                       412    -91      330
  SINCE JAN 1    442                       471    -29      396
..................................................................


WIND (MPH)
  HIGHEST WIND SPEED    15   HIGHEST WIND DIRECTION    NE (40)
  HIGHEST GUST SPEED    18   HIGHEST GUST DIRECTION     N (350)


SKY COVER
  POSSIBLE SUNSHINE  MM
  AVERAGE SKY COVER 0.3


WEATHER CONDITIONS
 THE FOLLOWING WEATHER WAS RECORDED TODAY.
  NO SIGNIFICANT WEATHER WAS OBSERVED.


RELATIVE HUMIDITY (PERCENT)
 HIGHEST    81           600 AM
 LOWEST     41          1100 AM
 AVERAGE    61

..........................................................


THE CLEVELAND OH CLIMATE NORMALS FOR TOMORROW
                         NORMAL    RECORD    YEAR
 MAXIMUM TEMPERATURE (F)   82        95      1941
                                             1940
 MINIMUM TEMPERATURE (F)   64        50      1984


SUNRISE AND SUNSET
JULY 28 2015..........SUNRISE   618 AM EDT   SUNSET   849 PM EDT
JULY 29 2015..........SUNRISE   619 AM EDT   SUNSET   848 PM EDT


-  INDICATES NEGATIVE NUMBERS.
R  INDICATES RECORD WAS SET OR TIED.
MM INDICATES DATA IS MISSING.
T  INDICATES TRACE AMOUNT.




$$
