000
CDUS41 KCLE 260545
CLICLE


CLIMATE REPORT
NATIONAL WEATHER SERVICE CLEVELAND OH
145 AM EDT MON SEP 26 2016


...................................

...THE CLEVELAND OH CLIMATE SUMMARY FOR SEPTEMBER 25 2016...

CLIMATE NORMAL PERIOD 1981 TO 2010
CLIMATE RECORD PERIOD 1871 TO 2016


WEATHER ITEM   OBSERVED TIME   RECORD YEAR NORMAL DEPARTURE LAST
                VALUE   (LST)  VALUE       VALUE  FROM      YEAR
                                                  NORMAL
..................................................................
TEMPERATURE (F)
 YESTERDAY
  MAXIMUM         76    146 PM  88    2007  70      6       77
                                      1900
                                      1891
  MINIMUM         53    652 AM  35    1976  53      0       56
                                      1967
  AVERAGE         65                        61      4       67

PRECIPITATION (IN)
  YESTERDAY        0.00                      0.12  -0.12     0.00
  MONTH TO DATE    3.40                      3.18   0.22     4.70
  SINCE SEP 1      3.40                      3.18   0.22     4.70
  SINCE JAN 1     26.77                     28.72  -1.95    32.42

SNOWFALL (IN)
  YESTERDAY        0.0                       0.0    0.0      0.0
  MONTH TO DATE    0.0                       0.0    0.0      0.0
  SINCE SEP 1      0.0                       0.0    0.0      0.0
  SINCE JUL 1      0.0                       0.0    0.0      0.0
  SNOW DEPTH       0

DEGREE DAYS
 HEATING
  YESTERDAY        0                         5     -5        0
  MONTH TO DATE    0                        60    -60       30
  SINCE SEP 1      0                        60    -60       30
  SINCE JUL 1      0                        72    -72       44

 COOLING
  YESTERDAY        0                         1     -1        2
  MONTH TO DATE  185                        82    103      142
  SINCE SEP 1    185                        82    103      142
  SINCE JAN 1   1269                       797    472      811
..................................................................


WIND (MPH)
  HIGHEST WIND SPEED    15   HIGHEST WIND DIRECTION     N (360)
  HIGHEST GUST SPEED    18   HIGHEST GUST DIRECTION     N (360)
  AVERAGE WIND SPEED     6.9


SKY COVER
  POSSIBLE SUNSHINE  MM
  AVERAGE SKY COVER 0.2


WEATHER CONDITIONS
 THE FOLLOWING WEATHER WAS RECORDED YESTERDAY.
  NO SIGNIFICANT WEATHER WAS OBSERVED.


RELATIVE HUMIDITY (PERCENT)
 HIGHEST    66           200 AM
 LOWEST     33           100 PM
 AVERAGE    50

..........................................................


THE CLEVELAND OH CLIMATE NORMALS FOR TODAY
                         NORMAL    RECORD    YEAR
 MAXIMUM TEMPERATURE (F)   70        91      1998
 MINIMUM TEMPERATURE (F)   52        36      1928
                                             1887


SUNRISE AND SUNSET
SEPTEMBER 26 2016.....SUNRISE   719 AM EDT   SUNSET   717 PM EDT
SEPTEMBER 27 2016.....SUNRISE   720 AM EDT   SUNSET   715 PM EDT


-  INDICATES NEGATIVE NUMBERS.
R  INDICATES RECORD WAS SET OR TIED.
MM INDICATES DATA IS MISSING.
T  INDICATES TRACE AMOUNT.




$$
