854
CDUS41 KCLE 280601
CLICLE


CLIMATE REPORT
NATIONAL WEATHER SERVICE CLEVELAND OH
158 AM EDT TUE MAR 28 2017


...................................

...THE CLEVELAND OH CLIMATE SUMMARY FOR MARCH 27 2017...

CLIMATE NORMAL PERIOD 1981 TO 2010
CLIMATE RECORD PERIOD 1871 TO 2017


WEATHER ITEM   OBSERVED TIME   RECORD YEAR NORMAL DEPARTURE LAST
                VALUE   (LST)  VALUE       VALUE  FROM      YEAR
                                                  NORMAL
..................................................................
TEMPERATURE (F)
 YESTERDAY
  MAXIMUM         64    324 PM  80    1998  51     13       75
                                      1989
  MINIMUM         54   1159 PM  12    1982  34     20       31
  AVERAGE         59                        42     17       53

PRECIPITATION (IN)
  YESTERDAY        T                         0.11  -0.11     0.00
  MONTH TO DATE    2.81                      2.49   0.32     3.25
  SINCE MAR 1      2.81                      2.49   0.32     3.25
  SINCE JAN 1     10.27                      7.55   2.72     7.84

SNOWFALL (IN)
  YESTERDAY        0.0                       0.4   -0.4      0.0
  MONTH TO DATE    9.3                      11.5   -2.2      3.2
  SINCE MAR 1      9.3                      11.5   -2.2      3.2
  SINCE JUL 1     34.5                      63.7  -29.2     25.0
  SNOW DEPTH       0

DEGREE DAYS
 HEATING
  YESTERDAY        6                        23    -17       12
  MONTH TO DATE  722                       737    -15      565
  SINCE MAR 1    722                       737    -15      565
  SINCE JUL 1   4033                      4954   -921     4156

 COOLING
  YESTERDAY        0                         0      0        0
  MONTH TO DATE    0                         0      0        0
  SINCE MAR 1      0                         0      0        0
  SINCE JAN 1      0                         0      0        0
..................................................................


WIND (MPH)
  HIGHEST WIND SPEED    16   HIGHEST WIND DIRECTION    SW (220)
  HIGHEST GUST SPEED    19   HIGHEST GUST DIRECTION    SW (230)
  AVERAGE WIND SPEED     7.9


SKY COVER
  POSSIBLE SUNSHINE  MM
  AVERAGE SKY COVER 0.9


WEATHER CONDITIONS
 THE FOLLOWING WEATHER WAS RECORDED YESTERDAY.
  LIGHT RAIN
  FOG
  HAZE


RELATIVE HUMIDITY (PERCENT)
 HIGHEST    86           200 AM
 LOWEST     60           300 PM
 AVERAGE    73

..........................................................


THE CLEVELAND OH CLIMATE NORMALS FOR TODAY
                         NORMAL    RECORD    YEAR
 MAXIMUM TEMPERATURE (F)   51        80      1945
 MINIMUM TEMPERATURE (F)   34         9      1982


SUNRISE AND SUNSET
MARCH 28 2017.........SUNRISE   717 AM EDT   SUNSET   749 PM EDT
MARCH 29 2017.........SUNRISE   715 AM EDT   SUNSET   750 PM EDT


-  INDICATES NEGATIVE NUMBERS.
R  INDICATES RECORD WAS SET OR TIED.
MM INDICATES DATA IS MISSING.
T  INDICATES TRACE AMOUNT.




$$
