000
CDUS41 KCLE 140525
CLICLE


CLIMATE REPORT
NATIONAL WEATHER SERVICE CLEVELAND OH
1225 AM EST SAT JAN 14 2017


...................................

...THE CLEVELAND OH CLIMATE SUMMARY FOR JANUARY 13 2017...

CLIMATE NORMAL PERIOD 1981 TO 2010
CLIMATE RECORD PERIOD 1871 TO 2017


WEATHER ITEM   OBSERVED TIME   RECORD YEAR NORMAL DEPARTURE LAST
                VALUE   (LST)  VALUE       VALUE  FROM      YEAR
                                                  NORMAL
..................................................................
TEMPERATURE (F)
 YESTERDAY
  MAXIMUM         33   1229 AM  68    2005  34     -1       19
                                      1890
  MINIMUM         26    843 PM -10    1977  22      4        8
  AVERAGE         30                        28      2       14

PRECIPITATION (IN)
  YESTERDAY        0.00                      0.09  -0.09     0.03
  MONTH TO DATE    2.51                      1.24   1.27     1.03
  SINCE DEC 1      5.16                      4.34   0.82     3.99
  SINCE JAN 1      2.51                      1.24   1.27     1.03

SNOWFALL (IN)
  YESTERDAY        0.0                       0.6   -0.6      0.8
  MONTH TO DATE    3.5                       7.6   -4.1      5.0
  SINCE DEC 1     13.1                      21.7   -8.6      5.3
  SINCE JUL 1     14.0                      26.2  -12.2      6.2
  SNOW DEPTH       0

DEGREE DAYS
 HEATING
  YESTERDAY       35                        37     -2       51
  MONTH TO DATE  448                       480    -32      481
  SINCE DEC 1   1455                      1492    -37     1128
  SINCE JUL 1   2171                      2587   -416     1993

 COOLING
  YESTERDAY        0                         0      0        0
  MONTH TO DATE    0                         0      0        0
  SINCE DEC 1      0                         0      0        0
  SINCE JAN 1      0                         0      0        0
..................................................................


WIND (MPH)
  HIGHEST WIND SPEED    14   HIGHEST WIND DIRECTION     N (360)
  HIGHEST GUST SPEED    18   HIGHEST GUST DIRECTION     N (350)
  AVERAGE WIND SPEED     8.3


SKY COVER
  POSSIBLE SUNSHINE  MM
  AVERAGE SKY COVER 0.7


WEATHER CONDITIONS
 THE FOLLOWING WEATHER WAS RECORDED YESTERDAY.
  NO SIGNIFICANT WEATHER WAS OBSERVED.


RELATIVE HUMIDITY (PERCENT)
 HIGHEST    78           100 AM
 LOWEST     58          1100 AM
 AVERAGE    68

..........................................................


THE CLEVELAND OH CLIMATE NORMALS FOR TODAY
                         NORMAL    RECORD    YEAR
 MAXIMUM TEMPERATURE (F)   34        70      1932
 MINIMUM TEMPERATURE (F)   22        -6      1893


SUNRISE AND SUNSET
JANUARY 14 2017.......SUNRISE   751 AM EST   SUNSET   522 PM EST
JANUARY 15 2017.......SUNRISE   751 AM EST   SUNSET   523 PM EST


-  INDICATES NEGATIVE NUMBERS.
R  INDICATES RECORD WAS SET OR TIED.
MM INDICATES DATA IS MISSING.
T  INDICATES TRACE AMOUNT.




$$
