000
CDUS41 KCLE 161230
CLICLE


CLIMATE REPORT
NATIONAL WEATHER SERVICE CLEVELAND OH
828 AM EDT TUE SEP 16 2014


...................................

...THE CLEVELAND OH CLIMATE SUMMARY FOR SEPTEMBER 15 2014...

CLIMATE NORMAL PERIOD 1981 TO 2010
CLIMATE RECORD PERIOD 1871 TO 2014


WEATHER ITEM   OBSERVED TIME   RECORD YEAR NORMAL DEPARTURE LAST
                VALUE   (LST)  VALUE       VALUE  FROM      YEAR
                                                  NORMAL
..................................................................
TEMPERATURE (F)
 YESTERDAY
  MAXIMUM         65    218 PM  93    1991  74     -9       69
  MINIMUM         45    604 AM  37    1871  56    -11       48
  AVERAGE         55                        65    -10       59

PRECIPITATION (IN)
  YESTERDAY        0.30                      0.13   0.17     0.04
  MONTH TO DATE    4.00                      1.86   2.14     0.27
  SINCE SEP 1      4.00                      1.86   2.14     0.27
  SINCE JAN 1     35.11                     27.40   7.71    28.48

SNOWFALL (IN)
  YESTERDAY        0.0                       0.0    0.0      0.0
  MONTH TO DATE    0.0                       0.0    0.0      0.0
  SINCE SEP 1      0.0                       0.0    0.0      0.0
  SINCE JUL 1      0.0                       0.0    0.0      0.0
  SNOW DEPTH       0

DEGREE DAYS
 HEATING
  YESTERDAY       10                         2      8        6
  MONTH TO DATE   40                        21     19       25
  SINCE SEP 1     40                        21     19       25
  SINCE JUL 1     65                        33     32       32

 COOLING
  YESTERDAY        0                         3     -3        0
  MONTH TO DATE   62                        61      1       77
  SINCE SEP 1     62                        61      1       77
  SINCE JAN 1    652                       776   -124      839
..................................................................


WIND (MPH)
  HIGHEST WIND SPEED    15   HIGHEST WIND DIRECTION     S (170)
  HIGHEST GUST SPEED    17   HIGHEST GUST DIRECTION    SW (220)
  AVERAGE WIND SPEED     4.7


SKY COVER
  POSSIBLE SUNSHINE  MM
  AVERAGE SKY COVER 0.7


WEATHER CONDITIONS
 THE FOLLOWING WEATHER WAS RECORDED YESTERDAY.
  HEAVY RAIN
  RAIN
  LIGHT RAIN
  FOG


RELATIVE HUMIDITY (PERCENT)
 HIGHEST    93           200 AM
 LOWEST     56          1100 AM
 AVERAGE    75

..........................................................


THE CLEVELAND OH CLIMATE NORMALS FOR TODAY
                         NORMAL    RECORD    YEAR
 MAXIMUM TEMPERATURE (F)   74        93      1991
                                             1939
 MINIMUM TEMPERATURE (F)   56        39      1984


SUNRISE AND SUNSET
SEPTEMBER 16 2014.....SUNRISE   709 AM EDT   SUNSET   735 PM EDT
SEPTEMBER 17 2014.....SUNRISE   710 AM EDT   SUNSET   733 PM EDT


-  INDICATES NEGATIVE NUMBERS.
R  INDICATES RECORD WAS SET OR TIED.
MM INDICATES DATA IS MISSING.
T  INDICATES TRACE AMOUNT.




$$
