000
CDUS41 KCLE 040527
CLICLE


CLIMATE REPORT
NATIONAL WEATHER SERVICE CLEVELAND OH
1227 AM EST WED MAR 4 2015


...................................

...THE CLEVELAND OH CLIMATE SUMMARY FOR MARCH 3 2015...

CLIMATE NORMAL PERIOD 1981 TO 2010
CLIMATE RECORD PERIOD 1871 TO 2015


WEATHER ITEM   OBSERVED TIME   RECORD YEAR NORMAL DEPARTURE LAST
                VALUE   (LST)  VALUE       VALUE  FROM      YEAR
                                                  NORMAL
..................................................................
TEMPERATURE (F)
 YESTERDAY
  MAXIMUM         42    619 PM  74    1974  42      0       12
  MINIMUM         19   1205 AM   1    2014  26     -7        1
  AVERAGE         31                        34     -3        7

PRECIPITATION (IN)
  YESTERDAY        0.16                      0.08   0.08      T
  MONTH TO DATE    0.56                      0.25   0.31     0.16
  SINCE MAR 1      0.56                      0.25   0.31     0.16
  SINCE JAN 1      5.36                      5.31   0.05     5.19

SNOWFALL (IN)
  YESTERDAY        0.2                       0.4   -0.2       T
  MONTH TO DATE    4.5                       1.4    3.1      2.8
  SINCE MAR 1      4.5                       1.4    3.1      2.8
  SINCE JUL 1     65.9                      53.6   12.3     72.5
  SNOW DEPTH       9

DEGREE DAYS
 HEATING
  YESTERDAY       34                        31      3       58
  MONTH TO DATE  118                        93     25      139
  SINCE MAR 1    118                        93     25      139
  SINCE JUL 1   5068                      4310    758     4820

 COOLING
  YESTERDAY        0                         0      0        0
  MONTH TO DATE    0                         0      0        0
  SINCE MAR 1      0                         0      0        0
  SINCE JAN 1      0                         0      0        0
..................................................................


WIND (MPH)
  HIGHEST WIND SPEED    31   HIGHEST WIND DIRECTION    SW (240)
  HIGHEST GUST SPEED    40   HIGHEST GUST DIRECTION    SW (230)
  AVERAGE WIND SPEED    13.3


SKY COVER
  POSSIBLE SUNSHINE  MM
  AVERAGE SKY COVER 1.0


WEATHER CONDITIONS
 THE FOLLOWING WEATHER WAS RECORDED YESTERDAY.
  LIGHT RAIN
  LT FREEZING RAIN
  LIGHT SNOW
  SLEET
  FOG


RELATIVE HUMIDITY (PERCENT)
 HIGHEST    86           600 PM
 LOWEST     60           600 AM
 AVERAGE    73

..........................................................


THE CLEVELAND OH CLIMATE NORMALS FOR TODAY
                         NORMAL    RECORD    YEAR
 MAXIMUM TEMPERATURE (F)   42        76      1983
 MINIMUM TEMPERATURE (F)   27         0      2014


SUNRISE AND SUNSET
MARCH  4 2015.........SUNRISE   658 AM EST   SUNSET   621 PM EST
MARCH  5 2015.........SUNRISE   656 AM EST   SUNSET   622 PM EST


-  INDICATES NEGATIVE NUMBERS.
R  INDICATES RECORD WAS SET OR TIED.
MM INDICATES DATA IS MISSING.
T  INDICATES TRACE AMOUNT.




$$
