000
CDUS41 KCLE 240525
CLICLE


CLIMATE REPORT
NATIONAL WEATHER SERVICE CLEVELAND OH
1225 AM EST MON NOV 24 2014


...................................

...THE CLEVELAND OH CLIMATE SUMMARY FOR NOVEMBER 23 2014...

CLIMATE NORMAL PERIOD 1981 TO 2010
CLIMATE RECORD PERIOD 1871 TO 2014


WEATHER ITEM   OBSERVED TIME   RECORD YEAR NORMAL DEPARTURE LAST
                VALUE   (LST)  VALUE       VALUE  FROM      YEAR
                                                  NORMAL
..................................................................
TEMPERATURE (F)
 YESTERDAY
  MAXIMUM         58    757 PM  75    1931  47     11       37
  MINIMUM         44    827 AM   6    1880  35      9       22
  AVERAGE         51                        41     10       30

PRECIPITATION (IN)
  YESTERDAY        0.20                      0.12   0.08     0.01
  MONTH TO DATE    2.66                      2.79  -0.13     2.73
  SINCE SEP 1      9.97                      9.67   0.30     9.39
  SINCE JAN 1     41.08                     35.21   5.87    37.60

SNOWFALL (IN)
  YESTERDAY        0.0                       0.2   -0.2      0.1
  MONTH TO DATE   12.4                       2.7    9.7      3.2
  SINCE SEP 1     12.4                       2.9    9.5      3.2
  SINCE JUL 1     12.4                       2.9    9.5      3.2
  SNOW DEPTH       0

DEGREE DAYS
 HEATING
  YESTERDAY       14                        24    -10       35
  MONTH TO DATE  650                       456    194      489
  SINCE SEP 1   1125                       904    221      893
  SINCE JUL 1   1150                       916    234      900

 COOLING
  YESTERDAY        0                         0      0        0
  MONTH TO DATE    0                         0      0        0
  SINCE SEP 1     67                       101    -34      127
  SINCE JAN 1    657                       816   -159      889
..................................................................


WIND (MPH)
  HIGHEST WIND SPEED    25   HIGHEST WIND DIRECTION    SE (150)
  HIGHEST GUST SPEED    35   HIGHEST GUST DIRECTION    SE (150)
  AVERAGE WIND SPEED    12.6


SKY COVER
  POSSIBLE SUNSHINE  MM
  AVERAGE SKY COVER 1.0


WEATHER CONDITIONS
 THE FOLLOWING WEATHER WAS RECORDED YESTERDAY.
  LIGHT RAIN
  FOG


RELATIVE HUMIDITY (PERCENT)
 HIGHEST    89           800 AM
 LOWEST     56           300 AM
 AVERAGE    73

..........................................................


THE CLEVELAND OH CLIMATE NORMALS FOR TODAY
                         NORMAL    RECORD    YEAR
 MAXIMUM TEMPERATURE (F)   47        70      1931
 MINIMUM TEMPERATURE (F)   34         7      1950


SUNRISE AND SUNSET
NOVEMBER 24 2014......SUNRISE   726 AM EST   SUNSET   502 PM EST
NOVEMBER 25 2014......SUNRISE   727 AM EST   SUNSET   501 PM EST


-  INDICATES NEGATIVE NUMBERS.
R  INDICATES RECORD WAS SET OR TIED.
MM INDICATES DATA IS MISSING.
T  INDICATES TRACE AMOUNT.




$$
