000
CDUS41 KCLE 240537
CLICLE


CLIMATE REPORT
NATIONAL WEATHER SERVICE CLEVELAND OH
1236 AM EST WED DEC 24 2014


...................................

...THE CLEVELAND OH CLIMATE SUMMARY FOR DECEMBER 23 2014...

CLIMATE NORMAL PERIOD 1981 TO 2010
CLIMATE RECORD PERIOD 1871 TO 2014


WEATHER ITEM   OBSERVED TIME   RECORD YEAR NORMAL DEPARTURE LAST
                VALUE   (LST)  VALUE       VALUE  FROM      YEAR
                                                  NORMAL
..................................................................
TEMPERATURE (F)
 YESTERDAY
  MAXIMUM         52   1159 PM  61    1933  36     16       41
  MINIMUM         39    217 AM  -7    1960  24     15       28
  AVERAGE         46                        30     16       35

PRECIPITATION (IN)
  YESTERDAY        0.06                      0.10  -0.04     0.02
  MONTH TO DATE    1.52                      2.31  -0.79     3.76
  SINCE DEC 1      1.52                      2.31  -0.79     3.76
  SINCE JAN 1     43.62                     38.35   5.27    41.51

SNOWFALL (IN)
  YESTERDAY        0.0                       0.5   -0.5       T
  MONTH TO DATE    0.9                       9.8   -8.9     11.9
  SINCE DEC 1      0.9                       9.8   -8.9     11.9
  SINCE JUL 1     20.3                      14.3    6.0     16.6
  SNOW DEPTH       0

DEGREE DAYS
 HEATING
  YESTERDAY       19                        35    -16       30
  MONTH TO DATE  672                       725    -53      731
  SINCE DEC 1    672                       725    -53      731
  SINCE JUL 1   2006                      1820    186     1880

 COOLING
  YESTERDAY        0                         0      0        0
  MONTH TO DATE    0                         0      0        0
  SINCE DEC 1      0                         0      0        0
  SINCE JAN 1    657                       817   -160      889
..................................................................


WIND (MPH)
  HIGHEST WIND SPEED    16   HIGHEST WIND DIRECTION     S (160)
  HIGHEST GUST SPEED    22   HIGHEST GUST DIRECTION    SE (140)
  AVERAGE WIND SPEED     9.0


SKY COVER
  POSSIBLE SUNSHINE  MM
  AVERAGE SKY COVER 1.0


WEATHER CONDITIONS
 THE FOLLOWING WEATHER WAS RECORDED YESTERDAY.
  LIGHT RAIN
  FOG


RELATIVE HUMIDITY (PERCENT)
 HIGHEST    93           900 PM
 LOWEST     76          1200 AM
 AVERAGE    85

..........................................................


THE CLEVELAND OH CLIMATE NORMALS FOR TODAY
                         NORMAL    RECORD    YEAR
 MAXIMUM TEMPERATURE (F)   36        65      1964
                                             1932
 MINIMUM TEMPERATURE (F)   24       -10      1983


SUNRISE AND SUNSET
DECEMBER 24 2014......SUNRISE   751 AM EST   SUNSET   503 PM EST
DECEMBER 25 2014......SUNRISE   752 AM EST   SUNSET   503 PM EST


-  INDICATES NEGATIVE NUMBERS.
R  INDICATES RECORD WAS SET OR TIED.
MM INDICATES DATA IS MISSING.
T  INDICATES TRACE AMOUNT.




$$
