000
CDUS41 KCLE 200525
CLICLE


CLIMATE REPORT
NATIONAL WEATHER SERVICE CLEVELAND OH
1225 AM EST MON FEB 20 2017


...................................

...THE CLEVELAND OH CLIMATE SUMMARY FOR FEBRUARY 19 2017...

CLIMATE NORMAL PERIOD 1981 TO 2010
CLIMATE RECORD PERIOD 1871 TO 2017


WEATHER ITEM   OBSERVED TIME   RECORD YEAR NORMAL DEPARTURE LAST
                VALUE   (LST)  VALUE       VALUE  FROM      YEAR
                                                  NORMAL
..................................................................
TEMPERATURE (F)
 YESTERDAY
  MAXIMUM         64    218 PM  68    1939  38     26       57
  MINIMUM         42   1155 PM  -4    2015  24     18       30
                                      1936
                                      1903
  AVERAGE         53                        31     22       44

PRECIPITATION (IN)
  YESTERDAY        0.00                      0.08  -0.08     0.00
  MONTH TO DATE    2.10                      1.55   0.55     1.82
  SINCE DEC 1      9.53                      7.37   2.16     6.15
  SINCE JAN 1      6.88                      4.27   2.61     3.19

SNOWFALL (IN)
  YESTERDAY        0.0                       0.5   -0.5      0.0
  MONTH TO DATE    2.9                      10.2   -7.3     11.8
  SINCE DEC 1     24.0                      43.0  -19.0     19.7
  SINCE JUL 1     24.9                      47.5  -22.6     20.6
  SNOW DEPTH       0

DEGREE DAYS
 HEATING
  YESTERDAY       12                        34    -22       21
  MONTH TO DATE  526                       670   -144      685
  SINCE DEC 1   2463                      2827   -364     2471
  SINCE JUL 1   3179                      3922   -743     3336

 COOLING
  YESTERDAY        0                         0      0        0
  MONTH TO DATE    0                         0      0        0
  SINCE DEC 1      0                         0      0        0
  SINCE JAN 1      0                         0      0        0
..................................................................


WIND (MPH)
  HIGHEST WIND SPEED    18   HIGHEST WIND DIRECTION     W (290)
  HIGHEST GUST SPEED    23   HIGHEST GUST DIRECTION     W (270)
  AVERAGE WIND SPEED     7.7


SKY COVER
  POSSIBLE SUNSHINE  MM
  AVERAGE SKY COVER 0.2


WEATHER CONDITIONS
 THE FOLLOWING WEATHER WAS RECORDED YESTERDAY.
  NO SIGNIFICANT WEATHER WAS OBSERVED.


RELATIVE HUMIDITY (PERCENT)
 HIGHEST    83           600 AM
 LOWEST     29           500 PM
 AVERAGE    56

..........................................................


THE CLEVELAND OH CLIMATE NORMALS FOR TODAY
                         NORMAL    RECORD    YEAR
 MAXIMUM TEMPERATURE (F)   39        69      1930
 MINIMUM TEMPERATURE (F)   24       -17      2015


SUNRISE AND SUNSET
FEBRUARY 20 2017......SUNRISE   715 AM EST   SUNSET   608 PM EST
FEBRUARY 21 2017......SUNRISE   714 AM EST   SUNSET   609 PM EST


-  INDICATES NEGATIVE NUMBERS.
R  INDICATES RECORD WAS SET OR TIED.
MM INDICATES DATA IS MISSING.
T  INDICATES TRACE AMOUNT.




$$
