000
CDUS41 KCLE 010545
CLICLE


CLIMATE REPORT
NATIONAL WEATHER SERVICE CLEVELAND OH
145 AM EDT FRI AUG 1 2014


...................................

...THE CLEVELAND OH CLIMATE SUMMARY FOR JULY 31 2014...

CLIMATE NORMAL PERIOD 1981 TO 2010
CLIMATE RECORD PERIOD 1871 TO 2014


WEATHER ITEM   OBSERVED TIME   RECORD YEAR NORMAL DEPARTURE LAST
                VALUE   (LST)  VALUE       VALUE  FROM      YEAR
                                                  NORMAL
..................................................................
TEMPERATURE (F)
 YESTERDAY
  MAXIMUM         77    501 PM  97    1955  82     -5       80
  MINIMUM         58    603 AM  51    1891  64     -6       63
  AVERAGE         68                        73     -5       72

PRECIPITATION (IN)
  YESTERDAY        0.00                      0.12  -0.12      T
  MONTH TO DATE    3.99                      3.46   0.53     4.91
  SINCE JUN 1     10.25                      6.89   3.36    12.81
  SINCE JAN 1     26.52                     22.03   4.49    25.40

SNOWFALL (IN)
  YESTERDAY        0.0                       0.0    0.0      0.0
  MONTH TO DATE    0.0                       0.0    0.0      0.0
  SINCE JUN 1      0.0                       0.0    0.0      0.0
  SINCE JUL 1      0.0                       0.0    0.0      0.0
  SNOW DEPTH       0

DEGREE DAYS
 HEATING
  YESTERDAY        0                         0      0        0
  MONTH TO DATE   14                         0     14        3
  SINCE JUN 1     34                        46    -12       42
  SINCE JUL 1     14                         4     10        3

 COOLING
  YESTERDAY        3                         8     -5        7
  MONTH TO DATE  152                       265   -113      286
  SINCE JUN 1    334                       433    -99      450
  SINCE JAN 1    400                       492    -92      564
..................................................................


WIND (MPH)
  HIGHEST WIND SPEED    14   HIGHEST WIND DIRECTION    SW (230)
  HIGHEST GUST SPEED    17   HIGHEST GUST DIRECTION    SW (230)
  AVERAGE WIND SPEED     7.3


SKY COVER
  POSSIBLE SUNSHINE  MM
  AVERAGE SKY COVER 0.3


WEATHER CONDITIONS
 THE FOLLOWING WEATHER WAS RECORDED YESTERDAY.
  FOG


RELATIVE HUMIDITY (PERCENT)
 HIGHEST   100           600 AM
 LOWEST     43           100 PM
 AVERAGE    72

..........................................................


THE CLEVELAND OH CLIMATE NORMALS FOR TODAY
                         NORMAL    RECORD    YEAR
 MAXIMUM TEMPERATURE (F)   82        95      1917
 MINIMUM TEMPERATURE (F)   64        47      1960
                                             1952


SUNRISE AND SUNSET
AUGUST  1 2014........SUNRISE   622 AM EDT   SUNSET   844 PM EDT
AUGUST  2 2014........SUNRISE   623 AM EDT   SUNSET   843 PM EDT


-  INDICATES NEGATIVE NUMBERS.
R  INDICATES RECORD WAS SET OR TIED.
MM INDICATES DATA IS MISSING.
T  INDICATES TRACE AMOUNT.




$$
