000
CDUS41 KCLE 250540
CLICLE


CLIMATE REPORT
NATIONAL WEATHER SERVICE CLEVELAND OH
126 AM EDT SUN SEP 25 2016


...................................

...THE CLEVELAND OH CLIMATE SUMMARY FOR SEPTEMBER 24 2016...

CLIMATE NORMAL PERIOD 1981 TO 2010
CLIMATE RECORD PERIOD 1871 TO 2016


WEATHER ITEM   OBSERVED TIME   RECORD YEAR NORMAL DEPARTURE LAST
                VALUE   (LST)  VALUE       VALUE  FROM      YEAR
                                                  NORMAL
..................................................................
TEMPERATURE (F)
 YESTERDAY
  MAXIMUM         73   1231 PM  90    2010  71      2       77
  MINIMUM         58   1159 PM  36    1995  53      5       51
                                      1983
                                      1981
  AVERAGE         66                        62      4       64

PRECIPITATION (IN)
  YESTERDAY        0.00                      0.13  -0.13     0.00
  MONTH TO DATE    3.40                      3.06   0.34     4.70
  SINCE SEP 1      3.40                      3.06   0.34     4.70
  SINCE JAN 1     26.77                     28.60  -1.83    32.42

SNOWFALL (IN)
  YESTERDAY        0.0                       0.0    0.0      0.0
  MONTH TO DATE    0.0                       0.0    0.0      0.0
  SINCE SEP 1      0.0                       0.0    0.0      0.0
  SINCE JUL 1      0.0                       0.0    0.0      0.0
  SNOW DEPTH       0

DEGREE DAYS
 HEATING
  YESTERDAY        0                         5     -5        1
  MONTH TO DATE    0                        55    -55       30
  SINCE SEP 1      0                        55    -55       30
  SINCE JUL 1      0                        67    -67       44

 COOLING
  YESTERDAY        1                         2     -1        0
  MONTH TO DATE  185                        81    104      140
  SINCE SEP 1    185                        81    104      140
  SINCE JAN 1   1269                       796    473      809
..................................................................


WIND (MPH)
  HIGHEST WIND SPEED    18   HIGHEST WIND DIRECTION    NE (40)
  HIGHEST GUST SPEED    23   HIGHEST GUST DIRECTION    NE (40)
  AVERAGE WIND SPEED    10.9


SKY COVER
  POSSIBLE SUNSHINE  MM
  AVERAGE SKY COVER 0.5


WEATHER CONDITIONS
 THE FOLLOWING WEATHER WAS RECORDED YESTERDAY.
  HAZE


RELATIVE HUMIDITY (PERCENT)
 HIGHEST    81           300 AM
 LOWEST     49          1200 PM
 AVERAGE    65

..........................................................


THE CLEVELAND OH CLIMATE NORMALS FOR TODAY
                         NORMAL    RECORD    YEAR
 MAXIMUM TEMPERATURE (F)   70        88      2007
                                             1900
                                             1891
 MINIMUM TEMPERATURE (F)   53        35      1976
                                             1967


SUNRISE AND SUNSET
SEPTEMBER 25 2016.....SUNRISE   718 AM EDT   SUNSET   719 PM EDT
SEPTEMBER 26 2016.....SUNRISE   719 AM EDT   SUNSET   717 PM EDT


-  INDICATES NEGATIVE NUMBERS.
R  INDICATES RECORD WAS SET OR TIED.
MM INDICATES DATA IS MISSING.
T  INDICATES TRACE AMOUNT.




$$
