000
CDUS41 KCLE 152215
CLICLE


CLIMATE REPORT
NATIONAL WEATHER SERVICE CLEVELAND OH
514 PM EST SUN JAN 15 2017


...................................

...THE CLEVELAND OH CLIMATE SUMMARY FOR JANUARY 15 2017...
VALID TODAY AS OF 0500 PM LOCAL TIME.

CLIMATE NORMAL PERIOD 1981 TO 2010
CLIMATE RECORD PERIOD 1871 TO 2017


WEATHER ITEM   OBSERVED TIME   RECORD YEAR NORMAL DEPARTURE LAST
                VALUE   (LST)  VALUE       VALUE  FROM      YEAR
                                                  NORMAL
..................................................................
TEMPERATURE (F)
 TODAY
  MAXIMUM         35    340 PM  68    1932  34      1       48
  MINIMUM         20    731 AM  -7    1972  21     -1       39
  AVERAGE         28                        28      0       44

PRECIPITATION (IN)
  TODAY            0.00                      0.09  -0.09     0.12
  MONTH TO DATE    2.51                      1.41   1.10     1.15
  SINCE DEC 1      5.16                      4.51   0.65     4.11
  SINCE JAN 1      2.51                      1.41   1.10     1.15

SNOWFALL (IN)
  TODAY            0.0                       0.7   -0.7      0.0
  MONTH TO DATE    3.5                       8.9   -5.4      5.0
  SINCE DEC 1     13.1                      23.0   -9.9      5.3
  SINCE JUL 1     14.0                      27.5  -13.5      6.2
  SNOW DEPTH       0

DEGREE DAYS
 HEATING
  TODAY           37                        37      0       21
  MONTH TO DATE  520                       554    -34      536
  SINCE DEC 1   1527                      1566    -39     1183
  SINCE JUL 1   2243                      2661   -418     2048

 COOLING
  TODAY            0                         0      0        0
  MONTH TO DATE    0                         0      0        0
  SINCE DEC 1      0                         0      0        0
  SINCE JAN 1      0                         0      0        0
..................................................................


WIND (MPH)
  HIGHEST WIND SPEED     6   HIGHEST WIND DIRECTION    SW (230)
  HIGHEST GUST SPEED     6   HIGHEST GUST DIRECTION    SW (230)


SKY COVER
  POSSIBLE SUNSHINE  MM
  AVERAGE SKY COVER 0.5


WEATHER CONDITIONS
 THE FOLLOWING WEATHER WAS RECORDED TODAY.
  FOG
  HAZE


RELATIVE HUMIDITY (PERCENT)
 HIGHEST    84           600 AM
 LOWEST     56           200 PM
 AVERAGE    70

..........................................................


THE CLEVELAND OH CLIMATE NORMALS FOR TOMORROW
                         NORMAL    RECORD    YEAR
 MAXIMUM TEMPERATURE (F)   34        57      1949
                                             1889
 MINIMUM TEMPERATURE (F)   21       -15      1977


SUNRISE AND SUNSET
JANUARY 15 2017.......SUNRISE   751 AM EST   SUNSET   523 PM EST
JANUARY 16 2017.......SUNRISE   751 AM EST   SUNSET   524 PM EST


-  INDICATES NEGATIVE NUMBERS.
R  INDICATES RECORD WAS SET OR TIED.
MM INDICATES DATA IS MISSING.
T  INDICATES TRACE AMOUNT.




$$
