000
CDUS41 KCLE 140527
CLICLE


CLIMATE REPORT
NATIONAL WEATHER SERVICE CLEVELAND OH
126 AM EDT MON AUG 14 2017


...................................

...THE CLEVELAND OH CLIMATE SUMMARY FOR AUGUST 13 2017...

CLIMATE NORMAL PERIOD 1981 TO 2010
CLIMATE RECORD PERIOD 1871 TO 2017


WEATHER ITEM   OBSERVED TIME   RECORD YEAR NORMAL DEPARTURE LAST
                VALUE   (LST)  VALUE       VALUE  FROM      YEAR
                                                  NORMAL
..................................................................
TEMPERATURE (F)
 YESTERDAY
  MAXIMUM         80    236 PM  95    2002  81     -1       92
                                      1995
                                      1918
  MINIMUM         59    559 AM  47    1982  64     -5       74
                                      1967
  AVERAGE         70                        72     -2       83

PRECIPITATION (IN)
  YESTERDAY        0.00                      0.12  -0.12     0.25
  MONTH TO DATE    0.67                      1.51  -0.84     2.12
  SINCE JUN 1      8.99                      8.40   0.59     6.06
  SINCE JAN 1     31.05                     23.54   7.51    21.99

SNOWFALL (IN)
  YESTERDAY        0.0                       0.0    0.0      0.0
  MONTH TO DATE    0.0                       0.0    0.0      0.0
  SINCE JUN 1      0.0                       0.0    0.0      0.0
  SINCE JUL 1      0.0                       0.0    0.0      0.0
  SNOW DEPTH       0

DEGREE DAYS
 HEATING
  YESTERDAY        0                         0      0        0
  MONTH TO DATE    0                         0      0        0
  SINCE JUN 1     17                        46    -29       13
  SINCE JUL 1      0                         4     -4        0

 COOLING
  YESTERDAY        5                         8     -3       18
  MONTH TO DATE  103                       104     -1      196
  SINCE JUN 1    662                       537    125      795
  SINCE JAN 1    750                       596    154      876
..................................................................


WIND (MPH)
  HIGHEST WIND SPEED    14   HIGHEST WIND DIRECTION    NE (30)
  HIGHEST GUST SPEED    18   HIGHEST GUST DIRECTION     N (20)
  AVERAGE WIND SPEED     5.2


SKY COVER
  POSSIBLE SUNSHINE  MM
  AVERAGE SKY COVER 0.5


WEATHER CONDITIONS
 THE FOLLOWING WEATHER WAS RECORDED YESTERDAY.
  NO SIGNIFICANT WEATHER WAS OBSERVED.


RELATIVE HUMIDITY (PERCENT)
 HIGHEST    90           500 AM
 LOWEST     36           700 PM
 AVERAGE    63

..........................................................


THE CLEVELAND OH CLIMATE NORMALS FOR TODAY
                         NORMAL    RECORD    YEAR
 MAXIMUM TEMPERATURE (F)   81        97      1944
 MINIMUM TEMPERATURE (F)   64        46      1964


SUNRISE AND SUNSET
AUGUST 14 2017........SUNRISE   636 AM EDT   SUNSET   828 PM EDT
AUGUST 15 2017........SUNRISE   637 AM EDT   SUNSET   826 PM EDT


-  INDICATES NEGATIVE NUMBERS.
R  INDICATES RECORD WAS SET OR TIED.
MM INDICATES DATA IS MISSING.
T  INDICATES TRACE AMOUNT.




$$
