428
CDUS41 KCLE 152218
CLICLE


CLIMATE REPORT
NATIONAL WEATHER SERVICE CLEVELAND OH
517 PM EST THU FEB 15 2018


...................................

...THE CLEVELAND OH CLIMATE SUMMARY FOR FEBRUARY 15 2018...
VALID TODAY AS OF 0500 PM LOCAL TIME.

CLIMATE NORMAL PERIOD 1981 TO 2010
CLIMATE RECORD PERIOD 1871 TO 2018


WEATHER ITEM   OBSERVED TIME   RECORD YEAR NORMAL DEPARTURE LAST
                VALUE   (LST)  VALUE       VALUE  FROM      YEAR
                                                  NORMAL
..................................................................
TEMPERATURE (F)
 TODAY
  MAXIMUM         61    257 PM  67    1954  37     24       42
  MINIMUM         48    151 AM  -5    2015  24     24       28
  AVERAGE         55                        30     25       35

PRECIPITATION (IN)
  TODAY            0.03                      0.08  -0.05     0.07
  MONTH TO DATE    0.80                      1.21  -0.41     2.10
  SINCE DEC 1      4.80                      7.03  -2.23     9.53
  SINCE JAN 1      3.07                      3.93  -0.86     6.88

SNOWFALL (IN)
  TODAY            0.0                       0.5   -0.5      0.9
  MONTH TO DATE    5.8                       8.1   -2.3      2.9
  SINCE DEC 1     35.0                      40.9   -5.9     24.0
  SINCE JUL 1     35.8                      45.4   -9.6     24.9
  SNOW DEPTH       0

DEGREE DAYS
 HEATING
  TODAY           10                        35    -25       30
  MONTH TO DATE  556                       534     22      444
  SINCE DEC 1   2845                      2691    154     2381
  SINCE JUL 1   3735                      3786    -51     3097

 COOLING
  TODAY            0                         0      0        0
  MONTH TO DATE    0                         0      0        0
  SINCE DEC 1      0                         0      0        0
  SINCE JAN 1      0                         0      0        0
..................................................................


WIND (MPH)
  HIGHEST WIND SPEED    21   HIGHEST WIND DIRECTION    SW (220)
  HIGHEST GUST SPEED    28   HIGHEST GUST DIRECTION    SW (230)


SKY COVER
  POSSIBLE SUNSHINE  MM
  AVERAGE SKY COVER 1.0


WEATHER CONDITIONS
 THE FOLLOWING WEATHER WAS RECORDED TODAY.
  LIGHT RAIN
  FOG


RELATIVE HUMIDITY (PERCENT)
 HIGHEST   100           300 AM
 LOWEST     75           100 PM
 AVERAGE    88

..........................................................


THE CLEVELAND OH CLIMATE NORMALS FOR TOMORROW
                         NORMAL    RECORD    YEAR
 MAXIMUM TEMPERATURE (F)   38        72      1883
 MINIMUM TEMPERATURE (F)   24       -12      2015


SUNRISE AND SUNSET
FEBRUARY 15 2018......SUNRISE   722 AM EST   SUNSET   601 PM EST
FEBRUARY 16 2018......SUNRISE   721 AM EST   SUNSET   602 PM EST


-  INDICATES NEGATIVE NUMBERS.
R  INDICATES RECORD WAS SET OR TIED.
MM INDICATES DATA IS MISSING.
T  INDICATES TRACE AMOUNT.




$$
