000
CDUS41 KCLE 010546
CLICLE


CLIMATE REPORT
NATIONAL WEATHER SERVICE CLEVELAND OH
145 AM EDT TUE SEP 1 2015


...................................

...THE CLEVELAND OH CLIMATE SUMMARY FOR AUGUST 31 2015...

CLIMATE NORMAL PERIOD 1981 TO 2010
CLIMATE RECORD PERIOD 1871 TO 2015


WEATHER ITEM   OBSERVED TIME   RECORD YEAR NORMAL DEPARTURE LAST
                VALUE   (LST)  VALUE       VALUE  FROM      YEAR
                                                  NORMAL
..................................................................
TEMPERATURE (F)
 YESTERDAY
  MAXIMUM         85    334 PM  99    1953  79      6       80
  MINIMUM         67    603 AM  46    1890  61      6       71
  AVERAGE         76                        70      6       76

PRECIPITATION (IN)
  YESTERDAY        0.00                      0.11  -0.11      T
  MONTH TO DATE    2.85                      3.51  -0.66     4.59
  SINCE JUN 1     14.09                     10.40   3.69    14.84
  SINCE JAN 1     27.72                     25.54   2.18    31.11

SNOWFALL (IN)
  YESTERDAY        0.0                       0.0    0.0      0.0
  MONTH TO DATE    0.0                       0.0    0.0      0.0
  SINCE JUN 1      0.0                       0.0    0.0      0.0
  SINCE JUL 1      0.0                       0.0    0.0      0.0
  SNOW DEPTH       0

DEGREE DAYS
 HEATING
  YESTERDAY        0                         1     -1        0
  MONTH TO DATE   11                         3      8       11
  SINCE JUN 1     44                        54    -10       45
  SINCE JUL 1     14                        12      2       25

 COOLING
  YESTERDAY       11                         6      5       11
  MONTH TO DATE  191                       223    -32      190
  SINCE JUN 1    548                       656   -108      524
  SINCE JAN 1    669                       715    -46      590
..................................................................


WIND (MPH)
  HIGHEST WIND SPEED    13   HIGHEST WIND DIRECTION     N (10)
  HIGHEST GUST SPEED    17   HIGHEST GUST DIRECTION     W (290)
  AVERAGE WIND SPEED     5.4


SKY COVER
  POSSIBLE SUNSHINE  MM
  AVERAGE SKY COVER 0.4


WEATHER CONDITIONS
 THE FOLLOWING WEATHER WAS RECORDED YESTERDAY.
  NO SIGNIFICANT WEATHER WAS OBSERVED.


RELATIVE HUMIDITY (PERCENT)
 HIGHEST    93           500 AM
 LOWEST     55           300 PM
 AVERAGE    74

..........................................................


THE CLEVELAND OH CLIMATE NORMALS FOR TODAY
                         NORMAL    RECORD    YEAR
 MAXIMUM TEMPERATURE (F)   79       101      1953
 MINIMUM TEMPERATURE (F)   61        42      1970
                                             1874


SUNRISE AND SUNSET
SEPTEMBER  1 2015.....SUNRISE   653 AM EDT   SUNSET   801 PM EDT
SEPTEMBER  2 2015.....SUNRISE   654 AM EDT   SUNSET   759 PM EDT


-  INDICATES NEGATIVE NUMBERS.
R  INDICATES RECORD WAS SET OR TIED.
MM INDICATES DATA IS MISSING.
T  INDICATES TRACE AMOUNT.




$$
