000
CDUS41 KCLE 180526
CLICLE


CLIMATE REPORT
NATIONAL WEATHER SERVICE CLEVELAND OH
125 AM EDT MON JUL 18 2016


...................................

...THE CLEVELAND OH CLIMATE SUMMARY FOR JULY 17 2016...

CLIMATE NORMAL PERIOD 1981 TO 2010
CLIMATE RECORD PERIOD 1871 TO 2016


WEATHER ITEM   OBSERVED TIME   RECORD YEAR NORMAL DEPARTURE LAST
                VALUE   (LST)  VALUE       VALUE  FROM      YEAR
                                                  NORMAL
..................................................................
TEMPERATURE (F)
 YESTERDAY
  MAXIMUM         89    313 PM  98    2012  83      6       84
  MINIMUM         61    522 AM  49    1946  65     -4       64
  AVERAGE         75                        74      1       74

PRECIPITATION (IN)
  YESTERDAY        0.00                      0.11  -0.11     0.03
  MONTH TO DATE    1.21                      1.84  -0.63     2.51
  SINCE JUN 1      3.33                      5.27  -1.94    11.03
  SINCE JAN 1     19.26                     20.41  -1.15    24.66

SNOWFALL (IN)
  YESTERDAY        0.0                       0.0    0.0      0.0
  MONTH TO DATE    0.0                       0.0    0.0      0.0
  SINCE JUN 1      0.0                       0.0    0.0      0.0
  SINCE JUL 1      0.0                       0.0    0.0      0.0
  SNOW DEPTH       0

DEGREE DAYS
 HEATING
  YESTERDAY        0                         0      0        0
  MONTH TO DATE    0                         0      0        3
  SINCE JUN 1     13                        42    -29       33
  SINCE JUL 1      0                         0      0        3

 COOLING
  YESTERDAY       10                         9      1        9
  MONTH TO DATE  180                       148     32       68
  SINCE JUN 1    407                       316     91      215
  SINCE JAN 1    488                       375    113      336
..................................................................


WIND (MPH)
  HIGHEST WIND SPEED    21   HIGHEST WIND DIRECTION    SW (220)
  HIGHEST GUST SPEED    27   HIGHEST GUST DIRECTION    SW (230)
  AVERAGE WIND SPEED     8.8


SKY COVER
  POSSIBLE SUNSHINE  MM
  AVERAGE SKY COVER 0.5


WEATHER CONDITIONS
 THE FOLLOWING WEATHER WAS RECORDED YESTERDAY.
  NO SIGNIFICANT WEATHER WAS OBSERVED.


RELATIVE HUMIDITY (PERCENT)
 HIGHEST    90           300 AM
 LOWEST     36           300 PM
 AVERAGE    63

..........................................................


THE CLEVELAND OH CLIMATE NORMALS FOR TODAY
                         NORMAL    RECORD    YEAR
 MAXIMUM TEMPERATURE (F)   83        96      1878
 MINIMUM TEMPERATURE (F)   65        51      2014
                                             1971


SUNRISE AND SUNSET
JULY 18 2016..........SUNRISE   610 AM EDT   SUNSET   857 PM EDT
JULY 19 2016..........SUNRISE   611 AM EDT   SUNSET   856 PM EDT


-  INDICATES NEGATIVE NUMBERS.
R  INDICATES RECORD WAS SET OR TIED.
MM INDICATES DATA IS MISSING.
T  INDICATES TRACE AMOUNT.




$$
