000
CDUS41 KCLE 310545
CLICLE


CLIMATE REPORT
NATIONAL WEATHER SERVICE CLEVELAND OH
145 AM EDT SUN MAY 31 2015


...................................

...THE CLEVELAND OH CLIMATE SUMMARY FOR MAY 30 2015...

CLIMATE NORMAL PERIOD 1981 TO 2010
CLIMATE RECORD PERIOD 1871 TO 2015


WEATHER ITEM   OBSERVED TIME   RECORD YEAR NORMAL DEPARTURE LAST
                VALUE   (LST)  VALUE       VALUE  FROM      YEAR
                                                  NORMAL
..................................................................
TEMPERATURE (F)
 YESTERDAY
  MAXIMUM         MM        MM  92    1879  74     MM       73
  MINIMUM         MM        MM  32    1961  55     MM       51
  AVERAGE         MM                        64     MM       62

PRECIPITATION (IN)
  YESTERDAY        1.40                      0.12   1.28     0.00
  MONTH TO DATE    3.20                      3.53  -0.33     4.08
  SINCE MAR 1      7.94                      9.95  -2.01    11.24
  SINCE JAN 1     12.74                     15.01  -2.27    16.27

SNOWFALL (IN)
  YESTERDAY       MM                         0.0   MM        0.0
  MONTH TO DATE    0.0                       0.1   -0.1      0.0
  SINCE MAR 1      5.7                      16.0  -10.3     16.4
  SINCE JUL 1     67.1                      68.2   -1.1     86.1
  SNOW DEPTH       0

DEGREE DAYS
 HEATING
  YESTERDAY       MM                         4     MM        3
  MONTH TO DATE  127                       207    -80      179
  SINCE MAR 1   1532                      1501     31     1613
  SINCE JUL 1   6482                      5718    764     6294

 COOLING
  YESTERDAY       MM                         3     MM        0
  MONTH TO DATE  115                        48     67       59
  SINCE MAR 1    116                        59     57       66
  SINCE JAN 1    116                        59     57       66
..................................................................


WIND (MPH)
  HIGHEST WIND SPEED    13   HIGHEST WIND DIRECTION     S (190)
  HIGHEST GUST SPEED    25   HIGHEST GUST DIRECTION    NW (320)
  AVERAGE WIND SPEED    10.5


SKY COVER
  POSSIBLE SUNSHINE  MM
  AVERAGE SKY COVER 0.7


WEATHER CONDITIONS
 THE FOLLOWING WEATHER WAS RECORDED YESTERDAY.
  THUNDERSTORM
  HEAVY RAIN
  RAIN
  LIGHT RAIN
  FOG


RELATIVE HUMIDITY (PERCENT)
 HIGHEST    79           500 AM
 LOWEST     58           400 PM
 AVERAGE    69

..........................................................


THE CLEVELAND OH CLIMATE NORMALS FOR TODAY
                         NORMAL    RECORD    YEAR
 MAXIMUM TEMPERATURE (F)   74        92      1944
 MINIMUM TEMPERATURE (F)   55        39      1996
                                             1984


SUNRISE AND SUNSET
MAY 31 2015...........SUNRISE   557 AM EDT   SUNSET   854 PM EDT
JUNE  1 2015..........SUNRISE   556 AM EDT   SUNSET   854 PM EDT


-  INDICATES NEGATIVE NUMBERS.
R  INDICATES RECORD WAS SET OR TIED.
MM INDICATES DATA IS MISSING.
T  INDICATES TRACE AMOUNT.




$$
