000
CDUS41 KCLE 270530
CLICLE


CLIMATE REPORT
NATIONAL WEATHER SERVICE CLEVELAND OH
130 AM EDT THU AUG 27 2015


...................................

...THE CLEVELAND OH CLIMATE SUMMARY FOR AUGUST 26 2015...

CLIMATE NORMAL PERIOD 1981 TO 2010
CLIMATE RECORD PERIOD 1871 TO 2015


WEATHER ITEM   OBSERVED TIME   RECORD YEAR NORMAL DEPARTURE LAST
                VALUE   (LST)  VALUE       VALUE  FROM      YEAR
                                                  NORMAL
..................................................................
TEMPERATURE (F)
 YESTERDAY
  MAXIMUM         62    632 PM  97    1948  80    -18       87
  MINIMUM         56    719 AM  47    1958  62     -6       70
                                      1944
  AVERAGE         59                        71    -12       79

PRECIPITATION (IN)
  YESTERDAY        0.05                      0.12  -0.07     0.40
  MONTH TO DATE    2.46                      2.95  -0.49     4.59
  SINCE JUN 1     13.70                      9.84   3.86    14.84
  SINCE JAN 1     27.33                     24.98   2.35    31.11

SNOWFALL (IN)
  YESTERDAY        0.0                       0.0    0.0      0.0
  MONTH TO DATE    0.0                       0.0    0.0      0.0
  SINCE JUN 1      0.0                       0.0    0.0      0.0
  SINCE JUL 1      0.0                       0.0    0.0      0.0
  SNOW DEPTH       0

DEGREE DAYS
 HEATING
  YESTERDAY        6                         0      6        0
  MONTH TO DATE    9                         0      9        8
  SINCE JUN 1     42                        46     -4       42
  SINCE JUL 1     12                         4      8       22

 COOLING
  YESTERDAY        0                         6     -6       14
  MONTH TO DATE  163                       194    -31      158
  SINCE JUN 1    520                       627   -107      492
  SINCE JAN 1    641                       686    -45      558
..................................................................


WIND (MPH)
  HIGHEST WIND SPEED    13   HIGHEST WIND DIRECTION    SW (240)
  HIGHEST GUST SPEED    15   HIGHEST GUST DIRECTION     W (270)
  AVERAGE WIND SPEED     6.3


SKY COVER
  POSSIBLE SUNSHINE  MM
  AVERAGE SKY COVER 0.9


WEATHER CONDITIONS
 THE FOLLOWING WEATHER WAS RECORDED YESTERDAY.
  LIGHT RAIN


RELATIVE HUMIDITY (PERCENT)
 HIGHEST    93           300 AM
 LOWEST     78           500 PM
 AVERAGE    86

..........................................................


THE CLEVELAND OH CLIMATE NORMALS FOR TODAY
                         NORMAL    RECORD    YEAR
 MAXIMUM TEMPERATURE (F)   80       102      1948
 MINIMUM TEMPERATURE (F)   62        49      1963
                                             1946
                                             1945


SUNRISE AND SUNSET
AUGUST 27 2015........SUNRISE   648 AM EDT   SUNSET   809 PM EDT
AUGUST 28 2015........SUNRISE   649 AM EDT   SUNSET   807 PM EDT


-  INDICATES NEGATIVE NUMBERS.
R  INDICATES RECORD WAS SET OR TIED.
MM INDICATES DATA IS MISSING.
T  INDICATES TRACE AMOUNT.




$$
