218
CDUS41 KCLE 180545
CLICLE


CLIMATE REPORT
NATIONAL WEATHER SERVICE CLEVELAND OH
145 AM EDT MON SEP 18 2017


...................................

...THE CLEVELAND OH CLIMATE SUMMARY FOR SEPTEMBER 17 2017...

CLIMATE NORMAL PERIOD 1981 TO 2010
CLIMATE RECORD PERIOD 1871 TO 2017


WEATHER ITEM   OBSERVED TIME   RECORD YEAR NORMAL DEPARTURE LAST
                VALUE   (LST)  VALUE       VALUE  FROM      YEAR
                                                  NORMAL
..................................................................
TEMPERATURE (F)
 YESTERDAY
  MAXIMUM         85    325 PM  95    1955  74     11       82
  MINIMUM         63    644 AM  37    1984  56      7       70
  AVERAGE         74                        65      9       76

PRECIPITATION (IN)
  YESTERDAY        0.00                      0.13  -0.13     1.09
  MONTH TO DATE    0.81                      2.13  -1.32     3.40
  SINCE SEP 1      0.81                      2.13  -1.32     3.40
  SINCE JAN 1     32.44                     27.67   4.77    26.77

SNOWFALL (IN)
  YESTERDAY        0.0                       0.0    0.0      0.0
  MONTH TO DATE    0.0                       0.0    0.0      0.0
  SINCE SEP 1      0.0                       0.0    0.0      0.0
  SINCE JUL 1      0.0                       0.0    0.0      0.0
  SNOW DEPTH       0

DEGREE DAYS
 HEATING
  YESTERDAY        0                         3     -3        0
  MONTH TO DATE   28                        27      1        0
  SINCE SEP 1     28                        27      1        0
  SINCE JUL 1     30                        39     -9        0

 COOLING
  YESTERDAY        9                         3      6       11
  MONTH TO DATE   49                        67    -18      132
  SINCE SEP 1     49                        67    -18      132
  SINCE JAN 1    940                       782    158     1216
..................................................................


WIND (MPH)
  HIGHEST WIND SPEED    12   HIGHEST WIND DIRECTION     N (360)
  HIGHEST GUST SPEED    14   HIGHEST GUST DIRECTION     N (350)
  AVERAGE WIND SPEED     3.5


SKY COVER
  POSSIBLE SUNSHINE  MM
  AVERAGE SKY COVER 0.4


WEATHER CONDITIONS
 THE FOLLOWING WEATHER WAS RECORDED YESTERDAY.
  FOG


RELATIVE HUMIDITY (PERCENT)
 HIGHEST    93           300 AM
 LOWEST     48           100 PM
 AVERAGE    71

..........................................................


THE CLEVELAND OH CLIMATE NORMALS FOR TODAY
                         NORMAL    RECORD    YEAR
 MAXIMUM TEMPERATURE (F)   73        94      1955
 MINIMUM TEMPERATURE (F)   55        39      1959


SUNRISE AND SUNSET
SEPTEMBER 18 2017.....SUNRISE   711 AM EDT   SUNSET   731 PM EDT
SEPTEMBER 19 2017.....SUNRISE   712 AM EDT   SUNSET   729 PM EDT


-  INDICATES NEGATIVE NUMBERS.
R  INDICATES RECORD WAS SET OR TIED.
MM INDICATES DATA IS MISSING.
T  INDICATES TRACE AMOUNT.




$$
