000
CDUS41 KCLE 170545
CLICLE


CLIMATE REPORT
NATIONAL WEATHER SERVICE CLEVELAND OH
145 AM EDT SAT JUN 17 2017


...................................

...THE CLEVELAND OH CLIMATE SUMMARY FOR JUNE 16 2017...

CLIMATE NORMAL PERIOD 1981 TO 2010
CLIMATE RECORD PERIOD 1871 TO 2017


WEATHER ITEM   OBSERVED TIME   RECORD YEAR NORMAL DEPARTURE LAST
                VALUE   (LST)  VALUE       VALUE  FROM      YEAR
                                                  NORMAL
..................................................................
TEMPERATURE (F)
 YESTERDAY
  MAXIMUM         91    528 PM  96    1952  79     12       82
  MINIMUM         70    538 AM  39    1961  60     10       68
  AVERAGE         81                        70     11       75

PRECIPITATION (IN)
  YESTERDAY        T                         0.11  -0.11     1.26
  MONTH TO DATE    0.66                      1.86  -1.20     1.77
  SINCE JUN 1      0.66                      1.86  -1.20     1.77
  SINCE JAN 1     22.72                     17.00   5.72    17.70

SNOWFALL (IN)
  YESTERDAY        0.0                       0.0    0.0      0.0
  MONTH TO DATE    0.0                       0.0    0.0      0.0
  SINCE JUN 1      0.0                       0.0    0.0      0.0
  SINCE JUL 1     37.3                      68.1  -30.8     32.8
  SNOW DEPTH       0

DEGREE DAYS
 HEATING
  YESTERDAY        0                         1     -1        0
  MONTH TO DATE   15                        32    -17       13
  SINCE JUN 1     15                        32    -17       13
  SINCE JUL 1   4565                      5752  -1187     4959

 COOLING
  YESTERDAY       16                         6     10       10
  MONTH TO DATE  128                        69     59      112
  SINCE JUN 1    128                        69     59      112
  SINCE JAN 1    216                       128     88      193
..................................................................


WIND (MPH)
  HIGHEST WIND SPEED    18   HIGHEST WIND DIRECTION    NW (330)
  HIGHEST GUST SPEED    23   HIGHEST GUST DIRECTION    NW (320)
  AVERAGE WIND SPEED     6.5


SKY COVER
  POSSIBLE SUNSHINE  MM
  AVERAGE SKY COVER 0.6


WEATHER CONDITIONS
 THE FOLLOWING WEATHER WAS RECORDED YESTERDAY.
  NO SIGNIFICANT WEATHER WAS OBSERVED.


RELATIVE HUMIDITY (PERCENT)
 HIGHEST    84           500 AM
 LOWEST     32           600 PM
 AVERAGE    58

..........................................................


THE CLEVELAND OH CLIMATE NORMALS FOR TODAY
                         NORMAL    RECORD    YEAR
 MAXIMUM TEMPERATURE (F)   79        93      1994
 MINIMUM TEMPERATURE (F)   61        38      1980


SUNRISE AND SUNSET
JUNE 17 2017..........SUNRISE   553 AM EDT   SUNSET   903 PM EDT
JUNE 18 2017..........SUNRISE   554 AM EDT   SUNSET   904 PM EDT


-  INDICATES NEGATIVE NUMBERS.
R  INDICATES RECORD WAS SET OR TIED.
MM INDICATES DATA IS MISSING.
T  INDICATES TRACE AMOUNT.




$$
