000
CDUS41 KCLE 270528
CLICLE


CLIMATE REPORT
NATIONAL WEATHER SERVICE CLEVELAND OH
128 AM EDT SAT SEP 27 2014


...................................

...THE CLEVELAND OH CLIMATE SUMMARY FOR SEPTEMBER 26 2014...

CLIMATE NORMAL PERIOD 1981 TO 2010
CLIMATE RECORD PERIOD 1871 TO 2014


WEATHER ITEM   OBSERVED TIME   RECORD YEAR NORMAL DEPARTURE LAST
                VALUE   (LST)  VALUE       VALUE  FROM      YEAR
                                                  NORMAL
..................................................................
TEMPERATURE (F)
 YESTERDAY
  MAXIMUM         73    156 PM  91    1998  70      3       72
  MINIMUM         50    440 AM  36    1928  52     -2       46
                                      1887
  AVERAGE         62                        61      1       59

PRECIPITATION (IN)
  YESTERDAY        0.00                      0.13  -0.13     0.00
  MONTH TO DATE    4.18                      3.31   0.87     1.87
  SINCE SEP 1      4.18                      3.31   0.87     1.87
  SINCE JAN 1     35.29                     28.85   6.44    30.08

SNOWFALL (IN)
  YESTERDAY        0.0                       0.0    0.0      0.0
  MONTH TO DATE    0.0                       0.0    0.0      0.0
  SINCE SEP 1      0.0                       0.0    0.0      0.0
  SINCE JUL 1      0.0                       0.0    0.0      0.0
  SNOW DEPTH       0

DEGREE DAYS
 HEATING
  YESTERDAY        3                         5     -2        6
  MONTH TO DATE  105                        65     40       81
  SINCE SEP 1    105                        65     40       81
  SINCE JUL 1    130                        77     53       88

 COOLING
  YESTERDAY        0                         1     -1        0
  MONTH TO DATE   63                        83    -20       93
  SINCE SEP 1     63                        83    -20       93
  SINCE JAN 1    653                       798   -145      855
..................................................................


WIND (MPH)
  HIGHEST WIND SPEED    14   HIGHEST WIND DIRECTION     N (20)
  HIGHEST GUST SPEED    17   HIGHEST GUST DIRECTION    NE (30)
  AVERAGE WIND SPEED     4.3


SKY COVER
  POSSIBLE SUNSHINE  MM
  AVERAGE SKY COVER 0.1


WEATHER CONDITIONS
 THE FOLLOWING WEATHER WAS RECORDED YESTERDAY.
  FOG


RELATIVE HUMIDITY (PERCENT)
 HIGHEST   100           200 AM
 LOWEST     57          1100 AM
 AVERAGE    79

..........................................................


THE CLEVELAND OH CLIMATE NORMALS FOR TODAY
                         NORMAL    RECORD    YEAR
 MAXIMUM TEMPERATURE (F)   69        88      1946
 MINIMUM TEMPERATURE (F)   52        33      1947


SUNRISE AND SUNSET
SEPTEMBER 27 2014.....SUNRISE   720 AM EDT   SUNSET   716 PM EDT
SEPTEMBER 28 2014.....SUNRISE   721 AM EDT   SUNSET   714 PM EDT


-  INDICATES NEGATIVE NUMBERS.
R  INDICATES RECORD WAS SET OR TIED.
MM INDICATES DATA IS MISSING.
T  INDICATES TRACE AMOUNT.




$$
