000
CDUS41 KCLE 260539
CLICLE


CLIMATE REPORT
NATIONAL WEATHER SERVICE CLEVELAND OH
126 AM EDT SUN JUL 26 2015


...................................

...THE CLEVELAND OH CLIMATE SUMMARY FOR JULY 25 2015...

CLIMATE NORMAL PERIOD 1981 TO 2010
CLIMATE RECORD PERIOD 1871 TO 2015


WEATHER ITEM   OBSERVED TIME   RECORD YEAR NORMAL DEPARTURE LAST
                VALUE   (LST)  VALUE       VALUE  FROM      YEAR
                                                  NORMAL
..................................................................
TEMPERATURE (F)
 YESTERDAY
  MAXIMUM         88    330 PM  99    1941  82      6       76
  MINIMUM         63    539 AM  47    1953  65     -2       51
  AVERAGE         76                        73      3       64

PRECIPITATION (IN)
  YESTERDAY        0.01                      0.12  -0.11     0.03
  MONTH TO DATE    2.54                      2.76  -0.22     2.08
  SINCE JUN 1     11.06                      6.19   4.87     8.34
  SINCE JAN 1     24.69                     21.33   3.36    24.61

SNOWFALL (IN)
  YESTERDAY        0.0                       0.0    0.0      0.0
  MONTH TO DATE    0.0                       0.0    0.0      0.0
  SINCE JUN 1      0.0                       0.0    0.0      0.0
  SINCE JUL 1      0.0                       0.0    0.0      0.0
  SNOW DEPTH       0

DEGREE DAYS
 HEATING
  YESTERDAY        0                         0      0        1
  MONTH TO DATE    3                         0      3        9
  SINCE JUN 1     33                        42     -9       29
  SINCE JUL 1      3                         0      3        9

 COOLING
  YESTERDAY       11                         9      2        0
  MONTH TO DATE  142                       220    -78      133
  SINCE JUN 1    289                       388    -99      315
  SINCE JAN 1    410                       447    -37      381
..................................................................


WIND (MPH)
  HIGHEST WIND SPEED    17   HIGHEST WIND DIRECTION    SW (240)
  HIGHEST GUST SPEED    24   HIGHEST GUST DIRECTION    SW (240)
  AVERAGE WIND SPEED     8.9


SKY COVER
  POSSIBLE SUNSHINE  MM
  AVERAGE SKY COVER 0.3


WEATHER CONDITIONS
 THE FOLLOWING WEATHER WAS RECORDED YESTERDAY.
  LIGHT RAIN


RELATIVE HUMIDITY (PERCENT)
 HIGHEST    81           100 AM
 LOWEST     40           200 PM
 AVERAGE    61

..........................................................


THE CLEVELAND OH CLIMATE NORMALS FOR TODAY
                         NORMAL    RECORD    YEAR
 MAXIMUM TEMPERATURE (F)   82        99      1941
 MINIMUM TEMPERATURE (F)   65        46      1946


SUNRISE AND SUNSET
JULY 26 2015..........SUNRISE   616 AM EDT   SUNSET   851 PM EDT
JULY 27 2015..........SUNRISE   617 AM EDT   SUNSET   850 PM EDT


-  INDICATES NEGATIVE NUMBERS.
R  INDICATES RECORD WAS SET OR TIED.
MM INDICATES DATA IS MISSING.
T  INDICATES TRACE AMOUNT.




$$
