000
CDUS41 KCLE 222222
CLICLE


CLIMATE REPORT
NATIONAL WEATHER SERVICE CLEVELAND OH
522 PM EST THU JAN 22 2015


...................................

...THE CLEVELAND OH CLIMATE SUMMARY FOR JANUARY 22 2015...
VALID TODAY AS OF 0500 PM LOCAL TIME.

CLIMATE NORMAL PERIOD 1981 TO 2010
CLIMATE RECORD PERIOD 1871 TO 2015


WEATHER ITEM   OBSERVED TIME   RECORD YEAR NORMAL DEPARTURE LAST
                VALUE   (LST)  VALUE       VALUE  FROM      YEAR
                                                  NORMAL
..................................................................
TEMPERATURE (F)
 TODAY
  MAXIMUM         27    359 PM  71    1906  34     -7       12
  MINIMUM         24    809 AM -10    1936  22      2        5
  AVERAGE         26                        28     -2        9

PRECIPITATION (IN)
  TODAY            0.02                      0.08  -0.06     0.01
  MONTH TO DATE    2.64                      2.00   0.64     1.53
  SINCE DEC 1      4.59                      5.10  -0.51     5.63
  SINCE JAN 1      2.64                      2.00   0.64     1.53

SNOWFALL (IN)
  TODAY            0.4                       0.6   -0.2      0.4
  MONTH TO DATE   13.0                      13.2   -0.2     14.1
  SINCE DEC 1     13.9                      27.3  -13.4     31.6
  SINCE JUL 1     33.3                      31.8    1.5     36.3
  SNOW DEPTH       2

DEGREE DAYS
 HEATING
  TODAY           39                        37      2       56
  MONTH TO DATE  916                       813    103      892
  SINCE DEC 1   1823                      1825     -2     1907
  SINCE JUL 1   3157                      2920    237     3056

 COOLING
  TODAY            0                         0      0        0
  MONTH TO DATE    0                         0      0        0
  SINCE DEC 1      0                         0      0        0
  SINCE JAN 1      0                         0      0        0
..................................................................


WIND (MPH)
  HIGHEST WIND SPEED    12   HIGHEST WIND DIRECTION     W (290)
  HIGHEST GUST SPEED    13   HIGHEST GUST DIRECTION     W (290)


SKY COVER
  POSSIBLE SUNSHINE  MM
  AVERAGE SKY COVER 0.9


WEATHER CONDITIONS
 THE FOLLOWING WEATHER WAS RECORDED TODAY.
  LIGHT SNOW
  FOG


RELATIVE HUMIDITY (PERCENT)
 HIGHEST    92          1200 PM
 LOWEST     75           400 PM
 AVERAGE    84

..........................................................


THE CLEVELAND OH CLIMATE NORMALS FOR TOMORROW
                         NORMAL    RECORD    YEAR
 MAXIMUM TEMPERATURE (F)   34        68      1967
 MINIMUM TEMPERATURE (F)   22       -17      1963


SUNRISE AND SUNSET
JANUARY 22 2015.......SUNRISE   747 AM EST   SUNSET   531 PM EST
JANUARY 23 2015.......SUNRISE   747 AM EST   SUNSET   532 PM EST


-  INDICATES NEGATIVE NUMBERS.
R  INDICATES RECORD WAS SET OR TIED.
MM INDICATES DATA IS MISSING.
T  INDICATES TRACE AMOUNT.




$$
