000
CDUS41 KCLE 080541
CLICLE


CLIMATE REPORT
NATIONAL WEATHER SERVICE CLEVELAND OH
1241 AM EST FRI DEC 8 2017


...................................

...THE CLEVELAND OH CLIMATE SUMMARY FOR DECEMBER 7 2017...

CLIMATE NORMAL PERIOD 1981 TO 2010
CLIMATE RECORD PERIOD 1871 TO 2017


WEATHER ITEM   OBSERVED TIME   RECORD YEAR NORMAL DEPARTURE LAST
                VALUE   (LST)  VALUE       VALUE  FROM      YEAR
                                                  NORMAL
..................................................................
TEMPERATURE (F)
 YESTERDAY
  MAXIMUM         35   1218 PM  67    1998  41     -6       39
  MINIMUM         25   1159 PM  -5    1882  29     -4       31
  AVERAGE         30                        35     -5       35

PRECIPITATION (IN)
  YESTERDAY        T                         0.10  -0.10     0.00
  MONTH TO DATE    0.21                      0.73  -0.52     0.69
  SINCE DEC 1      0.21                      0.73  -0.52     0.69
  SINCE JAN 1     42.28                     36.77   5.51    34.51

SNOWFALL (IN)
  YESTERDAY        T                         0.4   -0.4      0.0
  MONTH TO DATE    T                         2.4   -2.4      0.2
  SINCE DEC 1      T                         2.4   -2.4      0.2
  SINCE JUL 1      0.8                       6.9   -6.1      1.1
  SNOW DEPTH       0

DEGREE DAYS
 HEATING
  YESTERDAY       35                        30      5       30
  MONTH TO DATE  178                       201    -23      193
  SINCE DEC 1    178                       201    -23      193
  SINCE JUL 1   1068                      1296   -228      909

 COOLING
  YESTERDAY        0                         0      0        0
  MONTH TO DATE    0                         0      0        0
  SINCE DEC 1      0                         0      0        0
  SINCE JAN 1   1113                       817    296     1320
..................................................................


WIND (MPH)
  HIGHEST WIND SPEED    24   HIGHEST WIND DIRECTION    SW (240)
  HIGHEST GUST SPEED    30   HIGHEST GUST DIRECTION    SW (240)
  AVERAGE WIND SPEED    14.2


SKY COVER
  POSSIBLE SUNSHINE  MM
  AVERAGE SKY COVER 0.6


WEATHER CONDITIONS
 THE FOLLOWING WEATHER WAS RECORDED YESTERDAY.
  LIGHT SNOW


RELATIVE HUMIDITY (PERCENT)
 HIGHEST    75           300 PM
 LOWEST     49          1200 AM
 AVERAGE    62

..........................................................


THE CLEVELAND OH CLIMATE NORMALS FOR TODAY
                         NORMAL    RECORD    YEAR
 MAXIMUM TEMPERATURE (F)   41        67      1966
 MINIMUM TEMPERATURE (F)   29        -9      1882


SUNRISE AND SUNSET
DECEMBER  8 2017......SUNRISE   741 AM EST   SUNSET   458 PM EST
DECEMBER  9 2017......SUNRISE   742 AM EST   SUNSET   458 PM EST


-  INDICATES NEGATIVE NUMBERS.
R  INDICATES RECORD WAS SET OR TIED.
MM INDICATES DATA IS MISSING.
T  INDICATES TRACE AMOUNT.




$$
