000
CDUS41 KCLE 170527
CLICLE


CLIMATE REPORT
NATIONAL WEATHER SERVICE CLEVELAND OH
127 AM EDT MON APR 17 2017


...................................

...THE CLEVELAND OH CLIMATE SUMMARY FOR APRIL 16 2017...

CLIMATE NORMAL PERIOD 1981 TO 2010
CLIMATE RECORD PERIOD 1871 TO 2017


WEATHER ITEM   OBSERVED TIME   RECORD YEAR NORMAL DEPARTURE LAST
                VALUE   (LST)  VALUE       VALUE  FROM      YEAR
                                                  NORMAL
..................................................................
TEMPERATURE (F)
 YESTERDAY
  MAXIMUM         80    217 PM  85    2002  59     21       73
  MINIMUM         62   1159 PM  18    1875  41     21       48
  AVERAGE         71                        50     21       61

PRECIPITATION (IN)
  YESTERDAY        0.00                      0.12  -0.12     0.00
  MONTH TO DATE    1.63                      1.95  -0.32     2.62
  SINCE MAR 1      5.65                      4.88   0.77     6.79
  SINCE JAN 1     13.11                      9.94   3.17    11.38

SNOWFALL (IN)
  YESTERDAY        0.0                       0.1   -0.1      0.0
  MONTH TO DATE    2.8                       2.7    0.1      7.8
  SINCE MAR 1     12.1                      15.3   -3.2     11.0
  SINCE JUL 1     37.3                      67.5  -30.2     32.8
  SNOW DEPTH       0

DEGREE DAYS
 HEATING
  YESTERDAY        0                        15    -15        4
  MONTH TO DATE  172                       289   -117      364
  SINCE MAR 1    963                      1115   -152      987
  SINCE JUL 1   4274                      5332  -1058     4578

 COOLING
  YESTERDAY        6                         0      6        0
  MONTH TO DATE   16                         0     16        0
  SINCE MAR 1     16                         1     15        0
  SINCE JAN 1     16                         1     15        0
..................................................................


WIND (MPH)
  HIGHEST WIND SPEED    29   HIGHEST WIND DIRECTION     W (260)
  HIGHEST GUST SPEED    40   HIGHEST GUST DIRECTION    SW (240)
  AVERAGE WIND SPEED    14.9


SKY COVER
  POSSIBLE SUNSHINE  MM
  AVERAGE SKY COVER 0.7


WEATHER CONDITIONS
 THE FOLLOWING WEATHER WAS RECORDED YESTERDAY.
  NO SIGNIFICANT WEATHER WAS OBSERVED.


RELATIVE HUMIDITY (PERCENT)
 HIGHEST    72          1000 PM
 LOWEST     42           100 PM
 AVERAGE    57

..........................................................


THE CLEVELAND OH CLIMATE NORMALS FOR TODAY
                         NORMAL    RECORD    YEAR
 MAXIMUM TEMPERATURE (F)   60        84      1896
 MINIMUM TEMPERATURE (F)   41        15      1875


SUNRISE AND SUNSET
APRIL 17 2017.........SUNRISE   644 AM EDT   SUNSET   810 PM EDT
APRIL 18 2017.........SUNRISE   643 AM EDT   SUNSET   811 PM EDT


-  INDICATES NEGATIVE NUMBERS.
R  INDICATES RECORD WAS SET OR TIED.
MM INDICATES DATA IS MISSING.
T  INDICATES TRACE AMOUNT.




$$
