982
CDUS41 KCLE 270536
CLICLE


CLIMATE REPORT
NATIONAL WEATHER SERVICE CLEVELAND OH
134 AM EDT WED APR 27 2016


...................................

...THE CLEVELAND OH CLIMATE SUMMARY FOR APRIL 26 2016...

CLIMATE NORMAL PERIOD 1981 TO 2010
CLIMATE RECORD PERIOD 1871 TO 2016


WEATHER ITEM   OBSERVED TIME   RECORD YEAR NORMAL DEPARTURE LAST
                VALUE   (LST)  VALUE       VALUE  FROM      YEAR
                                                  NORMAL
..................................................................
TEMPERATURE (F)
 YESTERDAY
  MAXIMUM         70    917 AM  87    1948  63      7       54
  MINIMUM         42   1159 PM  26    1972  44     -2       35
  AVERAGE         56                        54      2       45

PRECIPITATION (IN)
  YESTERDAY        0.38                      0.11   0.27     0.00
  MONTH TO DATE    3.15                      3.07   0.08     2.71
  SINCE MAR 1      7.32                      6.00   1.32     4.68
  SINCE JAN 1     11.91                     11.06   0.85     9.48

SNOWFALL (IN)
  YESTERDAY        0.0                       0.0    0.0      0.0
  MONTH TO DATE    7.8                       3.2    4.6      0.9
  SINCE MAR 1     11.0                      15.8   -4.8      5.7
  SINCE JUL 1     32.8                      68.0  -35.2     67.1
  SNOW DEPTH       0

DEGREE DAYS
 HEATING
  YESTERDAY        9                        12     -3       20
  MONTH TO DATE  450                       424     26      372
  SINCE MAR 1   1073                      1250   -177     1327
  SINCE JUL 1   4664                      5467   -803     6277

 COOLING
  YESTERDAY        0                         1     -1        0
  MONTH TO DATE    0                         6     -6        1
  SINCE MAR 1      0                         7     -7        1
  SINCE JAN 1      0                         7     -7        1
..................................................................


WIND (MPH)
  HIGHEST WIND SPEED    35   HIGHEST WIND DIRECTION    NW (320)
  HIGHEST GUST SPEED    44   HIGHEST GUST DIRECTION    NW (320)
  AVERAGE WIND SPEED    13.1


SKY COVER
  POSSIBLE SUNSHINE  MM
  AVERAGE SKY COVER 0.9


WEATHER CONDITIONS
 THE FOLLOWING WEATHER WAS RECORDED YESTERDAY.
  THUNDERSTORM
  RAIN
  FOG
  HAZE


RELATIVE HUMIDITY (PERCENT)
 HIGHEST    96           400 AM
 LOWEST     51           100 AM
 AVERAGE    74

..........................................................


THE CLEVELAND OH CLIMATE NORMALS FOR TODAY
                         NORMAL    RECORD    YEAR
 MAXIMUM TEMPERATURE (F)   64        86      1990
                                             1957
 MINIMUM TEMPERATURE (F)   44        27      1971


SUNRISE AND SUNSET
APRIL 27 2016.........SUNRISE   629 AM EDT   SUNSET   821 PM EDT
APRIL 28 2016.........SUNRISE   628 AM EDT   SUNSET   822 PM EDT


-  INDICATES NEGATIVE NUMBERS.
R  INDICATES RECORD WAS SET OR TIED.
MM INDICATES DATA IS MISSING.
T  INDICATES TRACE AMOUNT.




$$
