000
CDUS41 KCLE 222114
CLICLE


CLIMATE REPORT
NATIONAL WEATHER SERVICE CLEVELAND OH
512 PM EDT SAT AUG 22 2015


...................................

...THE CLEVELAND OH CLIMATE SUMMARY FOR AUGUST 22 2015...
VALID TODAY AS OF 0500 PM LOCAL TIME.

CLIMATE NORMAL PERIOD 1981 TO 2010
CLIMATE RECORD PERIOD 1871 TO 2015


WEATHER ITEM   OBSERVED TIME   RECORD YEAR NORMAL DEPARTURE LAST
                VALUE   (LST)  VALUE       VALUE  FROM      YEAR
                                                  NORMAL
..................................................................
TEMPERATURE (F)
 TODAY
  MAXIMUM         79    200 PM  94    1936  80     -1       83
                                      1924
  MINIMUM         54    613 AM  45    1982  63     -9       68
  AVERAGE         67                        72     -5       76

PRECIPITATION (IN)
  TODAY            0.00                      0.10  -0.10     0.04
  MONTH TO DATE    2.35                      2.50  -0.15     4.19
  SINCE JUN 1     13.59                      9.39   4.20    14.44
  SINCE JAN 1     27.22                     24.53   2.69    30.71

SNOWFALL (IN)
  TODAY            0.0                       0.0    0.0      0.0
  MONTH TO DATE    0.0                       0.0    0.0      0.0
  SINCE JUN 1      0.0                       0.0    0.0      0.0
  SINCE JUL 1      0.0                       0.0    0.0      0.0
  SNOW DEPTH       0

DEGREE DAYS
 HEATING
  TODAY            0                         0      0        0
  MONTH TO DATE    0                         0      0        8
  SINCE JUN 1     33                        46    -13       42
  SINCE JUL 1      3                         4     -1       22

 COOLING
  TODAY            2                         7     -5       11
  MONTH TO DATE  155                       168    -13      114
  SINCE JUN 1    512                       601    -89      448
  SINCE JAN 1    633                       660    -27      514
..................................................................


WIND (MPH)
  HIGHEST WIND SPEED    16   HIGHEST WIND DIRECTION    NE (30)
  HIGHEST GUST SPEED    19   HIGHEST GUST DIRECTION    NE (30)


SKY COVER
  POSSIBLE SUNSHINE  MM
  AVERAGE SKY COVER 0.1


WEATHER CONDITIONS
 THE FOLLOWING WEATHER WAS RECORDED TODAY.
  NO SIGNIFICANT WEATHER WAS OBSERVED.


RELATIVE HUMIDITY (PERCENT)
 HIGHEST    83           500 AM
 LOWEST     40           100 PM
 AVERAGE    62

..........................................................


THE CLEVELAND OH CLIMATE NORMALS FOR TOMORROW
                         NORMAL    RECORD    YEAR
 MAXIMUM TEMPERATURE (F)   80        93      1954
                                             1914
 MINIMUM TEMPERATURE (F)   63        48      1969
                                             1946
                                             1888


SUNRISE AND SUNSET
AUGUST 22 2015........SUNRISE   643 AM EDT   SUNSET   817 PM EDT
AUGUST 23 2015........SUNRISE   644 AM EDT   SUNSET   815 PM EDT


-  INDICATES NEGATIVE NUMBERS.
R  INDICATES RECORD WAS SET OR TIED.
MM INDICATES DATA IS MISSING.
T  INDICATES TRACE AMOUNT.




$$
