000
CDUS41 KCLE 010526
CLICLE


CLIMATE REPORT
NATIONAL WEATHER SERVICE CLEVELAND OH
1226 AM EST THU DEC 1 2016


...................................

...THE CLEVELAND OH CLIMATE SUMMARY FOR NOVEMBER 30 2016...

CLIMATE NORMAL PERIOD 1981 TO 2010
CLIMATE RECORD PERIOD 1871 TO 2016


WEATHER ITEM   OBSERVED TIME   RECORD YEAR NORMAL DEPARTURE LAST
                VALUE   (LST)  VALUE       VALUE  FROM      YEAR
                                                  NORMAL
..................................................................
TEMPERATURE (F)
 YESTERDAY
  MAXIMUM         62    337 PM  71    1934  44     18       47
  MINIMUM         43   1159 PM   3    1976  32     11       27
  AVERAGE         53                        38     15       37

PRECIPITATION (IN)
  YESTERDAY        0.41                      0.11   0.30     0.00
  MONTH TO DATE    2.11                      3.62  -1.51     2.31
  SINCE SEP 1     10.45                     10.50  -0.05     9.39
  SINCE JAN 1     33.82                     36.04  -2.22    37.11

SNOWFALL (IN)
  YESTERDAY        0.0                       0.2   -0.2      0.0
  MONTH TO DATE    0.9                       4.3   -3.4      0.8
  SINCE SEP 1      0.9                       4.5   -3.6      0.9
  SINCE JUL 1      0.9                       4.5   -3.6      0.9
  SNOW DEPTH       0

DEGREE DAYS
 HEATING
  YESTERDAY       12                        27    -15       28
  MONTH TO DATE  487                       636   -149      501
  SINCE SEP 1    716                      1083   -367      851
  SINCE JUL 1    716                      1095   -379      865

 COOLING
  YESTERDAY        0                         0      0        0
  MONTH TO DATE    8                         1      7        4
  SINCE SEP 1    236                       102    134      162
  SINCE JAN 1   1320                       817    503      831
..................................................................


WIND (MPH)
  HIGHEST WIND SPEED    23   HIGHEST WIND DIRECTION     W (260)
  HIGHEST GUST SPEED    30   HIGHEST GUST DIRECTION     W (260)
  AVERAGE WIND SPEED    12.5


SKY COVER
  POSSIBLE SUNSHINE  MM
  AVERAGE SKY COVER 0.9


WEATHER CONDITIONS
 THE FOLLOWING WEATHER WAS RECORDED YESTERDAY.
  THUNDERSTORM
  HEAVY RAIN
  RAIN
  LIGHT RAIN
  FOG


RELATIVE HUMIDITY (PERCENT)
 HIGHEST    83           700 PM
 LOWEST     43           400 AM
 AVERAGE    63

..........................................................


THE CLEVELAND OH CLIMATE NORMALS FOR TODAY
                         NORMAL    RECORD    YEAR
 MAXIMUM TEMPERATURE (F)   44        65      1970
 MINIMUM TEMPERATURE (F)   32         7      1929
                                             1874


SUNRISE AND SUNSET
DECEMBER  1 2016......SUNRISE   735 AM EST   SUNSET   459 PM EST
DECEMBER  2 2016......SUNRISE   736 AM EST   SUNSET   458 PM EST


-  INDICATES NEGATIVE NUMBERS.
R  INDICATES RECORD WAS SET OR TIED.
MM INDICATES DATA IS MISSING.
T  INDICATES TRACE AMOUNT.




$$
