000
CDUS41 KCLE 130545
CLICLE


CLIMATE REPORT
NATIONAL WEATHER SERVICE CLEVELAND OH
145 AM EDT THU APR 13 2017


...................................

...THE CLEVELAND OH CLIMATE SUMMARY FOR APRIL 12 2017...

CLIMATE NORMAL PERIOD 1981 TO 2010
CLIMATE RECORD PERIOD 1871 TO 2017


WEATHER ITEM   OBSERVED TIME   RECORD YEAR NORMAL DEPARTURE LAST
                VALUE   (LST)  VALUE       VALUE  FROM      YEAR
                                                  NORMAL
..................................................................
TEMPERATURE (F)
 YESTERDAY
  MAXIMUM         58    346 PM  82    2001  58      0       44
                                      1977
                                      1896
  MINIMUM         47   1054 PM  20    1939  39      8       34
  AVERAGE         53                        48      5       39

PRECIPITATION (IN)
  YESTERDAY        0.00                      0.13  -0.13     0.00
  MONTH TO DATE    1.61                      1.47   0.14     2.62
  SINCE MAR 1      5.63                      4.40   1.23     6.79
  SINCE JAN 1     13.09                      9.46   3.63    11.38

SNOWFALL (IN)
  YESTERDAY        0.0                       0.1   -0.1      0.0
  MONTH TO DATE    2.8                       2.2    0.6      7.8
  SINCE MAR 1     12.1                      14.8   -2.7     11.0
  SINCE JUL 1     37.3                      67.0  -29.7     32.8
  SNOW DEPTH       0

DEGREE DAYS
 HEATING
  YESTERDAY       12                        17     -5       26
  MONTH TO DATE  149                       226    -77      300
  SINCE MAR 1    940                      1052   -112      923
  SINCE JUL 1   4251                      5269  -1018     4514

 COOLING
  YESTERDAY        0                         0      0        0
  MONTH TO DATE    6                         0      6        0
  SINCE MAR 1      6                         1      5        0
  SINCE JAN 1      6                         1      5        0
..................................................................


WIND (MPH)
  HIGHEST WIND SPEED    16   HIGHEST WIND DIRECTION    NW (310)
  HIGHEST GUST SPEED    20   HIGHEST GUST DIRECTION     W (290)
  AVERAGE WIND SPEED     8.3


SKY COVER
  POSSIBLE SUNSHINE  MM
  AVERAGE SKY COVER 0.7


WEATHER CONDITIONS
 THE FOLLOWING WEATHER WAS RECORDED YESTERDAY.
  NO SIGNIFICANT WEATHER WAS OBSERVED.


RELATIVE HUMIDITY (PERCENT)
 HIGHEST    66           100 AM
 LOWEST     43           500 PM
 AVERAGE    55

..........................................................


THE CLEVELAND OH CLIMATE NORMALS FOR TODAY
                         NORMAL    RECORD    YEAR
 MAXIMUM TEMPERATURE (F)   58        83      1941
 MINIMUM TEMPERATURE (F)   40        20      1950


SUNRISE AND SUNSET
APRIL 13 2017.........SUNRISE   651 AM EDT   SUNSET   806 PM EDT
APRIL 14 2017.........SUNRISE   649 AM EDT   SUNSET   807 PM EDT


-  INDICATES NEGATIVE NUMBERS.
R  INDICATES RECORD WAS SET OR TIED.
MM INDICATES DATA IS MISSING.
T  INDICATES TRACE AMOUNT.




$$
