000
CDUS41 KCLE 250536
CLICLE


CLIMATE REPORT
NATIONAL WEATHER SERVICE CLEVELAND OH
125 AM EDT THU SEP 25 2014


...................................

...THE CLEVELAND OH CLIMATE SUMMARY FOR SEPTEMBER 24 2014...

CLIMATE NORMAL PERIOD 1981 TO 2010
CLIMATE RECORD PERIOD 1871 TO 2014


WEATHER ITEM   OBSERVED TIME   RECORD YEAR NORMAL DEPARTURE LAST
                VALUE   (LST)  VALUE       VALUE  FROM      YEAR
                                                  NORMAL
..................................................................
TEMPERATURE (F)
 YESTERDAY
  MAXIMUM         75    353 PM  90    2010  71      4       67
  MINIMUM         48    631 AM  36    1995  53     -5       41
                                      1983
                                      1981
  AVERAGE         62                        62      0       54

PRECIPITATION (IN)
  YESTERDAY        0.00                      0.13  -0.13     0.00
  MONTH TO DATE    4.18                      3.06   1.12     1.87
  SINCE SEP 1      4.18                      3.06   1.12     1.87
  SINCE JAN 1     35.29                     28.60   6.69    30.08

SNOWFALL (IN)
  YESTERDAY        0.0                       0.0    0.0      0.0
  MONTH TO DATE    0.0                       0.0    0.0      0.0
  SINCE SEP 1      0.0                       0.0    0.0      0.0
  SINCE JUL 1      0.0                       0.0    0.0      0.0
  SNOW DEPTH       0

DEGREE DAYS
 HEATING
  YESTERDAY        3                         5     -2       11
  MONTH TO DATE   99                        55     44       69
  SINCE SEP 1     99                        55     44       69
  SINCE JUL 1    124                        67     57       76

 COOLING
  YESTERDAY        0                         2     -2        0
  MONTH TO DATE   63                        81    -18       93
  SINCE SEP 1     63                        81    -18       93
  SINCE JAN 1    653                       796   -143      855
..................................................................


WIND (MPH)
  HIGHEST WIND SPEED    15   HIGHEST WIND DIRECTION    SE (120)
  HIGHEST GUST SPEED    17   HIGHEST GUST DIRECTION     S (160)
  AVERAGE WIND SPEED     6.2


SKY COVER
  POSSIBLE SUNSHINE  MM
  AVERAGE SKY COVER 0.1


WEATHER CONDITIONS
 THE FOLLOWING WEATHER WAS RECORDED YESTERDAY.
  FOG


RELATIVE HUMIDITY (PERCENT)
 HIGHEST    93           600 AM
 LOWEST     38           400 PM
 AVERAGE    66

..........................................................


THE CLEVELAND OH CLIMATE NORMALS FOR TODAY
                         NORMAL    RECORD    YEAR
 MAXIMUM TEMPERATURE (F)   70        88      2007
                                             1900
                                             1891
 MINIMUM TEMPERATURE (F)   53        35      1976
                                             1967


SUNRISE AND SUNSET
SEPTEMBER 25 2014.....SUNRISE   718 AM EDT   SUNSET   719 PM EDT
SEPTEMBER 26 2014.....SUNRISE   719 AM EDT   SUNSET   718 PM EDT


-  INDICATES NEGATIVE NUMBERS.
R  INDICATES RECORD WAS SET OR TIED.
MM INDICATES DATA IS MISSING.
T  INDICATES TRACE AMOUNT.




$$
