579
CDUS41 KCLE 182114
CLICLE


CLIMATE REPORT
NATIONAL WEATHER SERVICE CLEVELAND OH
511 PM EDT MON JUL 18 2016


...................................

...THE CLEVELAND OH CLIMATE SUMMARY FOR JULY 18 2016...
VALID TODAY AS OF 0500 PM LOCAL TIME.

CLIMATE NORMAL PERIOD 1981 TO 2010
CLIMATE RECORD PERIOD 1871 TO 2016


WEATHER ITEM   OBSERVED TIME   RECORD YEAR NORMAL DEPARTURE LAST
                VALUE   (LST)  VALUE       VALUE  FROM      YEAR
                                                  NORMAL
..................................................................
TEMPERATURE (F)
 TODAY
  MAXIMUM         86    350 PM  96    1878  83      3       89
  MINIMUM         71    555 AM  51    2014  65      6       72
                                      1971
  AVERAGE         79                        74      5       81

PRECIPITATION (IN)
  TODAY            0.37                      0.12   0.25     0.00
  MONTH TO DATE    1.58                      1.96  -0.38     2.51
  SINCE JUN 1      3.70                      5.39  -1.69    11.03
  SINCE JAN 1     19.63                     20.53  -0.90    24.66

SNOWFALL (IN)
  TODAY            0.0                       0.0    0.0      0.0
  MONTH TO DATE    0.0                       0.0    0.0      0.0
  SINCE JUN 1      0.0                       0.0    0.0      0.0
  SINCE JUL 1      0.0                       0.0    0.0      0.0
  SNOW DEPTH       0

DEGREE DAYS
 HEATING
  TODAY            0                         0      0        0
  MONTH TO DATE    0                         0      0        3
  SINCE JUN 1     13                        42    -29       33
  SINCE JUL 1      0                         0      0        3

 COOLING
  TODAY           14                         9      5       16
  MONTH TO DATE  194                       157     37       84
  SINCE JUN 1    421                       325     96      231
  SINCE JAN 1    502                       384    118      352
..................................................................


WIND (MPH)
  HIGHEST WIND SPEED    25   HIGHEST WIND DIRECTION     W (260)
  HIGHEST GUST SPEED    39   HIGHEST GUST DIRECTION     W (280)


SKY COVER
  POSSIBLE SUNSHINE  MM
  AVERAGE SKY COVER 0.8


WEATHER CONDITIONS
 THE FOLLOWING WEATHER WAS RECORDED TODAY.
  THUNDERSTORM
  HEAVY RAIN
  RAIN
  LIGHT RAIN
  FOG


RELATIVE HUMIDITY (PERCENT)
 HIGHEST    84           800 AM
 LOWEST     55          1200 PM
 AVERAGE    70

..........................................................


THE CLEVELAND OH CLIMATE NORMALS FOR TOMORROW
                         NORMAL    RECORD    YEAR
 MAXIMUM TEMPERATURE (F)   83        95      1930
 MINIMUM TEMPERATURE (F)   65        50      1979


SUNRISE AND SUNSET
JULY 18 2016..........SUNRISE   610 AM EDT   SUNSET   857 PM EDT
JULY 19 2016..........SUNRISE   611 AM EDT   SUNSET   856 PM EDT


-  INDICATES NEGATIVE NUMBERS.
R  INDICATES RECORD WAS SET OR TIED.
MM INDICATES DATA IS MISSING.
T  INDICATES TRACE AMOUNT.




$$
